{"id":16317,"date":"2019-05-31T17:36:49","date_gmt":"2019-05-31T20:36:49","guid":{"rendered":"https:\/\/www.csem.org.br\/?post_type=csem_em_foco&#038;p=16317"},"modified":"2023-07-21T16:22:33","modified_gmt":"2023-07-21T19:22:33","slug":"olhares-psicossociais-sobre-migrantes-e-refugiados","status":"publish","type":"csem_em_foco","link":"https:\/\/www.csem.org.br\/pt_br\/csem_em_foco\/olhares-psicossociais-sobre-migrantes-e-refugiados\/","title":{"rendered":"&#8220;Olhares psicossociais sobre migrantes e refugiados&#8221;"},"content":{"rendered":"<p>O n\u00famero 55 da Revista Interdisciplinar da Mobilidade Humana (REMHU) apresenta o dossi\u00ea &#8220;Olhares psicossociais sobre migrantes e refugiados&#8221;. Em seu editorial &#8220;N\u00e3o s\u00e3o apenas n\u00fameros&#8221;, Roberto Marinucci, Vice-Diretor do CSEM e Editor-Chefe da revista, refor\u00e7a a import\u00e2ncia da dimens\u00e3o humana nas din\u00e2micas migrat\u00f3rias, que n\u00e3o podem ser reduzidas apenas a dados estat\u00edsticos ou abstratas categorias coletivas.<\/p>\n<p>Para Marinucci, o enfoque psicossocial enxerga o\/a migrante em sua subjetividade. &#8220;O olhar psicossocial mira as continuidades e, ao mesmo tempo, as especificidades da trajet\u00f3ria de cada ser humano em mobilidade. Elucida como seres pertencentes \u00e0 \u00fanica humanidade podem trilhar caminhos geogr\u00e1ficos e existenciais t\u00e3o divergentes e diversificados. Caminhos subjetivos de rupturas e reconstru\u00e7\u00f5es, de fracassos e conquistas.&#8221;<\/p>\n<p>Os v\u00e1rios artigos que comp\u00f5em o dossi\u00ea tamb\u00e9m elucidam desafios relacionados \u00e0 sa\u00fade mental dos(as) migrantes, que muitas vezes passam por uma reconfigura\u00e7\u00e3o identit\u00e1ria em decorr\u00eancia de dif\u00edceis experi\u00eancias vivenciadas nos pa\u00edses de origem, travessia e chegada. Al\u00e9m disso, o dossi\u00ea atenta tamb\u00e9m para n\u00e3o patologizar a experi\u00eancia migrat\u00f3ria.<\/p>\n<p>Pensando nisso, os artigos da REMHU apontam poss\u00edveis pistas para oferecer aux\u00edlio sem interferir nos tempos e espa\u00e7os da reconstru\u00e7\u00e3o interior dos sujeitos envolvidos, apontando pr\u00e1ticas de acolhimento e escuta, bem como pol\u00edticas sociais de inclus\u00e3o.<\/p>\n<p>Acesse a revista na \u00edntegra clicando <a href=\"https:\/\/www.csem.org.br\/revista_remhu\/remhu-54-migracoes-na-africa-sujeito-impactos-e-desafios-dezembro-2018\/\" target=\"_blank\" rel=\"noopener noreferrer\">aqui<\/a>.<\/p>\n","protected":false},"featured_media":0,"parent":0,"template":"","categories":[44],"class_list":["post-16317","csem_em_foco","type-csem_em_foco","status-publish","hentry","category-44"],"acf":[],"_links":{"self":[{"href":"https:\/\/www.csem.org.br\/pt_br\/wp-json\/wp\/v2\/csem_em_foco\/16317","targetHints":{"allow":["GET"]}}],"collection":[{"href":"https:\/\/www.csem.org.br\/pt_br\/wp-json\/wp\/v2\/csem_em_foco"}],"about":[{"href":"https:\/\/www.csem.org.br\/pt_br\/wp-json\/wp\/v2\/types\/csem_em_foco"}],"wp:attachment":[{"href":"https:\/\/www.csem.org.br\/pt_br\/wp-json\/wp\/v2\/media?parent=16317"}],"wp:term":[{"taxonomy":"category","embeddable":true,"href":"https:\/\/www.csem.org.br\/pt_br\/wp-json\/wp\/v2\/categories?post=16317"}],"curies":[{"name":"wp","href":"https:\/\/api.w.org\/{rel}","templated":true}]}}

<p>O número 55 da Revista Interdisciplinar da Mobilidade Humana (REMHU) apresenta o dossiê &#8220;Olhares psicossociais sobre migrantes e refugiados&#8221;. Em seu editorial &#8220;Não são apenas números&#8221;, Roberto Marinucci, Vice-Diretor do CSEM e Editor-Chefe da revista, reforça a importância da dimensão humana nas dinâmicas migratórias, que não podem ser reduzidas apenas a dados estatísticos ou abstratas categorias coletivas.</p>
<p>Para Marinucci, o enfoque psicossocial enxerga o/a migrante em sua subjetividade. &#8220;O olhar psicossocial mira as continuidades e, ao mesmo tempo, as especificidades da trajetória de cada ser humano em mobilidade. Elucida como seres pertencentes à única humanidade podem trilhar caminhos geográficos e existenciais tão divergentes e diversificados. Caminhos subjetivos de rupturas e reconstruções, de fracassos e conquistas.&#8221;</p>
<p>Os vários artigos que compõem o dossiê também elucidam desafios relacionados à saúde mental dos(as) migrantes, que muitas vezes passam por uma reconfiguração identitária em decorrência de difíceis experiências vivenciadas nos países de origem, travessia e chegada. Além disso, o dossiê atenta também para não patologizar a experiência migratória.</p>
<p>Pensando nisso, os artigos da REMHU apontam possíveis pistas para oferecer auxílio sem interferir nos tempos e espaços da reconstrução interior dos sujeitos envolvidos, apontando práticas de acolhimento e escuta, bem como políticas sociais de inclusão.</p>
<p>Acesse a revista na íntegra clicando <a href="https://www.csem.org.br/revista_remhu/remhu-54-migracoes-na-africa-sujeito-impactos-e-desafios-dezembro-2018/" target="_blank" rel="noopener noreferrer">aqui</a>.</p>
