{"id":14361,"date":"2017-11-16T11:42:40","date_gmt":"2017-11-16T13:42:40","guid":{"rendered":"https:\/\/www.csem.org.br\/?post_type=csem_em_foco&#038;p=14361"},"modified":"2023-07-21T16:24:22","modified_gmt":"2023-07-21T19:24:22","slug":"participacao-do-csem-no-encontro-mujer-incidencia-y-ods","status":"publish","type":"csem_em_foco","link":"https:\/\/www.csem.org.br\/pt_br\/csem_em_foco\/participacao-do-csem-no-encontro-mujer-incidencia-y-ods\/","title":{"rendered":"Participa\u00e7\u00e3o do CSEM no encontro &#8220;Mujer, Incidencia y ODS&#8221;"},"content":{"rendered":"<p style=\"text-align: justify;\">Nos dias 06 a 09 de novembro de 2017 aconteceu na Cidade do Panam\u00e1 o encontro internacional Mujer, Incidencia y ODS, organizado pela Secretaria de C\u00e1ritas Am\u00e9rica Latina e Caribe (SELACC) e pelo Departamento de Justi\u00e7a e Solidariedade (DEJUSOL) do CELAM (Consejo Episcopal Latinoamericano).<\/p>\n<p style=\"text-align: justify;\"><img fetchpriority=\"high\" decoding=\"async\" class=\"alignleft size-400 wp-image-14362\" src=\"https:\/\/www.csem.org.br\/wp-content\/uploads\/2018\/08\/mulheres-400x267.jpg\" alt=\"\" width=\"400\" height=\"267\" title=\"\"><\/p>\n<p style=\"text-align: justify;\">\n<p style=\"text-align: justify;\">\n<p style=\"text-align: justify;\">\n<p style=\"text-align: justify;\">\n<p style=\"text-align: justify;\">\n<p style=\"text-align: justify;\">\n<p style=\"text-align: justify;\">\n<p style=\"text-align: justify;\">\n<p style=\"text-align: justify;\"><sup>Foto:\u00a0<a href=\"http:\/\/caritas.org.br\/caritas-america-latina-e-caribe-realiza-encontro-com-enfase-no-protagonismo-das-mulheres\/37639\" target=\"_blank\" rel=\"noopener\">C\u00e1ritas<\/a><\/sup><\/p>\n<p style=\"text-align: justify;\">Carmem Lussi, assessora do CSEM, contribuiu com a fundamenta\u00e7\u00e3o teologico-biblica sobre o tema do evento, apresentando \u00edcones b\u00edblicas de refer\u00eancia para aprofundar a transversalidade da abordagem de g\u00eanero e a incid\u00eancia no compromisso e nas atividades para alcan\u00e7ar os Objetivos do Desenvolvimento Sustentabilidade (ODS) para 2030.<\/p>\n","protected":false},"featured_media":0,"parent":0,"template":"","categories":[42],"class_list":["post-14361","csem_em_foco","type-csem_em_foco","status-publish","hentry","category-42"],"acf":[],"_links":{"self":[{"href":"https:\/\/www.csem.org.br\/pt_br\/wp-json\/wp\/v2\/csem_em_foco\/14361","targetHints":{"allow":["GET"]}}],"collection":[{"href":"https:\/\/www.csem.org.br\/pt_br\/wp-json\/wp\/v2\/csem_em_foco"}],"about":[{"href":"https:\/\/www.csem.org.br\/pt_br\/wp-json\/wp\/v2\/types\/csem_em_foco"}],"wp:attachment":[{"href":"https:\/\/www.csem.org.br\/pt_br\/wp-json\/wp\/v2\/media?parent=14361"}],"wp:term":[{"taxonomy":"category","embeddable":true,"href":"https:\/\/www.csem.org.br\/pt_br\/wp-json\/wp\/v2\/categories?post=14361"}],"curies":[{"name":"wp","href":"https:\/\/api.w.org\/{rel}","templated":true}]}}

Participação do CSEM no encontro &#8220;Mujer, Incidencia y ODS&#8221;

<p style="text-align: justify;">Nos dias 06 a 09 de novembro de 2017 aconteceu na Cidade do Panamá o encontro internacional Mujer, Incidencia y ODS, organizado pela Secretaria de Cáritas América Latina e Caribe (SELACC) e pelo Departamento de Justiça e Solidariedade (DEJUSOL) do CELAM (Consejo Episcopal Latinoamericano).</p>
<p style="text-align: justify;"><img fetchpriority="high" decoding="async" class="alignleft size-400 wp-image-14362" src="https://www.csem.org.br/wp-content/uploads/2018/08/mulheres-400x267.jpg" alt="" width="400" height="267" title=""></p>
<p style="text-align: justify;">
<p style="text-align: justify;">
<p style="text-align: justify;">
<p style="text-align: justify;">
<p style="text-align: justify;">
<p style="text-align: justify;">
<p style="text-align: justify;">
<p style="text-align: justify;">
<p style="text-align: justify;"><sup>Foto: <a href="http://caritas.org.br/caritas-america-latina-e-caribe-realiza-encontro-com-enfase-no-protagonismo-das-mulheres/37639" target="_blank" rel="noopener">Cáritas</a></sup></p>
<p style="text-align: justify;">Carmem Lussi, assessora do CSEM, contribuiu com a fundamentação teologico-biblica sobre o tema do evento, apresentando ícones bíblicas de referência para aprofundar a transversalidade da abordagem de gênero e a incidência no compromisso e nas atividades para alcançar os Objetivos do Desenvolvimento Sustentabilidade (ODS) para 2030.</p>
