{"id":14288,"date":"2015-11-27T09:46:22","date_gmt":"2015-11-27T11:46:22","guid":{"rendered":"https:\/\/www.csem.org.br\/?post_type=csem_em_foco&#038;p=14288"},"modified":"2023-07-21T16:25:33","modified_gmt":"2023-07-21T19:25:33","slug":"hataraku-mao-sama-2","status":"publish","type":"csem_em_foco","link":"https:\/\/www.csem.org.br\/pt_br\/csem_em_foco\/hataraku-mao-sama-2\/","title":{"rendered":"Evento marca lan\u00e7amento do livro na UnB"},"content":{"rendered":"<p>No dia 26 de novembro, na Universidade de Bras\u00edlia, aconteceu o lan\u00e7amento do livro Pol\u00edtica migrat\u00f3ria e o paradoxo da globaliza\u00e7\u00e3o. O evento integrou a programa\u00e7\u00e3o do Di\u00e1logos do Observat\u00f3rio e contou com a ilustre presen\u00e7a do Prof. Dr. Roque Laraia, que proferiu uma palestra sobre o tema &#8220;migra\u00e7\u00e3o e cultura&#8221;.<\/p>\n<p><img fetchpriority=\"high\" decoding=\"async\" class=\"alignleft size-600 wp-image-14289\" src=\"https:\/\/www.csem.org.br\/wp-content\/uploads\/2018\/08\/20151126_163552e-600x416.jpg\" alt=\"\" width=\"600\" height=\"416\" title=\"\">Particiaparam tamb\u00e9m o Prof. Dr. Leonardo Cavalcanti (OBMigra\/CEPPAC\/UnB) e as organizadoras da obra, a Prof. Dra. Ana Maria Nogales Vasconcelos (PPG-DSCI\/CEAM\/UnB) e a Ms. Tu\u00edla Botega (CSEM\/OBMigra). Al\u00e9m disso, estiveram presentes autores dos cap\u00edtulos, alunos, pesquisadores e interessados na tem\u00e1tica migrat\u00f3ria.<\/p>\n<p>&nbsp;<\/p>\n<p>&nbsp;<\/p>\n<p>&nbsp;<\/p>\n<p>&nbsp;<\/p>\n<p>&nbsp;<\/p>\n<p>&nbsp;<\/p>\n<p>&nbsp;<\/p>\n<p>&nbsp;<\/p>\n<p>&nbsp;<\/p>\n<p><img decoding=\"async\" class=\"alignleft size-600 wp-image-14290\" src=\"https:\/\/www.csem.org.br\/wp-content\/uploads\/2018\/08\/20151126_151725-600x450.jpg\" alt=\"\" width=\"600\" height=\"450\" title=\"\">Confira o \u00edndice e demais informa\u00e7\u00f5es sobre o livro em:\u00a0<a href=\"https:\/\/www.csem.org.br\/index.php\/csem-em-foco\/3781-politica-migratoria-e-o-paradoxo-da-globalizacao\">https:\/\/www.csem.org.br\/index.php\/csem-em-foco\/3781-politica-migratoria-e-o-paradoxo-da-globalizacao<\/a>\u00a0.<\/p>\n<p>Para adquirir o livro, entrar em contato:\u00a0<a href=\"mailto:csem@csem.org.br\">csem@csem.org.br<\/a><\/p>\n<p>&nbsp;<\/p>\n<p>&nbsp;<\/p>\n<p>&nbsp;<\/p>\n<p>&nbsp;<\/p>\n<p>&nbsp;<\/p>\n<p>&nbsp;<\/p>\n<p>&nbsp;<\/p>\n<p>&nbsp;<\/p>\n<p>&nbsp;<\/p>\n<p><img decoding=\"async\" class=\"alignleft size-600 wp-image-14291\" src=\"https:\/\/www.csem.org.br\/wp-content\/uploads\/2018\/08\/20151126_174946-600x450.jpg\" alt=\"\" width=\"600\" height=\"450\" title=\"\"><\/p>\n","protected":false},"featured_media":0,"parent":0,"template":"","categories":[40],"class_list":["post-14288","csem_em_foco","type-csem_em_foco","status-publish","hentry","category-40"],"acf":[],"_links":{"self":[{"href":"https:\/\/www.csem.org.br\/pt_br\/wp-json\/wp\/v2\/csem_em_foco\/14288","targetHints":{"allow":["GET"]}}],"collection":[{"href":"https:\/\/www.csem.org.br\/pt_br\/wp-json\/wp\/v2\/csem_em_foco"}],"about":[{"href":"https:\/\/www.csem.org.br\/pt_br\/wp-json\/wp\/v2\/types\/csem_em_foco"}],"wp:attachment":[{"href":"https:\/\/www.csem.org.br\/pt_br\/wp-json\/wp\/v2\/media?parent=14288"}],"wp:term":[{"taxonomy":"category","embeddable":true,"href":"https:\/\/www.csem.org.br\/pt_br\/wp-json\/wp\/v2\/categories?post=14288"}],"curies":[{"name":"wp","href":"https:\/\/api.w.org\/{rel}","templated":true}]}}

Evento marca lançamento do livro na UnB

<p>No dia 26 de novembro, na Universidade de Brasília, aconteceu o lançamento do livro Política migratória e o paradoxo da globalização. O evento integrou a programação do Diálogos do Observatório e contou com a ilustre presença do Prof. Dr. Roque Laraia, que proferiu uma palestra sobre o tema &#8220;migração e cultura&#8221;.</p>
<p><img fetchpriority="high" decoding="async" class="alignleft size-600 wp-image-14289" src="https://www.csem.org.br/wp-content/uploads/2018/08/20151126_163552e-600x416.jpg" alt="" width="600" height="416" title="">Particiaparam também o Prof. Dr. Leonardo Cavalcanti (OBMigra/CEPPAC/UnB) e as organizadoras da obra, a Prof. Dra. Ana Maria Nogales Vasconcelos (PPG-DSCI/CEAM/UnB) e a Ms. Tuíla Botega (CSEM/OBMigra). Além disso, estiveram presentes autores dos capítulos, alunos, pesquisadores e interessados na temática migratória.</p>
<p>&nbsp;</p>
<p>&nbsp;</p>
<p>&nbsp;</p>
<p>&nbsp;</p>
<p>&nbsp;</p>
<p>&nbsp;</p>
<p>&nbsp;</p>
<p>&nbsp;</p>
<p>&nbsp;</p>
<p><img decoding="async" class="alignleft size-600 wp-image-14290" src="https://www.csem.org.br/wp-content/uploads/2018/08/20151126_151725-600x450.jpg" alt="" width="600" height="450" title="">Confira o índice e demais informações sobre o livro em: <a href="https://www.csem.org.br/index.php/csem-em-foco/3781-politica-migratoria-e-o-paradoxo-da-globalizacao">https://www.csem.org.br/index.php/csem-em-foco/3781-politica-migratoria-e-o-paradoxo-da-globalizacao</a> .</p>
<p>Para adquirir o livro, entrar em contato: <a href="mailto:csem@csem.org.br">csem@csem.org.br</a></p>
<p>&nbsp;</p>
<p>&nbsp;</p>
<p>&nbsp;</p>
<p>&nbsp;</p>
<p>&nbsp;</p>
<p>&nbsp;</p>
<p>&nbsp;</p>
<p>&nbsp;</p>
<p>&nbsp;</p>
<p><img decoding="async" class="alignleft size-600 wp-image-14291" src="https://www.csem.org.br/wp-content/uploads/2018/08/20151126_174946-600x450.jpg" alt="" width="600" height="450" title=""></p>
