{"id":14258,"date":"2015-05-22T15:13:42","date_gmt":"2015-05-22T18:13:42","guid":{"rendered":"https:\/\/www.csem.org.br\/?post_type=csem_em_foco&#038;p=14258"},"modified":"2023-07-21T16:25:51","modified_gmt":"2023-07-21T19:25:51","slug":"lancamento-de-documentario-na-ucb","status":"publish","type":"csem_em_foco","link":"https:\/\/www.csem.org.br\/pt_br\/csem_em_foco\/lancamento-de-documentario-na-ucb\/","title":{"rendered":"Lan\u00e7amento de document\u00e1rio na UCB"},"content":{"rendered":"<p>O Centro Scalabriniano de Estudos Migrat\u00f3rios \u2013 CSEM participou como apoiador no evento de lan\u00e7amento do document\u00e1rio: \u201cTr\u00e1fico Humano: Desperte para essa realidade\u201d, realizado dia 15 de maio de 2015 na Universidade Cat\u00f3lica de Bras\u00edlia.<\/p>\n<p>A mesa de abertura contou com a participa\u00e7\u00e3o do Secret\u00e1rio de Justi\u00e7a e Cidadania, Dr. Jo\u00e3o Carlos Souto; do Diretor da UCB, Diaulas Costa Ribeiro; da Subsecret\u00e1ria Dra. Joana d\u00b4Arc Barbosa Mello; da Coordenadora Nacional de Enfrentamento ao Tr\u00e1fico de Pessoas do Minist\u00e9rio da Justi\u00e7a, Helo\u00edsa Greco; do Secret\u00e1rio Executivo do Projeto Resgate\/GO, Marco Aur\u00e9lio; da Professora da UCB, Jane Almeida e do pesquisador do CSEM, Roberto Marinucci.<\/p>\n<p><img fetchpriority=\"high\" decoding=\"async\" class=\"alignleft size-600 wp-image-14259\" src=\"https:\/\/www.csem.org.br\/wp-content\/uploads\/2018\/08\/ROB_2718-600x400.jpg\" alt=\"\" width=\"600\" height=\"400\" title=\"\"><\/p>\n<p>&nbsp;<\/p>\n<p>&nbsp;<\/p>\n<p>&nbsp;<\/p>\n<p>&nbsp;<\/p>\n<p>&nbsp;<\/p>\n<p>&nbsp;<\/p>\n<p>&nbsp;<\/p>\n<p>&nbsp;<\/p>\n<p>&nbsp;<\/p>\n<p>&nbsp;<\/p>\n<p>&nbsp;<\/p>\n<p>Ap\u00f3s a mesa de abertura, houve a exibi\u00e7\u00e3o do Document\u00e1rio e os coment\u00e1rios dos graduados em Direito e autores do trabalho, La\u00eds Rocha e Jeferson Bandeira. Participaram do evento cerca de 150 pessoas.<\/p>\n<p>&nbsp;<\/p>\n<p><img decoding=\"async\" class=\"alignleft size-600 wp-image-14260\" src=\"https:\/\/www.csem.org.br\/wp-content\/uploads\/2018\/08\/ROB_2776-600x400.jpg\" alt=\"\" width=\"600\" height=\"400\" title=\"\">O Tr\u00e1fico de Pessoas para fim de explora\u00e7\u00e3o sexual e trabalho escravo \u00e9 um dos crimes mais hediondos da atualidade. Milh\u00f5es de pessoas s\u00e3o aliciadas, traficadas e exploradas por grupos criminosos. Os migrantes, sobretudo quando devem recorrer ao aux\u00edlio de atravessadores, podem ser involuntariamente envolvidos nas redes do tr\u00e1fico. Al\u00e9m disso, a situa\u00e7\u00e3o migrat\u00f3ria irregular torna o migrante mais vulner\u00e1vel ao tr\u00e1fico de pessoas, sendo constantemente amea\u00e7ado de deporta\u00e7\u00e3o e impossibilitado de reivindicar os pr\u00f3prios direitos.<\/p>\n<p>Tendo em vista a urg\u00eancia e dramaticidade do fen\u00f4meno, o CSEM parabeniza os autores e ap\u00f3ia a divulga\u00e7\u00e3o e dissemina\u00e7\u00e3o do Document\u00e1rio \u201cTr\u00e1fico Humano: Desperte para essa realidade\u201d, uma vez que traz importantes reflex\u00f5es e preciosos testemunhos, contribuindo para uma maior visibilidade do tema.<\/p>\n<p>O document\u00e1rio poder ser acessado atrav\u00e9s do link:\u00a0<a href=\"https:\/\/www.youtube.com\/watch?v=vxWTUNvhDK8\" target=\"_blank\" rel=\"noopener\">https:\/\/www.youtube<\/a><\/p>\n","protected":false},"featured_media":0,"parent":0,"template":"","categories":[40],"class_list":["post-14258","csem_em_foco","type-csem_em_foco","status-publish","hentry","category-40"],"acf":[],"_links":{"self":[{"href":"https:\/\/www.csem.org.br\/pt_br\/wp-json\/wp\/v2\/csem_em_foco\/14258","targetHints":{"allow":["GET"]}}],"collection":[{"href":"https:\/\/www.csem.org.br\/pt_br\/wp-json\/wp\/v2\/csem_em_foco"}],"about":[{"href":"https:\/\/www.csem.org.br\/pt_br\/wp-json\/wp\/v2\/types\/csem_em_foco"}],"wp:attachment":[{"href":"https:\/\/www.csem.org.br\/pt_br\/wp-json\/wp\/v2\/media?parent=14258"}],"wp:term":[{"taxonomy":"category","embeddable":true,"href":"https:\/\/www.csem.org.br\/pt_br\/wp-json\/wp\/v2\/categories?post=14258"}],"curies":[{"name":"wp","href":"https:\/\/api.w.org\/{rel}","templated":true}]}}

Lançamento de documentário na UCB

<p>O Centro Scalabriniano de Estudos Migratórios – CSEM participou como apoiador no evento de lançamento do documentário: “Tráfico Humano: Desperte para essa realidade”, realizado dia 15 de maio de 2015 na Universidade Católica de Brasília.</p>
<p>A mesa de abertura contou com a participação do Secretário de Justiça e Cidadania, Dr. João Carlos Souto; do Diretor da UCB, Diaulas Costa Ribeiro; da Subsecretária Dra. Joana d´Arc Barbosa Mello; da Coordenadora Nacional de Enfrentamento ao Tráfico de Pessoas do Ministério da Justiça, Heloísa Greco; do Secretário Executivo do Projeto Resgate/GO, Marco Aurélio; da Professora da UCB, Jane Almeida e do pesquisador do CSEM, Roberto Marinucci.</p>
<p><img fetchpriority="high" decoding="async" class="alignleft size-600 wp-image-14259" src="https://www.csem.org.br/wp-content/uploads/2018/08/ROB_2718-600x400.jpg" alt="" width="600" height="400" title=""></p>
<p>&nbsp;</p>
<p>&nbsp;</p>
<p>&nbsp;</p>
<p>&nbsp;</p>
<p>&nbsp;</p>
<p>&nbsp;</p>
<p>&nbsp;</p>
<p>&nbsp;</p>
<p>&nbsp;</p>
<p>&nbsp;</p>
<p>&nbsp;</p>
<p>Após a mesa de abertura, houve a exibição do Documentário e os comentários dos graduados em Direito e autores do trabalho, Laís Rocha e Jeferson Bandeira. Participaram do evento cerca de 150 pessoas.</p>
<p>&nbsp;</p>
<p><img decoding="async" class="alignleft size-600 wp-image-14260" src="https://www.csem.org.br/wp-content/uploads/2018/08/ROB_2776-600x400.jpg" alt="" width="600" height="400" title="">O Tráfico de Pessoas para fim de exploração sexual e trabalho escravo é um dos crimes mais hediondos da atualidade. Milhões de pessoas são aliciadas, traficadas e exploradas por grupos criminosos. Os migrantes, sobretudo quando devem recorrer ao auxílio de atravessadores, podem ser involuntariamente envolvidos nas redes do tráfico. Além disso, a situação migratória irregular torna o migrante mais vulnerável ao tráfico de pessoas, sendo constantemente ameaçado de deportação e impossibilitado de reivindicar os próprios direitos.</p>
<p>Tendo em vista a urgência e dramaticidade do fenômeno, o CSEM parabeniza os autores e apóia a divulgação e disseminação do Documentário “Tráfico Humano: Desperte para essa realidade”, uma vez que traz importantes reflexões e preciosos testemunhos, contribuindo para uma maior visibilidade do tema.</p>
<p>O documentário poder ser acessado através do link: <a href="https://www.youtube.com/watch?v=vxWTUNvhDK8" target="_blank" rel="noopener">https://www.youtube</a></p>
