{"id":14203,"date":"2014-01-08T11:56:36","date_gmt":"2014-01-08T13:56:36","guid":{"rendered":"https:\/\/www.csem.org.br\/?post_type=csem_em_foco&#038;p=14203"},"modified":"2023-07-21T16:26:30","modified_gmt":"2023-07-21T19:26:30","slug":"oficina-de-mobilizacao-do-df-em-preparacao-a-comigrar","status":"publish","type":"csem_em_foco","link":"https:\/\/www.csem.org.br\/pt_br\/csem_em_foco\/oficina-de-mobilizacao-do-df-em-preparacao-a-comigrar\/","title":{"rendered":"Oficina de Mobiliza\u00e7\u00e3o do DF em prepara\u00e7\u00e3o \u00e0 COMIGRAR"},"content":{"rendered":"<p><em>Entidades se articulam para realiza\u00e7\u00e3o da Oficina de Mobiliza\u00e7\u00e3o do Distrito Federal em prepara\u00e7\u00e3o \u00e0 Confer\u00eancia COMIGRAR.<\/em><\/p>\n<p>Aconteceu hoje (08\/01\/14), na sede do CSEM, a reuni\u00e3o com a equipe organizadora da Oficina de Mobiliza\u00e7\u00e3o do Distrito Federal em prepara\u00e7\u00e3o \u00e0 Confer\u00eancia COMIGRAR. Junto ao CSEM estavam outras entidades que se articulam para realiza\u00e7\u00e3o da Oficina, s\u00e3o elas: a Comiss\u00e3o Justi\u00e7a e Paz da Arquidiocese de Bras\u00edlia \u2013 CJP; a Ordem dos Advogados do Brasil &#8211; OAB\/DF; o Instituto Migra\u00e7\u00f5es e Direitos Humanos \u2013 IMDH; a Pastoral dos Migrantes da Arquidiocese de Bras\u00edlia; a Secretaria de Estado de Desenvolvimento Social e Transfer\u00eancia de Renda \u2013 SEDEST e a Secretaria de Justi\u00e7a, Direitos Humanos e Cidadania do Distrito Federal \u2013 SEJUS, ambas do Governo do Distrito Federal.<\/p>\n<p>Al\u00e9m das institui\u00e7\u00f5es organizadoras, estiveram presentes Jana Macedo (DEST\/MJ) e Of\u00e9lia Ferreira (Organizadora da I COMIGRAR), as quais orientaram o debate e a reflex\u00e3o metodol\u00f3gica acerca do processo.<\/p>\n<p><img fetchpriority=\"high\" decoding=\"async\" class=\"alignleft size-600 wp-image-14204\" src=\"https:\/\/www.csem.org.br\/wp-content\/uploads\/2018\/08\/IMG_0034-600x450.jpg\" alt=\"\" width=\"600\" height=\"450\" title=\"\">De comum acordo, ficou estabelecido que a oficina acontecer\u00e1 no dia 16 de Janeiro, no per\u00edodo de 9h30 \u00e0s 16h, na Casa de Retiros Assun\u00e7\u00e3o, localizada na quadra 611 da Asa Norte\/Bras\u00edlia-DF. Para maiores informa\u00e7\u00f5es sobre formas de participa\u00e7\u00e3o, entrar em contato pelo email\u00a0<a href=\"mailto:estudos2@csem.org.br\">estudos2@csem.org.br<\/a>\u00a0.<\/p>\n<p>Esta articula\u00e7\u00e3o tem por objetivo mobilizar o debate sobre migra\u00e7\u00e3o e ref\u00fagio no DF e elaborar propostas e diretrizes para subsidiar as pol\u00edticas p\u00fablicas nacionais em benef\u00edcio da popula\u00e7\u00e3o migrante. A Oficina de Mobiliza\u00e7\u00e3o consiste, em sua primeira etapa, no engajamento de entidades interessadas, a fim de gerar processos participativos e organizativos, em n\u00edvel de Bras\u00edlia\/DF, tendo em vista a I Confer\u00eancia Nacional sobre Migra\u00e7\u00f5es e Ref\u00fagio \u2013 COMIGRAR, que acontecer\u00e1 em maio de 2014, em S\u00e3o Paulo.<\/p>\n","protected":false},"featured_media":14156,"parent":0,"template":"","categories":[39],"class_list":["post-14203","csem_em_foco","type-csem_em_foco","status-publish","has-post-thumbnail","hentry","category-39"],"acf":[],"_links":{"self":[{"href":"https:\/\/www.csem.org.br\/pt_br\/wp-json\/wp\/v2\/csem_em_foco\/14203","targetHints":{"allow":["GET"]}}],"collection":[{"href":"https:\/\/www.csem.org.br\/pt_br\/wp-json\/wp\/v2\/csem_em_foco"}],"about":[{"href":"https:\/\/www.csem.org.br\/pt_br\/wp-json\/wp\/v2\/types\/csem_em_foco"}],"wp:featuredmedia":[{"embeddable":true,"href":"https:\/\/www.csem.org.br\/pt_br\/wp-json\/wp\/v2\/media\/14156"}],"wp:attachment":[{"href":"https:\/\/www.csem.org.br\/pt_br\/wp-json\/wp\/v2\/media?parent=14203"}],"wp:term":[{"taxonomy":"category","embeddable":true,"href":"https:\/\/www.csem.org.br\/pt_br\/wp-json\/wp\/v2\/categories?post=14203"}],"curies":[{"name":"wp","href":"https:\/\/api.w.org\/{rel}","templated":true}]}}

Oficina de Mobilização do DF em preparação à COMIGRAR

<p><em>Entidades se articulam para realização da Oficina de Mobilização do Distrito Federal em preparação à Conferência COMIGRAR.</em></p>
<p>Aconteceu hoje (08/01/14), na sede do CSEM, a reunião com a equipe organizadora da Oficina de Mobilização do Distrito Federal em preparação à Conferência COMIGRAR. Junto ao CSEM estavam outras entidades que se articulam para realização da Oficina, são elas: a Comissão Justiça e Paz da Arquidiocese de Brasília – CJP; a Ordem dos Advogados do Brasil &#8211; OAB/DF; o Instituto Migrações e Direitos Humanos – IMDH; a Pastoral dos Migrantes da Arquidiocese de Brasília; a Secretaria de Estado de Desenvolvimento Social e Transferência de Renda – SEDEST e a Secretaria de Justiça, Direitos Humanos e Cidadania do Distrito Federal – SEJUS, ambas do Governo do Distrito Federal.</p>
<p>Além das instituições organizadoras, estiveram presentes Jana Macedo (DEST/MJ) e Ofélia Ferreira (Organizadora da I COMIGRAR), as quais orientaram o debate e a reflexão metodológica acerca do processo.</p>
<p><img fetchpriority="high" decoding="async" class="alignleft size-600 wp-image-14204" src="https://www.csem.org.br/wp-content/uploads/2018/08/IMG_0034-600x450.jpg" alt="" width="600" height="450" title="">De comum acordo, ficou estabelecido que a oficina acontecerá no dia 16 de Janeiro, no período de 9h30 às 16h, na Casa de Retiros Assunção, localizada na quadra 611 da Asa Norte/Brasília-DF. Para maiores informações sobre formas de participação, entrar em contato pelo email <a href="mailto:estudos2@csem.org.br">estudos2@csem.org.br</a> .</p>
<p>Esta articulação tem por objetivo mobilizar o debate sobre migração e refúgio no DF e elaborar propostas e diretrizes para subsidiar as políticas públicas nacionais em benefício da população migrante. A Oficina de Mobilização consiste, em sua primeira etapa, no engajamento de entidades interessadas, a fim de gerar processos participativos e organizativos, em nível de Brasília/DF, tendo em vista a I Conferência Nacional sobre Migrações e Refúgio – COMIGRAR, que acontecerá em maio de 2014, em São Paulo.</p>
