{"id":26274,"date":"2025-11-28T09:18:45","date_gmt":"2025-11-28T12:18:45","guid":{"rendered":"https:\/\/www.csem.org.br\/?post_type=csem_em_foco&#038;p=26274"},"modified":"2025-11-28T09:20:33","modified_gmt":"2025-11-28T12:20:33","slug":"csem-apresenta-pesquisa-sobre-migrantes-retornadas-com-deficiencia-na-universidade-de-brasilia","status":"publish","type":"csem_em_foco","link":"https:\/\/www.csem.org.br\/it\/csem_em_foco\/csem-apresenta-pesquisa-sobre-migrantes-retornadas-com-deficiencia-na-universidade-de-brasilia\/","title":{"rendered":"Il CSEM presenta all'Universit\u00e0 di Brasilia una ricerca sui migranti rimpatriati con disabilit\u00e0"},"content":{"rendered":"<p>Il 18 e 19 novembre 2025 si \u00e8 tenuto il 4\u00b0 seminario del <a href=\"https:\/\/www.instagram.com\/laboratoriomobile\/\" target=\"_blank\" rel=\"noopener\">Mobile (Laboratorio di Etnografia delle Circolazione e Dinamiche Migratorie)<\/a>, Il progetto, coordinato dalla prof.ssa Andr\u00e9a Lobo del Dipartimento di Antropologia dell'Universit\u00e0 di Brasilia, si intitola \u201cEtnografie attraversate da mobilit\u00e0, localit\u00e0 e marcatori sociali di dominio\u201d.<\/p>\n\n\n\n<p>La due giorni ha riunito presentazioni sulla mobilit\u00e0 umana, la razza, il genere, la cura, la maternit\u00e0 e ha visto anche la partecipazione delle ricercatrici del CSEM Barbara Marciano e Tuila Botega, con il loro lavoro \u201cEn un abrir y cerrar de ojos, todo se ve truncado! La costruzione sociale degli \u2018incidenti\u2019 nel contesto migratorio Honduras-Stati Uniti\u2018.&nbsp;<\/p>\n\n\n\n<p>I dati presentati fanno parte del <a href=\"https:\/\/www.csem.org.br\/it\/pesquisas-e-projetos\/\" target=\"_blank\" rel=\"noreferrer noopener\">ricerca \u201cSalute mentale e donne migranti che ritornano con disabilit\u00e0 e donne che si occupano di migranti che ritornano con disabilit\u00e0\u201d<\/a> una partnership tra il Centro Scalabriniano di Studi sulle Migrazioni, la Pastoral de Movilidad Humana e la Comisi\u00f3n Nacional de Apoyo a los Migrantes Retornados con Discapacidad F\u00edsica (CONAMIREDIS), che operano in Honduras per assistere i migranti rimpatriati con disabilit\u00e0 a seguito di \u201cincidenti\u201d sulla rotta migratoria verso gli Stati Uniti.\u00a0<\/p>\n\n\n\n<p>Nel corso della presentazione e del dibattito, i commenti hanno evidenziato l'approccio di ricerca del CSEM sul N\u00facleo Duro alla migrazione, che non si limita a considerare l\u201c\u201dincidente\u201c come una conseguenza delle politiche migratorie restrittive che limitano e criminalizzano la mobilit\u00e0, ma comprende anche che esiste una costruzione sociale dei rischi. Inoltre, la proposta analitica del CSEM si concentra sulla comprensione del modo in cui queste donne affrontano le rotture causate dall'incidente sulla rotta migratoria e il conseguente \u201dfallimento\" del progetto migratorio, e di come, a partire da questo, ricostruiscono le loro vite, le loro soggettivit\u00e0 dopo l'espulsione, il ritorno e la reintegrazione nel loro Paese d'origine.<\/p>\n\n\n\n<p>Oltre alla presentazione del tema della ricerca, l'evento \u00e8 stato l'occasione per pubblicizzare il progetto&nbsp; <a href=\"https:\/\/remhu.csem.org.br\/index.php\/remhu\" target=\"_blank\" rel=\"noopener\">REMHU: Rivista interdisciplinare sulla mobilit\u00e0 umana<\/a>, prodotto e curato dal CSEM.&nbsp;<\/p>\n\n\n\n<p><\/p>","protected":false},"featured_media":26275,"parent":0,"template":"","categories":[],"class_list":["post-26274","csem_em_foco","type-csem_em_foco","status-publish","has-post-thumbnail","hentry"],"acf":[],"_links":{"self":[{"href":"https:\/\/www.csem.org.br\/it\/wp-json\/wp\/v2\/csem_em_foco\/26274","targetHints":{"allow":["GET"]}}],"collection":[{"href":"https:\/\/www.csem.org.br\/it\/wp-json\/wp\/v2\/csem_em_foco"}],"about":[{"href":"https:\/\/www.csem.org.br\/it\/wp-json\/wp\/v2\/types\/csem_em_foco"}],"wp:featuredmedia":[{"embeddable":true,"href":"https:\/\/www.csem.org.br\/it\/wp-json\/wp\/v2\/media\/26275"}],"wp:attachment":[{"href":"https:\/\/www.csem.org.br\/it\/wp-json\/wp\/v2\/media?parent=26274"}],"wp:term":[{"taxonomy":"category","embeddable":true,"href":"https:\/\/www.csem.org.br\/it\/wp-json\/wp\/v2\/categories?post=26274"}],"curies":[{"name":"wp","href":"https:\/\/api.w.org\/{rel}","templated":true}]}}

Il CSEM presenta all'Università di Brasilia una ricerca sui migranti rimpatriati con disabilità

<p>Il 18 e 19 novembre 2025 si è tenuto il 4° seminario del <a href="https://www.instagram.com/laboratoriomobile/" target="_blank" rel="noopener">Mobile (Laboratorio di Etnografia delle Circolazione e Dinamiche Migratorie)</a>, Il progetto, coordinato dalla prof.ssa Andréa Lobo del Dipartimento di Antropologia dell'Università di Brasilia, si intitola “Etnografie attraversate da mobilità, località e marcatori sociali di dominio”.</p>



<p>La due giorni ha riunito presentazioni sulla mobilità umana, la razza, il genere, la cura, la maternità e ha visto anche la partecipazione delle ricercatrici del CSEM Barbara Marciano e Tuila Botega, con il loro lavoro “En un abrir y cerrar de ojos, todo se ve truncado! La costruzione sociale degli ‘incidenti’ nel contesto migratorio Honduras-Stati Uniti‘.&nbsp;</p>



<p>I dati presentati fanno parte del <a href="https://www.csem.org.br/it/pesquisas-e-projetos/" target="_blank" rel="noreferrer noopener">ricerca “Salute mentale e donne migranti che ritornano con disabilità e donne che si occupano di migranti che ritornano con disabilità”</a> una partnership tra il Centro Scalabriniano di Studi sulle Migrazioni, la Pastoral de Movilidad Humana e la Comisión Nacional de Apoyo a los Migrantes Retornados con Discapacidad Física (CONAMIREDIS), che operano in Honduras per assistere i migranti rimpatriati con disabilità a seguito di “incidenti” sulla rotta migratoria verso gli Stati Uniti. </p>



<p>Nel corso della presentazione e del dibattito, i commenti hanno evidenziato l'approccio di ricerca del CSEM sul Núcleo Duro alla migrazione, che non si limita a considerare l“”incidente“ come una conseguenza delle politiche migratorie restrittive che limitano e criminalizzano la mobilità, ma comprende anche che esiste una costruzione sociale dei rischi. Inoltre, la proposta analitica del CSEM si concentra sulla comprensione del modo in cui queste donne affrontano le rotture causate dall'incidente sulla rotta migratoria e il conseguente ”fallimento" del progetto migratorio, e di come, a partire da questo, ricostruiscono le loro vite, le loro soggettività dopo l'espulsione, il ritorno e la reintegrazione nel loro Paese d'origine.</p>



<p>Oltre alla presentazione del tema della ricerca, l'evento è stato l'occasione per pubblicizzare il progetto&nbsp; <a href="https://remhu.csem.org.br/index.php/remhu" target="_blank" rel="noopener">REMHU: Rivista interdisciplinare sulla mobilità umana</a>, prodotto e curato dal CSEM.&nbsp;</p>



<p></p>
