{"id":24746,"date":"2024-12-04T13:57:56","date_gmt":"2024-12-04T16:57:56","guid":{"rendered":"https:\/\/www.csem.org.br\/?post_type=csem_em_foco&#038;p=24746"},"modified":"2024-12-10T14:47:01","modified_gmt":"2024-12-10T17:47:01","slug":"icomir-dialogos-para-compreender-humanizar-e-valorizar-as-pessoas-em-mobilidade","status":"publish","type":"csem_em_foco","link":"https:\/\/www.csem.org.br\/it\/csem_em_foco\/icomir-dialogos-para-compreender-humanizar-e-valorizar-as-pessoas-em-mobilidade\/","title":{"rendered":"ICoMiR: Dialoghi per comprendere, umanizzare e valorizzare le persone in movimento"},"content":{"rendered":"<p><strong>Dialoghi per capire, umanizzare e valorizzare le persone in movimento \u00e8 il titolo del libro <\/strong>della III Conferenza Internazionale su Migrazione e Rifugio - ICoMiR, che il Centro Scalabriniano di Studi sulle Migrazioni - CSEM terr\u00e0 dal 19 al 22 maggio 2025, a Brasilia \/ Brasile, presso la Casa Dom Luciano - SGAN 905 Conjunto C, Asa Norte.<\/p>\n<p>Come nelle precedenti edizioni del 2018 a Johannesburg, in Sudafrica, e del 2023 a Tijuana, in Messico, l'evento offre uno spazio di incontro e scambio, con l'obiettivo di costruire un sapere trasversale e inclusivo sulle dinamiche della migrazione e del rifugio, incoraggiando la formulazione di politiche pubbliche incentrate sui diritti dei migranti e dei rifugiati, la moltiplicazione di pratiche di solidariet\u00e0 che rafforzino il protagonismo dei soggetti migranti e rifugiati e la valorizzazione dei loro contributi.<\/p>\n<p>Attraverso le sue Conferenze internazionali, il CSEM intende promuovere una comprensione completa e multidimensionale delle tendenze contemporanee in materia di migrazione, mobilit\u00e0 e rifugio, sia nei flussi Sud-Nord che Sud-Sud, con la partecipazione attiva e interattiva di professionisti del mondo accademico, operatori sociali e pastorali, gruppi di migranti e rifugiati, nonch\u00e9 rappresentanti di organizzazioni della societ\u00e0 civile e di enti governativi. L'evento sar\u00e0 in portoghese e inglese, con traduzione simultanea. <strong>Il programma preliminare \u00e8 disponibile a questo link: <\/strong><a href=\"https:\/\/www.csem.org.br\/it\/24239-2\/\"><strong>https:\/\/www.csem.org.br\/24239-2\/<\/strong><\/a>. Ulteriori informazioni sono disponibili sul sito web dell'evento: <a href=\"https:\/\/www.csem.org.br\/it\/csem-eventos\/icomir\/\">https:\/\/www.csem.org.br\/csem-eventos\/icomir\/<\/a>.<\/p>\n<p>La metodologia del III ICoMiR \u00e8 orientata alla partecipazione attiva, alla circolazione delle conoscenze, al networking e al rafforzamento del ruolo dei migranti e dei rifugiati nelle questioni relative a questa popolazione.<\/p>\n<p>Creare il proprio \u00a0<strong>iscrizione<\/strong> tramite il link:\u00a0\u00a0\u00a0\u00a0\u00a0\u00a0\u00a0 <a href=\"https:\/\/docs.google.com\/forms\/d\/e\/1FAIpQLSecVSUVWVzdDat37DLHVzTg1qPX4kItBfi2TzD8qVG-W0nC9Q\/viewform?vc=0&amp;c=0&amp;w=1&amp;flr=0&amp;pli=1\" target=\"_blank\" rel=\"noopener\">https:\/\/docs.google.com\/forms\/d\/e\/1FAIpQLSecVSUVWVzdDat37DLHVzTg1qPX4kItBfi2TzD8qVG-W0nC9Q\/viewform?vc=0&amp;c=0&amp;w=1&amp;flr=0&amp;pli=1<\/a>.<\/p>\n<p>Per maggiori informazioni: <a href=\"mailto:conferenciacsem@gmail.com\"><strong>conferenciacsem@gmail.com<\/strong><\/a>.<\/p>","protected":false},"featured_media":24773,"parent":0,"template":"","categories":[59],"class_list":["post-24746","csem_em_foco","type-csem_em_foco","status-publish","has-post-thumbnail","hentry","category-destaque-csem-em-foco"],"acf":[],"_links":{"self":[{"href":"https:\/\/www.csem.org.br\/it\/wp-json\/wp\/v2\/csem_em_foco\/24746","targetHints":{"allow":["GET"]}}],"collection":[{"href":"https:\/\/www.csem.org.br\/it\/wp-json\/wp\/v2\/csem_em_foco"}],"about":[{"href":"https:\/\/www.csem.org.br\/it\/wp-json\/wp\/v2\/types\/csem_em_foco"}],"wp:featuredmedia":[{"embeddable":true,"href":"https:\/\/www.csem.org.br\/it\/wp-json\/wp\/v2\/media\/24773"}],"wp:attachment":[{"href":"https:\/\/www.csem.org.br\/it\/wp-json\/wp\/v2\/media?parent=24746"}],"wp:term":[{"taxonomy":"category","embeddable":true,"href":"https:\/\/www.csem.org.br\/it\/wp-json\/wp\/v2\/categories?post=24746"}],"curies":[{"name":"wp","href":"https:\/\/api.w.org\/{rel}","templated":true}]}}

<p><strong>Dialoghi per capire, umanizzare e valorizzare le persone in movimento è il titolo del libro </strong>della III Conferenza Internazionale su Migrazione e Rifugio - ICoMiR, che il Centro Scalabriniano di Studi sulle Migrazioni - CSEM terrà dal 19 al 22 maggio 2025, a Brasilia / Brasile, presso la Casa Dom Luciano - SGAN 905 Conjunto C, Asa Norte.</p>
<p>Come nelle precedenti edizioni del 2018 a Johannesburg, in Sudafrica, e del 2023 a Tijuana, in Messico, l'evento offre uno spazio di incontro e scambio, con l'obiettivo di costruire un sapere trasversale e inclusivo sulle dinamiche della migrazione e del rifugio, incoraggiando la formulazione di politiche pubbliche incentrate sui diritti dei migranti e dei rifugiati, la moltiplicazione di pratiche di solidarietà che rafforzino il protagonismo dei soggetti migranti e rifugiati e la valorizzazione dei loro contributi.</p>
<p>Attraverso le sue Conferenze internazionali, il CSEM intende promuovere una comprensione completa e multidimensionale delle tendenze contemporanee in materia di migrazione, mobilità e rifugio, sia nei flussi Sud-Nord che Sud-Sud, con la partecipazione attiva e interattiva di professionisti del mondo accademico, operatori sociali e pastorali, gruppi di migranti e rifugiati, nonché rappresentanti di organizzazioni della società civile e di enti governativi. L'evento sarà in portoghese e inglese, con traduzione simultanea. <strong>Il programma preliminare è disponibile a questo link: </strong><a href="https://www.csem.org.br/it/24239-2/"><strong>https://www.csem.org.br/24239-2/</strong></a>. Ulteriori informazioni sono disponibili sul sito web dell'evento: <a href="https://www.csem.org.br/it/csem-eventos/icomir/">https://www.csem.org.br/csem-eventos/icomir/</a>.</p>
<p>La metodologia del III ICoMiR è orientata alla partecipazione attiva, alla circolazione delle conoscenze, al networking e al rafforzamento del ruolo dei migranti e dei rifugiati nelle questioni relative a questa popolazione.</p>
<p>Creare il proprio  <strong>iscrizione</strong> tramite il link:        <a href="https://docs.google.com/forms/d/e/1FAIpQLSecVSUVWVzdDat37DLHVzTg1qPX4kItBfi2TzD8qVG-W0nC9Q/viewform?vc=0&amp;c=0&amp;w=1&amp;flr=0&amp;pli=1" target="_blank" rel="noopener">https://docs.google.com/forms/d/e/1FAIpQLSecVSUVWVzdDat37DLHVzTg1qPX4kItBfi2TzD8qVG-W0nC9Q/viewform?vc=0&amp;c=0&amp;w=1&amp;flr=0&amp;pli=1</a>.</p>
<p>Per maggiori informazioni: <a href="mailto:conferenciacsem@gmail.com"><strong>conferenciacsem@gmail.com</strong></a>.</p>
