{"id":24679,"date":"2024-12-02T14:53:15","date_gmt":"2024-12-02T17:53:15","guid":{"rendered":"https:\/\/www.csem.org.br\/?post_type=csem_em_foco&#038;p=24679"},"modified":"2024-12-02T14:54:08","modified_gmt":"2024-12-02T17:54:08","slug":"3-de-dezembro-dia-da-pessoa-com-deficiencia","status":"publish","type":"csem_em_foco","link":"https:\/\/www.csem.org.br\/it\/csem_em_foco\/3-de-dezembro-dia-da-pessoa-com-deficiencia\/","title":{"rendered":"3 DICEMBRE: GIORNATA DEL DISABILE"},"content":{"rendered":"<p>Il 3 dicembre \u00e8 la Giornata internazionale delle persone con disabilit\u00e0. In questa occasione, come Centro Scalabriniano di Studi sulle Migrazioni (CSEM), vorremmo proporre una breve riflessione sul rapporto tra migrazione\/rifugio e disabilit\u00e0.<\/p>\n\n\n\n<p>In primo luogo, la disabilit\u00e0 pu\u00f2 essere un <em>causa della migrazione<\/em>. Le persone con qualche tipo di disabilit\u00e0 possono essere spinte a migrare con le loro famiglie verso luoghi dove le cure e le terapie sono pi\u00f9 appropriate e disponibili. In un mondo globalizzato, questo tipo di migrazione non \u00e8 raro.<\/p>\n\n\n\n<p>Tuttavia, il collegamento pi\u00f9 comune \u00e8 la disabilit\u00e0 come <em>conseguenza di conflitti armati o di violazioni generalizzate dei diritti umani<\/em> nel Paese di origine e anche nei Paesi di transito. Molte persone in fuga vivono esperienze tragiche e traumatiche che lasciano profonde cicatrici psicofisiche.<\/p>\n\n\n\n<p>Attualmente, il CSEM sta studiando in particolare il caso delle donne honduregne che sono tornate in patria con disabilit\u00e0, soprattutto in seguito agli incidenti causati in Messico dal treno noto come La Bestia. In questo caso, alcune parlano esplicitamente di \"<em>costruzione sociale dei rischi nella migrazione<\/em>\", perch\u00e9 le persone hanno maggiori probabilit\u00e0 di subire qualche tipo di incidente su determinati percorsi imposti da politiche migratorie sempre pi\u00f9 rigide, sicure ed esternalizzate.<\/p>\n\n\n\n<p>Infine, vogliamo sottolineare come le persone disabili migranti, rifugiate o rimpatriate, nonostante gli incidenti, le violenze e i traumi subiti, abbiano <em>la possibilit\u00e0 di rivendicare i propri diritti<\/em>In questo modo, possono dimostrare la loro capacit\u00e0 di agency, non solo nella ricerca dell'inclusione sociale, ma anche a favore della costruzione di una societ\u00e0 pi\u00f9 giusta e solidale.<\/p>\n\n\n\n<p>Leggete la pubblicazione del CSEM:&nbsp;<br>Tu\u00edla Botega<em>. La pastorale della mobilit\u00e0 umana e il ritorno dei migranti disabili. Costruire percorsi di reintegrazione<\/em>o. Brasilia: CSEM, 2023&nbsp;<a href=\"https:\/\/www.csem.org.br\/it\/livros\/a-pastoral-da-mobilidade-humana-e-os-migrantes-retornados-com-deficiencia-construindo-caminhos-para-a-reintegracao\/\" target=\"_blank\" rel=\"noreferrer noopener\">LINK<\/a><\/p>","protected":false},"featured_media":24680,"parent":0,"template":"","categories":[],"class_list":["post-24679","csem_em_foco","type-csem_em_foco","status-publish","has-post-thumbnail","hentry"],"acf":[],"_links":{"self":[{"href":"https:\/\/www.csem.org.br\/it\/wp-json\/wp\/v2\/csem_em_foco\/24679","targetHints":{"allow":["GET"]}}],"collection":[{"href":"https:\/\/www.csem.org.br\/it\/wp-json\/wp\/v2\/csem_em_foco"}],"about":[{"href":"https:\/\/www.csem.org.br\/it\/wp-json\/wp\/v2\/types\/csem_em_foco"}],"wp:featuredmedia":[{"embeddable":true,"href":"https:\/\/www.csem.org.br\/it\/wp-json\/wp\/v2\/media\/24680"}],"wp:attachment":[{"href":"https:\/\/www.csem.org.br\/it\/wp-json\/wp\/v2\/media?parent=24679"}],"wp:term":[{"taxonomy":"category","embeddable":true,"href":"https:\/\/www.csem.org.br\/it\/wp-json\/wp\/v2\/categories?post=24679"}],"curies":[{"name":"wp","href":"https:\/\/api.w.org\/{rel}","templated":true}]}}

<p>Il 3 dicembre è la Giornata internazionale delle persone con disabilità. In questa occasione, come Centro Scalabriniano di Studi sulle Migrazioni (CSEM), vorremmo proporre una breve riflessione sul rapporto tra migrazione/rifugio e disabilità.</p>



<p>In primo luogo, la disabilità può essere un <em>causa della migrazione</em>. Le persone con qualche tipo di disabilità possono essere spinte a migrare con le loro famiglie verso luoghi dove le cure e le terapie sono più appropriate e disponibili. In un mondo globalizzato, questo tipo di migrazione non è raro.</p>



<p>Tuttavia, il collegamento più comune è la disabilità come <em>conseguenza di conflitti armati o di violazioni generalizzate dei diritti umani</em> nel Paese di origine e anche nei Paesi di transito. Molte persone in fuga vivono esperienze tragiche e traumatiche che lasciano profonde cicatrici psicofisiche.</p>



<p>Attualmente, il CSEM sta studiando in particolare il caso delle donne honduregne che sono tornate in patria con disabilità, soprattutto in seguito agli incidenti causati in Messico dal treno noto come La Bestia. In questo caso, alcune parlano esplicitamente di "<em>costruzione sociale dei rischi nella migrazione</em>", perché le persone hanno maggiori probabilità di subire qualche tipo di incidente su determinati percorsi imposti da politiche migratorie sempre più rigide, sicure ed esternalizzate.</p>



<p>Infine, vogliamo sottolineare come le persone disabili migranti, rifugiate o rimpatriate, nonostante gli incidenti, le violenze e i traumi subiti, abbiano <em>la possibilità di rivendicare i propri diritti</em>In questo modo, possono dimostrare la loro capacità di agency, non solo nella ricerca dell'inclusione sociale, ma anche a favore della costruzione di una società più giusta e solidale.</p>



<p>Leggete la pubblicazione del CSEM:&nbsp;<br>Tuíla Botega<em>. La pastorale della mobilità umana e il ritorno dei migranti disabili. Costruire percorsi di reintegrazione</em>o. Brasilia: CSEM, 2023&nbsp;<a href="https://www.csem.org.br/it/livros/a-pastoral-da-mobilidade-humana-e-os-migrantes-retornados-com-deficiencia-construindo-caminhos-para-a-reintegracao/" target="_blank" rel="noreferrer noopener">LINK</a></p>
