{"id":24387,"date":"2024-11-08T11:44:19","date_gmt":"2024-11-08T14:44:19","guid":{"rendered":"https:\/\/www.csem.org.br\/?post_type=csem_em_foco&#038;p=24387"},"modified":"2024-11-08T11:44:20","modified_gmt":"2024-11-08T14:44:20","slug":"derrubar-os-muros-da-miseria-viii-dia-mundial-dos-pobres","status":"publish","type":"csem_em_foco","link":"https:\/\/www.csem.org.br\/it\/csem_em_foco\/derrubar-os-muros-da-miseria-viii-dia-mundial-dos-pobres\/","title":{"rendered":"Abbattere i muri della povert\u00e0 - VIII Giornata mondiale dei poveri"},"content":{"rendered":"<p><\/p>\n\n\n\n<p>La Giornata mondiale dei poveri \u00e8 stata istituita da Papa Francesco nel 2016, al termine del Giubileo straordinario della Misericordia. L'obiettivo \u00e8 quello di sensibilizzare l'opinione pubblica sulla realt\u00e0 della disuguaglianza sociale e dell'impoverimento di milioni di persone in tutto il mondo, impoverimento causato soprattutto da istituzioni e strutture che tendono a sfruttare i lavoratori, a depredare l'ambiente e a concentrare la ricchezza nelle mani di pochi.<\/p>\n\n\n\n<p>\u00c8 essenziale riconoscere che il forte aumento del numero di persone in situazioni di indigenza o prive del necessario per vivere dignitosamente non \u00e8 frutto del destino, della volont\u00e0 di una divinit\u00e0 o semplicemente dell'incapacit\u00e0 o della colpa delle vittime. Papa Francesco lo sottolinea quando dice che \"<em>i poveri hanno un posto privilegiato nel cuore di Dio<\/em>Dio \u00e8 cos\u00ec \"impaziente\" di fronte alla loro sofferenza che non rende loro giustizia\" (Messaggio, 2024).<\/p>\n\n\n\n<p>L'impoverimento non \u00e8 voluto da Dio, ma non pu\u00f2 nemmeno essere imputato genericamente alle vittime. A questo proposito, dovremmo concentrarci sulla questione delle migrazioni. Ci sono milioni di migranti in tutto il mondo che decidono, con coraggio e sofferenza, di lasciare la propria terra, i propri parenti, i propri riferimenti identitari, alla ricerca di condizioni di vita pi\u00f9 dignitose per s\u00e9 e per le proprie famiglie. Fuggono da sistemi economici, istituzioni politiche, guerre e contesti sociali che non offrono loro alcuna possibilit\u00e0 di vivere dignitosamente e li condannano a vivere nella miseria.<\/p>\n\n\n\n<p>Da questo punto di vista, l'atto migratorio \u00e8 spesso un tentativo estremo di sfuggire alla gabbia della povert\u00e0 a cui milioni di persone sono condannate. Le persone migrano alla ricerca di una \"opportunit\u00e0\", di una \"possibilit\u00e0\", di una \"scappatoia\" per superare le mura della povert\u00e0. L'atto migratorio denuncia le gabbie della povert\u00e0, sottolinea il coraggio, gli sforzi e le lotte dei migranti e, soprattutto, sfata le ideologie che tendono a colpevolizzare le vittime. In questo senso, offrire un'\"opportunit\u00e0\" \u00e8 prima di tutto un atto di giustizia.<\/p>\n\n\n\n<p>Che la celebrazione dell'8\u00aa Giornata dei poveri rafforzi il nostro impegno di solidariet\u00e0 per abbattere tutti i muri della povert\u00e0.<\/p>","protected":false},"featured_media":24388,"parent":0,"template":"","categories":[84,59],"class_list":["post-24387","csem_em_foco","type-csem_em_foco","status-publish","has-post-thumbnail","hentry","category-84","category-destaque-csem-em-foco"],"acf":[],"_links":{"self":[{"href":"https:\/\/www.csem.org.br\/it\/wp-json\/wp\/v2\/csem_em_foco\/24387","targetHints":{"allow":["GET"]}}],"collection":[{"href":"https:\/\/www.csem.org.br\/it\/wp-json\/wp\/v2\/csem_em_foco"}],"about":[{"href":"https:\/\/www.csem.org.br\/it\/wp-json\/wp\/v2\/types\/csem_em_foco"}],"wp:featuredmedia":[{"embeddable":true,"href":"https:\/\/www.csem.org.br\/it\/wp-json\/wp\/v2\/media\/24388"}],"wp:attachment":[{"href":"https:\/\/www.csem.org.br\/it\/wp-json\/wp\/v2\/media?parent=24387"}],"wp:term":[{"taxonomy":"category","embeddable":true,"href":"https:\/\/www.csem.org.br\/it\/wp-json\/wp\/v2\/categories?post=24387"}],"curies":[{"name":"wp","href":"https:\/\/api.w.org\/{rel}","templated":true}]}}

Abbattere i muri della povertà - VIII Giornata mondiale dei poveri

<p></p>



<p>La Giornata mondiale dei poveri è stata istituita da Papa Francesco nel 2016, al termine del Giubileo straordinario della Misericordia. L'obiettivo è quello di sensibilizzare l'opinione pubblica sulla realtà della disuguaglianza sociale e dell'impoverimento di milioni di persone in tutto il mondo, impoverimento causato soprattutto da istituzioni e strutture che tendono a sfruttare i lavoratori, a depredare l'ambiente e a concentrare la ricchezza nelle mani di pochi.</p>



<p>È essenziale riconoscere che il forte aumento del numero di persone in situazioni di indigenza o prive del necessario per vivere dignitosamente non è frutto del destino, della volontà di una divinità o semplicemente dell'incapacità o della colpa delle vittime. Papa Francesco lo sottolinea quando dice che "<em>i poveri hanno un posto privilegiato nel cuore di Dio</em>Dio è così "impaziente" di fronte alla loro sofferenza che non rende loro giustizia" (Messaggio, 2024).</p>



<p>L'impoverimento non è voluto da Dio, ma non può nemmeno essere imputato genericamente alle vittime. A questo proposito, dovremmo concentrarci sulla questione delle migrazioni. Ci sono milioni di migranti in tutto il mondo che decidono, con coraggio e sofferenza, di lasciare la propria terra, i propri parenti, i propri riferimenti identitari, alla ricerca di condizioni di vita più dignitose per sé e per le proprie famiglie. Fuggono da sistemi economici, istituzioni politiche, guerre e contesti sociali che non offrono loro alcuna possibilità di vivere dignitosamente e li condannano a vivere nella miseria.</p>



<p>Da questo punto di vista, l'atto migratorio è spesso un tentativo estremo di sfuggire alla gabbia della povertà a cui milioni di persone sono condannate. Le persone migrano alla ricerca di una "opportunità", di una "possibilità", di una "scappatoia" per superare le mura della povertà. L'atto migratorio denuncia le gabbie della povertà, sottolinea il coraggio, gli sforzi e le lotte dei migranti e, soprattutto, sfata le ideologie che tendono a colpevolizzare le vittime. In questo senso, offrire un'"opportunità" è prima di tutto un atto di giustizia.</p>



<p>Che la celebrazione dell'8ª Giornata dei poveri rafforzi il nostro impegno di solidarietà per abbattere tutti i muri della povertà.</p>
