{"id":19878,"date":"2023-04-13T02:53:38","date_gmt":"2023-04-13T05:53:38","guid":{"rendered":"https:\/\/www.csem.org.br\/?post_type=csem_em_foco&#038;p=19878"},"modified":"2023-07-21T16:16:55","modified_gmt":"2023-07-21T19:16:55","slug":"csem-y-clar-abren-llamada-de-articulos-para-volumen-sobre-la-vida-consagrada-latinoamericana-a-traves-de-los-clamores-de-las-migraciones-forzadas","status":"publish","type":"csem_em_foco","link":"https:\/\/www.csem.org.br\/it\/csem_em_foco\/csem-y-clar-abren-llamada-de-articulos-para-volumen-sobre-la-vida-consagrada-latinoamericana-a-traves-de-los-clamores-de-las-migraciones-forzadas\/","title":{"rendered":"(Prorrogado hasta el 20\/05) CSEM Y CLAR ABREN LLAMADA de art\u00edculos para volumen sobre la vida consagrada latinoamericana a trav\u00e9s de los clamores de las migraciones forzadas"},"content":{"rendered":"<p>El nuevo libro de la Serie Ec\u00famene que est\u00e1 preparando la CSEM\/CLAR pretende iluminar la vida consagrada para que se encuentre en las fronteras f\u00edsicas y existenciales por las que atraviesan los migrantes, y ayudar tambi\u00e9n a otros compa\u00f1eros de congregaci\u00f3n que no lo hacen. conocer esta realidad, que les gustar\u00eda e incluso deber\u00edan conocerla para apoyar a quienes tienen la misi\u00f3n de estar en primera l\u00ednea.<\/p>\n<p>\u00bfC\u00f3mo viven quienes acompa\u00f1an, cuidan y luchan al lado de los migrantes? \u00bfY ellos y ellos? Suponemos que es un trabajo muy duro. Estas hermanas y hermanos son testigos de injusticias, errores, l\u00e1grimas, exclusiones y violencias atroces que alcanzan sus almas. \u00bfQui\u00e9n los cuida? \u00bfEs probable que sus comunidades tengan sus propias caracter\u00edsticas? Ser\u00eda interesante saber por qu\u00e9 y c\u00f3mo son. \u00bfEncuentran en ellos la ayuda que necesitan? Ser\u00eda especialmente valioso saber c\u00f3mo estas personas combinan su carisma.<\/p>\n<p>Es un libro que se quiere escribir a partir de y para la vida consagrada y, posteriormente, con miras al anuncio de la Buena Nueva del Evangelio.<\/p>\n<p>Ver la Convocatoria completa <a href=\"https:\/\/www.csem.org.br\/wp-content\/uploads\/2023\/05\/Ecumene_4_CONVOCATORIA_Espanol_prorrogado.pdf\"><strong>AQU\u00cd.<\/strong><\/a> \u00a1Y comp\u00e1rtelo en tus redes y entre los profesionales que puedan estar interesados!<\/p>","protected":false},"featured_media":20239,"parent":0,"template":"","categories":[48],"class_list":["post-19878","csem_em_foco","type-csem_em_foco","status-publish","has-post-thumbnail","hentry","category-48"],"acf":[],"_links":{"self":[{"href":"https:\/\/www.csem.org.br\/it\/wp-json\/wp\/v2\/csem_em_foco\/19878","targetHints":{"allow":["GET"]}}],"collection":[{"href":"https:\/\/www.csem.org.br\/it\/wp-json\/wp\/v2\/csem_em_foco"}],"about":[{"href":"https:\/\/www.csem.org.br\/it\/wp-json\/wp\/v2\/types\/csem_em_foco"}],"wp:featuredmedia":[{"embeddable":true,"href":"https:\/\/www.csem.org.br\/it\/wp-json\/wp\/v2\/media\/20239"}],"wp:attachment":[{"href":"https:\/\/www.csem.org.br\/it\/wp-json\/wp\/v2\/media?parent=19878"}],"wp:term":[{"taxonomy":"category","embeddable":true,"href":"https:\/\/www.csem.org.br\/it\/wp-json\/wp\/v2\/categories?post=19878"}],"curies":[{"name":"wp","href":"https:\/\/api.w.org\/{rel}","templated":true}]}}

(Prorrogado hasta el 20/05) CSEM Y CLAR ABREN LLAMADA de artículos para volumen sobre la vida consagrada latinoamericana a través de los clamores de las migraciones forzadas

<p>El nuevo libro de la Serie Ecúmene que está preparando la CSEM/CLAR pretende iluminar la vida consagrada para que se encuentre en las fronteras físicas y existenciales por las que atraviesan los migrantes, y ayudar también a otros compañeros de congregación que no lo hacen. conocer esta realidad, que les gustaría e incluso deberían conocerla para apoyar a quienes tienen la misión de estar en primera línea.</p>
<p>¿Cómo viven quienes acompañan, cuidan y luchan al lado de los migrantes? ¿Y ellos y ellos? Suponemos que es un trabajo muy duro. Estas hermanas y hermanos son testigos de injusticias, errores, lágrimas, exclusiones y violencias atroces que alcanzan sus almas. ¿Quién los cuida? ¿Es probable que sus comunidades tengan sus propias características? Sería interesante saber por qué y cómo son. ¿Encuentran en ellos la ayuda que necesitan? Sería especialmente valioso saber cómo estas personas combinan su carisma.</p>
<p>Es un libro que se quiere escribir a partir de y para la vida consagrada y, posteriormente, con miras al anuncio de la Buena Nueva del Evangelio.</p>
<p>Ver la Convocatoria completa <a href="https://www.csem.org.br/wp-content/uploads/2023/05/Ecumene_4_CONVOCATORIA_Espanol_prorrogado.pdf"><strong>AQUÍ.</strong></a> ¡Y compártelo en tus redes y entre los profesionales que puedan estar interesados!</p>
