{"id":16631,"date":"2019-07-26T18:01:12","date_gmt":"2019-07-26T21:01:12","guid":{"rendered":"https:\/\/www.csem.org.br\/?post_type=csem_em_foco&#038;p=16631"},"modified":"2023-07-21T16:22:52","modified_gmt":"2023-07-21T19:22:52","slug":"criminalizacao-da-solidariedade-a-migrantes-refugiadas-e-refugiados","status":"publish","type":"csem_em_foco","link":"https:\/\/www.csem.org.br\/it\/csem_em_foco\/criminalizacao-da-solidariedade-a-migrantes-refugiadas-e-refugiados\/","title":{"rendered":"Dica de leitura: Criminaliza\u00e7\u00e3o da solidariedade \u00e0 migrantes, refugiadas e refugiados"},"content":{"rendered":"<p style=\"text-align: center;\"><i><span data-contrast=\"auto\">Recentes casos de repress\u00e3o a ativistas e solid\u00e1rios \u00e0 causa migrat\u00f3ria\u00a0<\/span><\/i><i><span data-contrast=\"auto\">viralizam<\/span><\/i><i><span data-contrast=\"auto\">\u00a0nas redes sociais\u00a0\u00a0<\/span><\/i><span data-ccp-props=\"{&quot;201341983&quot;:0,&quot;335551550&quot;:2,&quot;335551620&quot;:2,&quot;335559739&quot;:160,&quot;335559740&quot;:259}\">\u00a0<\/span><\/p>\n<p><span data-contrast=\"auto\">Segundo dados citados pela NPR (<\/span><span data-contrast=\"auto\">National<\/span><span data-contrast=\"auto\">\u00a0<\/span><span data-contrast=\"auto\">Public<\/span><span data-contrast=\"auto\">\u00a0Radio), emissora p\u00fablica de r\u00e1dio dos EUA, em 2018 4,5 mil pessoas foram indiciadas no pa\u00eds por &#8220;trazer e abrigar migrantes irregulares&#8221;. O n\u00famero apresenta um aumento de 30% desses casos em rela\u00e7\u00e3o ao ano de 2015. Em 2017, o ent\u00e3o secret\u00e1rio de justi\u00e7a estadunidense, Jeff\u00a0<\/span><span data-contrast=\"auto\">Sessions<\/span><span data-contrast=\"auto\">, ordenou a procuradores federais que priorizassem casos de acobertamento de migrantes, refugiadas e refugiados para punir as pessoas que oferecem sua ajuda.\u00a0<\/span><span data-ccp-props=\"{&quot;201341983&quot;:0,&quot;335551550&quot;:6,&quot;335551620&quot;:6,&quot;335559739&quot;:160,&quot;335559740&quot;:259}\">\u00a0<\/span><\/p>\n<p><span data-contrast=\"auto\">Desde ent\u00e3o, se tornou cada vez mais comum a pris\u00e3o de pessoas solid\u00e1rias \u00e0 causa migrat\u00f3ria. No \u00faltimo m\u00eas de maio, o ge\u00f3grafo Scott Warren foi preso no Arizona por fornecer comida e atendimento m\u00e9dico \u00e0 migrantes e, mais recentemente, em 29 de junho, a capit\u00e3 do navio\u00a0<\/span><span data-contrast=\"auto\">Sea<\/span><span data-contrast=\"auto\">\u00a0<\/span><span data-contrast=\"auto\">Watch<\/span><span data-contrast=\"auto\">\u00a0foi detida na It\u00e1lia por atracar em um dos portos do pa\u00eds para realizar o desembarque de quarenta migrantes resgatados no mar Mediterr\u00e2neo.\u00a0\u00a0<\/span><span data-ccp-props=\"{&quot;201341983&quot;:0,&quot;335551550&quot;:6,&quot;335551620&quot;:6,&quot;335559739&quot;:160,&quot;335559740&quot;:259}\">\u00a0<\/span><\/p>\n<p><span data-contrast=\"auto\">Na \u00f3tica de an\u00e1lise \u00e0 criminaliza\u00e7\u00e3o da solidariedade, a \u00faltima edi\u00e7\u00e3o da REMHU (Revista Interdisciplinar da Mobilidade Humana) traz o artigo &#8220;Solidaridad\u00a0y\u00a0<\/span><span data-contrast=\"auto\">Fraternidad<\/span><span data-contrast=\"auto\">. Una\u00a0<\/span><span data-contrast=\"auto\">nueva<\/span><span data-contrast=\"auto\">\u00a0clave \u00e9tico-pol\u00edtica para\u00a0<\/span><span data-contrast=\"auto\">las<\/span><span data-contrast=\"auto\">\u00a0<\/span><span data-contrast=\"auto\">migraciones<\/span><span data-contrast=\"auto\">&#8221; (Solidariedade e Fraternidade. Uma nova chave \u00e9tico-pol\u00edtica para a migra\u00e7\u00e3o), no qual \u00e9 analisada a figura do &#8220;delito de solidariedade&#8221; a partir do caso de\u00a0<\/span><span data-contrast=\"auto\">C\u00e9dric<\/span><span data-contrast=\"auto\">\u00a0<\/span><span data-contrast=\"auto\">H\u00e9rrou<\/span><span data-contrast=\"auto\">, ativista franc\u00eas condenado por ter ajudado mais de 250 migrantes a entrarem na Fran\u00e7a. As autoras s\u00e3o Ana Paula\u00a0<\/span><span data-contrast=\"auto\">Penchaszadeh<\/span><span data-contrast=\"auto\">, professora da Universidade de Buenos Aires (UBA) e Senda\u00a0<\/span><span data-contrast=\"auto\">In\u00e9s<\/span><span data-contrast=\"auto\">\u00a0<\/span><span data-contrast=\"auto\">Sferco<\/span><span data-contrast=\"auto\">, professora da Universidade Nacional do Litoral da Argentina.\u00a0\u00a0<\/span><span data-ccp-props=\"{&quot;201341983&quot;:0,&quot;335551550&quot;:6,&quot;335551620&quot;:6,&quot;335559739&quot;:160,&quot;335559740&quot;:259}\">\u00a0<\/span><\/p>\n<p><span data-contrast=\"auto\">Desde o ocorrido, o Conselho Constitucional do pa\u00eds declarou a inconstitucionalidade da figura do &#8220;crime de solidariedade&#8221;, baseada no reconhecimento da fraternidade como princ\u00edpio constitucional legal. Anteriormente a\u00a0<\/span><span data-contrast=\"auto\">C\u00e9dric<\/span><span data-contrast=\"auto\">, outros dezenove franceses foram condenados por ajudar migrantes &#8220;irregulares&#8221;, todos eles julgados pelo crime de solidariedade pelos tribunais franceses.\u00a0\u00a0<\/span><span data-ccp-props=\"{&quot;201341983&quot;:0,&quot;335551550&quot;:6,&quot;335551620&quot;:6,&quot;335559739&quot;:160,&quot;335559740&quot;:259}\">\u00a0<\/span><\/p>\n<p><span data-contrast=\"auto\">Ao longo do artigo, as autoras pregam que a solidariedade nos permite criar um campo para uma experi\u00eancia subjetiva, afetiva, social e pol\u00edtica, al\u00e9m de criticar a criminaliza\u00e7\u00e3o da solidariedade e a abordagem de seguran\u00e7a para com os migrantes e refugiados(as), que, segundo as mesmas, procura enfraquecer a migra\u00e7\u00e3o como um direito humano e aprofunda as imagens de usurpa\u00e7\u00e3o, amea\u00e7a e desrespeito.\u00a0<\/span><span data-ccp-props=\"{&quot;201341983&quot;:0,&quot;335551550&quot;:6,&quot;335551620&quot;:6,&quot;335559739&quot;:160,&quot;335559740&quot;:259}\">\u00a0<\/span><\/p>\n<p><a href=\"http:\/\/www.scielo.br\/scielo.php?script=sci_arttext&amp;pid=S1980-85852019000100149&amp;lng=es&amp;tlng=es\" target=\"_blank\" rel=\"noopener noreferrer\">Leia o artigo na \u00edntegra clicando aqui.<\/a><\/p>\n<p style=\"text-align: right;\"><i>Luana G. Silveira<\/i><span data-ccp-props=\"{&quot;201341983&quot;:0,&quot;335551550&quot;:3,&quot;335551620&quot;:3,&quot;335559739&quot;:160,&quot;335559740&quot;:259}\"><br \/>\n<\/span><i>\u00a0Comunica\u00e7\u00e3o &#8211; CSEM<\/i><span data-ccp-props=\"{&quot;201341983&quot;:0,&quot;335551550&quot;:3,&quot;335551620&quot;:3,&quot;335559739&quot;:160,&quot;335559740&quot;:259}\">\u00a0<\/span><\/p>\n<p>&nbsp;<\/p>","protected":false},"featured_media":0,"parent":0,"template":"","categories":[44],"class_list":["post-16631","csem_em_foco","type-csem_em_foco","status-publish","hentry","category-44"],"acf":[],"_links":{"self":[{"href":"https:\/\/www.csem.org.br\/it\/wp-json\/wp\/v2\/csem_em_foco\/16631","targetHints":{"allow":["GET"]}}],"collection":[{"href":"https:\/\/www.csem.org.br\/it\/wp-json\/wp\/v2\/csem_em_foco"}],"about":[{"href":"https:\/\/www.csem.org.br\/it\/wp-json\/wp\/v2\/types\/csem_em_foco"}],"wp:attachment":[{"href":"https:\/\/www.csem.org.br\/it\/wp-json\/wp\/v2\/media?parent=16631"}],"wp:term":[{"taxonomy":"category","embeddable":true,"href":"https:\/\/www.csem.org.br\/it\/wp-json\/wp\/v2\/categories?post=16631"}],"curies":[{"name":"wp","href":"https:\/\/api.w.org\/{rel}","templated":true}]}}

Dica de leitura: Criminalização da solidariedade à migrantes, refugiadas e refugiados

<p style="text-align: center;"><i><span data-contrast="auto">Recentes casos de repressão a ativistas e solidários à causa migratória </span></i><i><span data-contrast="auto">viralizam</span></i><i><span data-contrast="auto"> nas redes sociais  </span></i><span data-ccp-props="{&quot;201341983&quot;:0,&quot;335551550&quot;:2,&quot;335551620&quot;:2,&quot;335559739&quot;:160,&quot;335559740&quot;:259}"> </span></p>
<p><span data-contrast="auto">Segundo dados citados pela NPR (</span><span data-contrast="auto">National</span><span data-contrast="auto"> </span><span data-contrast="auto">Public</span><span data-contrast="auto"> Radio), emissora pública de rádio dos EUA, em 2018 4,5 mil pessoas foram indiciadas no país por &#8220;trazer e abrigar migrantes irregulares&#8221;. O número apresenta um aumento de 30% desses casos em relação ao ano de 2015. Em 2017, o então secretário de justiça estadunidense, Jeff </span><span data-contrast="auto">Sessions</span><span data-contrast="auto">, ordenou a procuradores federais que priorizassem casos de acobertamento de migrantes, refugiadas e refugiados para punir as pessoas que oferecem sua ajuda. </span><span data-ccp-props="{&quot;201341983&quot;:0,&quot;335551550&quot;:6,&quot;335551620&quot;:6,&quot;335559739&quot;:160,&quot;335559740&quot;:259}"> </span></p>
<p><span data-contrast="auto">Desde então, se tornou cada vez mais comum a prisão de pessoas solidárias à causa migratória. No último mês de maio, o geógrafo Scott Warren foi preso no Arizona por fornecer comida e atendimento médico à migrantes e, mais recentemente, em 29 de junho, a capitã do navio </span><span data-contrast="auto">Sea</span><span data-contrast="auto"> </span><span data-contrast="auto">Watch</span><span data-contrast="auto"> foi detida na Itália por atracar em um dos portos do país para realizar o desembarque de quarenta migrantes resgatados no mar Mediterrâneo.  </span><span data-ccp-props="{&quot;201341983&quot;:0,&quot;335551550&quot;:6,&quot;335551620&quot;:6,&quot;335559739&quot;:160,&quot;335559740&quot;:259}"> </span></p>
<p><span data-contrast="auto">Na ótica de análise à criminalização da solidariedade, a última edição da REMHU (Revista Interdisciplinar da Mobilidade Humana) traz o artigo &#8220;Solidaridad y </span><span data-contrast="auto">Fraternidad</span><span data-contrast="auto">. Una </span><span data-contrast="auto">nueva</span><span data-contrast="auto"> clave ético-política para </span><span data-contrast="auto">las</span><span data-contrast="auto"> </span><span data-contrast="auto">migraciones</span><span data-contrast="auto">&#8221; (Solidariedade e Fraternidade. Uma nova chave ético-política para a migração), no qual é analisada a figura do &#8220;delito de solidariedade&#8221; a partir do caso de </span><span data-contrast="auto">Cédric</span><span data-contrast="auto"> </span><span data-contrast="auto">Hérrou</span><span data-contrast="auto">, ativista francês condenado por ter ajudado mais de 250 migrantes a entrarem na França. As autoras são Ana Paula </span><span data-contrast="auto">Penchaszadeh</span><span data-contrast="auto">, professora da Universidade de Buenos Aires (UBA) e Senda </span><span data-contrast="auto">Inés</span><span data-contrast="auto"> </span><span data-contrast="auto">Sferco</span><span data-contrast="auto">, professora da Universidade Nacional do Litoral da Argentina.  </span><span data-ccp-props="{&quot;201341983&quot;:0,&quot;335551550&quot;:6,&quot;335551620&quot;:6,&quot;335559739&quot;:160,&quot;335559740&quot;:259}"> </span></p>
<p><span data-contrast="auto">Desde o ocorrido, o Conselho Constitucional do país declarou a inconstitucionalidade da figura do &#8220;crime de solidariedade&#8221;, baseada no reconhecimento da fraternidade como princípio constitucional legal. Anteriormente a </span><span data-contrast="auto">Cédric</span><span data-contrast="auto">, outros dezenove franceses foram condenados por ajudar migrantes &#8220;irregulares&#8221;, todos eles julgados pelo crime de solidariedade pelos tribunais franceses.  </span><span data-ccp-props="{&quot;201341983&quot;:0,&quot;335551550&quot;:6,&quot;335551620&quot;:6,&quot;335559739&quot;:160,&quot;335559740&quot;:259}"> </span></p>
<p><span data-contrast="auto">Ao longo do artigo, as autoras pregam que a solidariedade nos permite criar um campo para uma experiência subjetiva, afetiva, social e política, além de criticar a criminalização da solidariedade e a abordagem de segurança para com os migrantes e refugiados(as), que, segundo as mesmas, procura enfraquecer a migração como um direito humano e aprofunda as imagens de usurpação, ameaça e desrespeito. </span><span data-ccp-props="{&quot;201341983&quot;:0,&quot;335551550&quot;:6,&quot;335551620&quot;:6,&quot;335559739&quot;:160,&quot;335559740&quot;:259}"> </span></p>
<p><a href="http://www.scielo.br/scielo.php?script=sci_arttext&amp;pid=S1980-85852019000100149&amp;lng=es&amp;tlng=es" target="_blank" rel="noopener noreferrer">Leia o artigo na íntegra clicando aqui.</a></p>
<p style="text-align: right;"><i>Luana G. Silveira</i><span data-ccp-props="{&quot;201341983&quot;:0,&quot;335551550&quot;:3,&quot;335551620&quot;:3,&quot;335559739&quot;:160,&quot;335559740&quot;:259}"><br />
</span><i> Comunicação &#8211; CSEM</i><span data-ccp-props="{&quot;201341983&quot;:0,&quot;335551550&quot;:3,&quot;335551620&quot;:3,&quot;335559739&quot;:160,&quot;335559740&quot;:259}"> </span></p>
<p>&nbsp;</p>
