{"id":15591,"date":"2018-11-30T15:37:53","date_gmt":"2018-11-30T17:37:53","guid":{"rendered":"https:\/\/www.csem.org.br\/?post_type=csem_em_foco&#038;p=15591"},"modified":"2023-07-21T16:23:40","modified_gmt":"2023-07-21T19:23:40","slug":"conferencia-reconstruindo-vidas-nas-fronteiras","status":"publish","type":"csem_em_foco","link":"https:\/\/www.csem.org.br\/it\/csem_em_foco\/conferencia-reconstruindo-vidas-nas-fronteiras\/","title":{"rendered":"Confer\u00eancia: Reconstruindo vidas nas fronteiras"},"content":{"rendered":"<p>Na pr\u00f3xima semana, entre os dias 04 e 06 de dezembro de 2018, acontecer\u00e1 em Johannesburg &#8211; \u00c1frica do Sul, a Confer\u00eancia <strong>&#8220;Reconstruindo vidas nas fronteiras: desafios no atendimento junto a migrantes e refugiados&#8221;.\u00a0<\/strong><\/p>\n<p>O objetivo da Confer\u00eancia \u00e9 a apresenta\u00e7\u00e3o dos resultados das pesquisas realizadas pelo CSEM junto a migrantes, refugiados e pessoas diretamente envolvidas na assist\u00eancia a esta popula\u00e7\u00e3o em tr\u00eas regi\u00f5es de fronteira: Angola\/Rep\u00fablica Democr\u00e1tica do Congo; Mo\u00e7ambique\/ \u00c1frica do Sul, M\u00e9xico\/Estados Unidos e em 3 Dioceses da It\u00e1lia. Buscamos reunir institui\u00e7\u00f5es e atores para ouvir e refletir conosco sobre os resultados desses estudos, compartilhar suas experi\u00eancias na atua\u00e7\u00e3o direta e assist\u00eancia junto a pessoas em mobilidade, bem como refletir sobre as demandas e o impacto \u2013 desafios e potencialidades \u2013 da presen\u00e7a de migrantes e refugiados nos<br \/>\ncontextos locais.<\/p>\n<p>Espera-se que a Confer\u00eancia forne\u00e7a elementos e ferramentas que possam ser \u00fateis para as organiza\u00e7\u00f5es que trabalham direta ou indiretamente com migrantes e refugiados.<\/p>\n<p><img fetchpriority=\"high\" decoding=\"async\" class=\"size-medium wp-image-15590 aligncenter\" src=\"https:\/\/www.csem.org.br\/wp-content\/uploads\/2018\/11\/Wallpaper-Simposio-1920x1080-min-540x304.png\" alt=\"\" width=\"540\" height=\"304\" title=\"\"><\/p>","protected":false},"featured_media":0,"parent":0,"template":"","categories":[43],"class_list":["post-15591","csem_em_foco","type-csem_em_foco","status-publish","hentry","category-2018-csem-em-foco"],"acf":[],"_links":{"self":[{"href":"https:\/\/www.csem.org.br\/it\/wp-json\/wp\/v2\/csem_em_foco\/15591","targetHints":{"allow":["GET"]}}],"collection":[{"href":"https:\/\/www.csem.org.br\/it\/wp-json\/wp\/v2\/csem_em_foco"}],"about":[{"href":"https:\/\/www.csem.org.br\/it\/wp-json\/wp\/v2\/types\/csem_em_foco"}],"wp:attachment":[{"href":"https:\/\/www.csem.org.br\/it\/wp-json\/wp\/v2\/media?parent=15591"}],"wp:term":[{"taxonomy":"category","embeddable":true,"href":"https:\/\/www.csem.org.br\/it\/wp-json\/wp\/v2\/categories?post=15591"}],"curies":[{"name":"wp","href":"https:\/\/api.w.org\/{rel}","templated":true}]}}

Conferência: Reconstruindo vidas nas fronteiras

<p>Na próxima semana, entre os dias 04 e 06 de dezembro de 2018, acontecerá em Johannesburg &#8211; África do Sul, a Conferência <strong>&#8220;Reconstruindo vidas nas fronteiras: desafios no atendimento junto a migrantes e refugiados&#8221;. </strong></p>
<p>O objetivo da Conferência é a apresentação dos resultados das pesquisas realizadas pelo CSEM junto a migrantes, refugiados e pessoas diretamente envolvidas na assistência a esta população em três regiões de fronteira: Angola/República Democrática do Congo; Moçambique/ África do Sul, México/Estados Unidos e em 3 Dioceses da Itália. Buscamos reunir instituições e atores para ouvir e refletir conosco sobre os resultados desses estudos, compartilhar suas experiências na atuação direta e assistência junto a pessoas em mobilidade, bem como refletir sobre as demandas e o impacto – desafios e potencialidades – da presença de migrantes e refugiados nos<br />
contextos locais.</p>
<p>Espera-se que a Conferência forneça elementos e ferramentas que possam ser úteis para as organizações que trabalham direta ou indiretamente com migrantes e refugiados.</p>
<p><img fetchpriority="high" decoding="async" class="size-medium wp-image-15590 aligncenter" src="https://www.csem.org.br/wp-content/uploads/2018/11/Wallpaper-Simposio-1920x1080-min-540x304.png" alt="" width="540" height="304" title=""></p>
