{"id":14367,"date":"2017-12-13T11:48:07","date_gmt":"2017-12-13T13:48:07","guid":{"rendered":"https:\/\/www.csem.org.br\/?post_type=csem_em_foco&#038;p=14367"},"modified":"2023-07-21T16:24:22","modified_gmt":"2023-07-21T19:24:22","slug":"segib-e-oim-lancam-o-informe-geral-migracion-y-desarrollo-en-iberoamerica","status":"publish","type":"csem_em_foco","link":"https:\/\/www.csem.org.br\/it\/csem_em_foco\/segib-e-oim-lancam-o-informe-geral-migracion-y-desarrollo-en-iberoamerica\/","title":{"rendered":"SEGIB e OIM lan\u00e7am o informe geral \u201cMigraci\u00f3n y Desarrollo en Iberoam\u00e9rica\u201d"},"content":{"rendered":"<p style=\"text-align: justify;\">Foi publicado pela Secretaria Geral Iberoamericana (SEGIB) em parceria com a Organiza\u00e7\u00e3o Internacional para as migra\u00e7\u00f5es (OIM) o informe geral do estudo entitulado\u00a0\u201cMigraci\u00f3n y Desarrollo en Iberoam\u00e9rica\u201d. O CSEM, juntamente com parceiros, colaborou com o texto sobre Migra\u00e7\u00f5es e desenvolvimento no Brasil.<\/p>\n<p style=\"text-align: justify;\">Em outubro deste ano, no ato de apresenta\u00e7\u00e3o do estudo, a Secret\u00e1ria Rebeca Grynspan comentou que a Ibero-am\u00e9rica &#8220;n\u00e3o pode ser entendida sem as migra\u00e7\u00f5es&#8221; e por isso &#8220;tem muito o que contribuir ao debate global sobre o tema&#8221;.<\/p>\n<p style=\"text-align: justify;\"><strong>Acesse o arquivo disponibilizado no site da SEBIG\u00a0<a href=\"http:\/\/segib.org\/wp-content\/uploads\/GLOBAL-OBIMID-IOM-REPORT-2017_FV.pdf\" target=\"_blank\" rel=\"noopener\">qui<\/a>.<\/strong>\u00a0O texto brasileiro consta na p\u00e1gina 291 do informe.<\/p>\n<p style=\"text-align: justify;\">Fonte do lan\u00e7amento do estudo:\u00a0<a href=\"http:\/\/segib.org\/migracion-y-desarrollo-en-iberoamerica\/\" target=\"_blank\" rel=\"noopener\">SEGIB<\/a><\/p>","protected":false},"featured_media":0,"parent":0,"template":"","categories":[42],"class_list":["post-14367","csem_em_foco","type-csem_em_foco","status-publish","hentry","category-42"],"acf":[],"_links":{"self":[{"href":"https:\/\/www.csem.org.br\/it\/wp-json\/wp\/v2\/csem_em_foco\/14367","targetHints":{"allow":["GET"]}}],"collection":[{"href":"https:\/\/www.csem.org.br\/it\/wp-json\/wp\/v2\/csem_em_foco"}],"about":[{"href":"https:\/\/www.csem.org.br\/it\/wp-json\/wp\/v2\/types\/csem_em_foco"}],"wp:attachment":[{"href":"https:\/\/www.csem.org.br\/it\/wp-json\/wp\/v2\/media?parent=14367"}],"wp:term":[{"taxonomy":"category","embeddable":true,"href":"https:\/\/www.csem.org.br\/it\/wp-json\/wp\/v2\/categories?post=14367"}],"curies":[{"name":"wp","href":"https:\/\/api.w.org\/{rel}","templated":true}]}}

SEGIB e OIM lançam o informe geral “Migración y Desarrollo en Iberoamérica”

<p style="text-align: justify;">Foi publicado pela Secretaria Geral Iberoamericana (SEGIB) em parceria com a Organização Internacional para as migrações (OIM) o informe geral do estudo entitulado “Migración y Desarrollo en Iberoamérica”. O CSEM, juntamente com parceiros, colaborou com o texto sobre Migrações e desenvolvimento no Brasil.</p>
<p style="text-align: justify;">Em outubro deste ano, no ato de apresentação do estudo, a Secretária Rebeca Grynspan comentou que a Ibero-américa &#8220;não pode ser entendida sem as migrações&#8221; e por isso &#8220;tem muito o que contribuir ao debate global sobre o tema&#8221;.</p>
<p style="text-align: justify;"><strong>Acesse o arquivo disponibilizado no site da SEBIG <a href="http://segib.org/wp-content/uploads/GLOBAL-OBIMID-IOM-REPORT-2017_FV.pdf" target="_blank" rel="noopener">qui</a>.</strong> O texto brasileiro consta na página 291 do informe.</p>
<p style="text-align: justify;">Fonte do lançamento do estudo: <a href="http://segib.org/migracion-y-desarrollo-en-iberoamerica/" target="_blank" rel="noopener">SEGIB</a></p>
