{"id":14214,"date":"2014-05-27T14:07:37","date_gmt":"2014-05-27T17:07:37","guid":{"rendered":"https:\/\/www.csem.org.br\/?post_type=csem_em_foco&#038;p=14214"},"modified":"2023-07-21T16:26:30","modified_gmt":"2023-07-21T19:26:30","slug":"csem-recebe-aldo-paviani-para-roda-de-conversa","status":"publish","type":"csem_em_foco","link":"https:\/\/www.csem.org.br\/it\/csem_em_foco\/csem-recebe-aldo-paviani-para-roda-de-conversa\/","title":{"rendered":"CSEM recebe Aldo Paviani para Roda de conversa"},"content":{"rendered":"<p>O Centro Scalabriniano de Estudos Migrat\u00f3rios (CSEM) realizou, em 23 de maio de 2014, a roda de conversa intitulada \u201curbaniza\u00e7\u00e3o em Bras\u00edlia: t\u00f3picos para debate\u201d.<br \/>\nNa ocasi\u00e3o, o professor Aldo Paviani dialogou, a partir da sua trajet\u00f3ria de pesquisa na \u00c1rea Metropolita de Bras\u00edlia, com os pesquisadores que comp\u00f5em o grupo de pesquisa do CSEM.<\/p>\n<p>Nesta oportunidade, se buscou estimular a reflex\u00e3o interdisciplinar entre os estudiosos vinculados ao CSEM, os quais est\u00e3o interessados na compreens\u00e3o da realidade migrat\u00f3ria na \u00c1rea Metropolitana de Bras\u00edlia. Por isso, essa roda de conversa focou a discuss\u00e3o em torno das seguintes conceitos: &#8220;entorno&#8221;; &#8220;periferia&#8221;; &#8220;cidades sat\u00e9lites&#8221;, &#8220;aglomerado urbano&#8221;; &#8220;regi\u00f5es administrativas &#8220;, dentre outras.<\/p>\n<p><img fetchpriority=\"high\" decoding=\"async\" class=\"alignleft size-600 wp-image-14215\" src=\"https:\/\/www.csem.org.br\/wp-content\/uploads\/2018\/08\/IMG_0071-600x450.jpg\" alt=\"\" width=\"600\" height=\"450\" title=\"\">A roda de conversa \u00e9 uma metodologia que contribui para fomentar a reflex\u00e3o e o di\u00e1logo entre os participantes do grupo. Essa estrat\u00e9gia \u00e9 chave para estimular a participa\u00e7\u00e3o coletiva em debates acerca de uma tem\u00e1tica, criando espa\u00e7os de di\u00e1logo, nos quais os participantes podem expressar suas ideias e, principalmente, escutar uns aos outros. Nessa ordem, a roda de conversa dinamiza a socializa\u00e7\u00e3o de saberes e a troca de experi<\/p>","protected":false},"featured_media":14156,"parent":0,"template":"","categories":[39],"class_list":["post-14214","csem_em_foco","type-csem_em_foco","status-publish","has-post-thumbnail","hentry","category-39"],"acf":[],"_links":{"self":[{"href":"https:\/\/www.csem.org.br\/it\/wp-json\/wp\/v2\/csem_em_foco\/14214","targetHints":{"allow":["GET"]}}],"collection":[{"href":"https:\/\/www.csem.org.br\/it\/wp-json\/wp\/v2\/csem_em_foco"}],"about":[{"href":"https:\/\/www.csem.org.br\/it\/wp-json\/wp\/v2\/types\/csem_em_foco"}],"wp:featuredmedia":[{"embeddable":true,"href":"https:\/\/www.csem.org.br\/it\/wp-json\/wp\/v2\/media\/14156"}],"wp:attachment":[{"href":"https:\/\/www.csem.org.br\/it\/wp-json\/wp\/v2\/media?parent=14214"}],"wp:term":[{"taxonomy":"category","embeddable":true,"href":"https:\/\/www.csem.org.br\/it\/wp-json\/wp\/v2\/categories?post=14214"}],"curies":[{"name":"wp","href":"https:\/\/api.w.org\/{rel}","templated":true}]}}

<p>O Centro Scalabriniano de Estudos Migratórios (CSEM) realizou, em 23 de maio de 2014, a roda de conversa intitulada “urbanização em Brasília: tópicos para debate”.<br />
Na ocasião, o professor Aldo Paviani dialogou, a partir da sua trajetória de pesquisa na Área Metropolita de Brasília, com os pesquisadores que compõem o grupo de pesquisa do CSEM.</p>
<p>Nesta oportunidade, se buscou estimular a reflexão interdisciplinar entre os estudiosos vinculados ao CSEM, os quais estão interessados na compreensão da realidade migratória na Área Metropolitana de Brasília. Por isso, essa roda de conversa focou a discussão em torno das seguintes conceitos: &#8220;entorno&#8221;; &#8220;periferia&#8221;; &#8220;cidades satélites&#8221;, &#8220;aglomerado urbano&#8221;; &#8220;regiões administrativas &#8220;, dentre outras.</p>
<p><img fetchpriority="high" decoding="async" class="alignleft size-600 wp-image-14215" src="https://www.csem.org.br/wp-content/uploads/2018/08/IMG_0071-600x450.jpg" alt="" width="600" height="450" title="">A roda de conversa é uma metodologia que contribui para fomentar a reflexão e o diálogo entre os participantes do grupo. Essa estratégia é chave para estimular a participação coletiva em debates acerca de uma temática, criando espaços de diálogo, nos quais os participantes podem expressar suas ideias e, principalmente, escutar uns aos outros. Nessa ordem, a roda de conversa dinamiza a socialização de saberes e a troca de experi</p>
