{"id":26189,"date":"2025-10-09T11:59:39","date_gmt":"2025-10-09T14:59:39","guid":{"rendered":"https:\/\/www.csem.org.br\/?post_type=csem_em_foco&#038;p=26189"},"modified":"2025-10-09T11:59:40","modified_gmt":"2025-10-09T14:59:40","slug":"profilo-spirituale-di-una-donna-forte-beata-assunta-marchetti","status":"publish","type":"csem_em_foco","link":"https:\/\/www.csem.org.br\/es\/csem_em_foco\/profilo-spirituale-di-una-donna-forte-beata-assunta-marchetti\/","title":{"rendered":"Perfil espiritual de una mujer fuerte: Beata Assunta Marchetti"},"content":{"rendered":"<p><em>Leocadia Ortolan Mezzomo<\/em><\/p>\n\n\n\n<p><br>\u00a0 \u00a0 \u00a0 \u00a0 \u00a0 \u00a0 Con gran alegr\u00eda ponemos el libro a su disposici\u00f3n en el sitio web del CSEM:\u00a0 <strong><em><a href=\"https:\/\/www.csem.org.br\/es\/livros\/profilo-spirituale-di-una-donna-forte-beata-assunta-marchetti\/\">Perfil espiritual de una mujer fuerte: Beata Assunta Marchetti<\/a><\/em> <\/strong>- traducido al portugu\u00e9s, al espa\u00f1ol y al ingl\u00e9s. En esta sencilla obra, se nos invita a seguir los caminos de una mujer sencilla y humilde, pero profundamente fuerte en la fe y ardiente en la caridad.<\/p>\n\n\n\n<p>&nbsp;&nbsp;&nbsp;&nbsp;&nbsp;&nbsp;&nbsp;&nbsp;&nbsp;&nbsp;&nbsp;&nbsp;&nbsp;&nbsp;Assunta Caterina naci\u00f3 en Italia y a los 24 a\u00f1os se hizo \u201cemigrante con los emigrantes\u201d para ser Madre de los hu\u00e9rfanos y abandonados de Brasil. Como religiosa misionera en Brasil, vivi\u00f3 una vida marcada por la caridad y la atenci\u00f3n especial a los hu\u00e9rfanos, los emigrantes y los enfermos. Puso toda su confianza en el Coraz\u00f3n amoroso de Jes\u00fas y en la Providencia.<\/p>\n\n\n\n<p>&nbsp;&nbsp;&nbsp;&nbsp;&nbsp;&nbsp;&nbsp;&nbsp;&nbsp;&nbsp;&nbsp;&nbsp;Su testimonio nos inspira a creer que la santidad es posible y que nace y crece en la vida cotidiana, en el servicio humilde y oculto. Fue una misionera muy perseverante ante las dificultades de la vida, ungida como estaba con la fuerza del Esp\u00edritu.<strong>&nbsp;<\/strong><\/p>\n\n\n\n<p>&nbsp;&nbsp;&nbsp;&nbsp;&nbsp;&nbsp;&nbsp;&nbsp;&nbsp;&nbsp;&nbsp;&nbsp;&nbsp;&nbsp;&nbsp;La Iglesia reconoci\u00f3 la heroica vivencia de las virtudes de la Madre Assunta Marchetti y las muchas gracias y milagros que sucedieron por su intercesi\u00f3n, y por eso fue beatificada el 25 de octubre de 2014 en la Catedral de S\u00e3o Paulo, SP.&nbsp;<\/p>\n\n\n\n<p>La Congregaci\u00f3n de las Hermanas Misioneras Scalabrinianas, de la que Assunta Marchetti es cofundadora, sigue activa, trabajando con migrantes y refugiados, especialmente entre ni\u00f1os y mujeres en situaci\u00f3n vulnerable.<\/p>\n\n\n\n<p>Su testimonio sigue siendo inspirador para las generaciones actuales: especialmente para quienes viven en las fronteras, en extrema vulnerabilidad, luchando con dignidad, sin perder la fe, la esperanza y el amor.&nbsp;<\/p>\n\n\n\n<p>Que la lectura de este libro nos ayude a conocer mejor su vida y, sobre todo, a seguir sus pasos, para ser tambi\u00e9n nosotros instrumentos de Dios con los m\u00e1s fr\u00e1giles y abandonados en el mundo de la Movilidad Humana.&nbsp;<\/p>\n\n\n\n<p><\/p>","protected":false},"featured_media":26175,"parent":0,"template":"","categories":[],"class_list":["post-26189","csem_em_foco","type-csem_em_foco","status-publish","has-post-thumbnail","hentry"],"acf":[],"_links":{"self":[{"href":"https:\/\/www.csem.org.br\/es\/wp-json\/wp\/v2\/csem_em_foco\/26189","targetHints":{"allow":["GET"]}}],"collection":[{"href":"https:\/\/www.csem.org.br\/es\/wp-json\/wp\/v2\/csem_em_foco"}],"about":[{"href":"https:\/\/www.csem.org.br\/es\/wp-json\/wp\/v2\/types\/csem_em_foco"}],"wp:featuredmedia":[{"embeddable":true,"href":"https:\/\/www.csem.org.br\/es\/wp-json\/wp\/v2\/media\/26175"}],"wp:attachment":[{"href":"https:\/\/www.csem.org.br\/es\/wp-json\/wp\/v2\/media?parent=26189"}],"wp:term":[{"taxonomy":"category","embeddable":true,"href":"https:\/\/www.csem.org.br\/es\/wp-json\/wp\/v2\/categories?post=26189"}],"curies":[{"name":"wp","href":"https:\/\/api.w.org\/{rel}","templated":true}]}}

<p><em>Leocadia Ortolan Mezzomo</em></p>



<p><br>            Con gran alegría ponemos el libro a su disposición en el sitio web del CSEM:  <strong><em><a href="https://www.csem.org.br/es/livros/profilo-spirituale-di-una-donna-forte-beata-assunta-marchetti/">Perfil espiritual de una mujer fuerte: Beata Assunta Marchetti</a></em> </strong>- traducido al portugués, al español y al inglés. En esta sencilla obra, se nos invita a seguir los caminos de una mujer sencilla y humilde, pero profundamente fuerte en la fe y ardiente en la caridad.</p>



<p>&nbsp;&nbsp;&nbsp;&nbsp;&nbsp;&nbsp;&nbsp;&nbsp;&nbsp;&nbsp;&nbsp;&nbsp;&nbsp;&nbsp;Assunta Caterina nació en Italia y a los 24 años se hizo “emigrante con los emigrantes” para ser Madre de los huérfanos y abandonados de Brasil. Como religiosa misionera en Brasil, vivió una vida marcada por la caridad y la atención especial a los huérfanos, los emigrantes y los enfermos. Puso toda su confianza en el Corazón amoroso de Jesús y en la Providencia.</p>



<p>&nbsp;&nbsp;&nbsp;&nbsp;&nbsp;&nbsp;&nbsp;&nbsp;&nbsp;&nbsp;&nbsp;&nbsp;Su testimonio nos inspira a creer que la santidad es posible y que nace y crece en la vida cotidiana, en el servicio humilde y oculto. Fue una misionera muy perseverante ante las dificultades de la vida, ungida como estaba con la fuerza del Espíritu.<strong>&nbsp;</strong></p>



<p>&nbsp;&nbsp;&nbsp;&nbsp;&nbsp;&nbsp;&nbsp;&nbsp;&nbsp;&nbsp;&nbsp;&nbsp;&nbsp;&nbsp;&nbsp;La Iglesia reconoció la heroica vivencia de las virtudes de la Madre Assunta Marchetti y las muchas gracias y milagros que sucedieron por su intercesión, y por eso fue beatificada el 25 de octubre de 2014 en la Catedral de São Paulo, SP.&nbsp;</p>



<p>La Congregación de las Hermanas Misioneras Scalabrinianas, de la que Assunta Marchetti es cofundadora, sigue activa, trabajando con migrantes y refugiados, especialmente entre niños y mujeres en situación vulnerable.</p>



<p>Su testimonio sigue siendo inspirador para las generaciones actuales: especialmente para quienes viven en las fronteras, en extrema vulnerabilidad, luchando con dignidad, sin perder la fe, la esperanza y el amor.&nbsp;</p>



<p>Que la lectura de este libro nos ayude a conocer mejor su vida y, sobre todo, a seguir sus pasos, para ser también nosotros instrumentos de Dios con los más frágiles y abandonados en el mundo de la Movilidad Humana.&nbsp;</p>



<p></p>
