{"id":26176,"date":"2025-10-08T10:26:38","date_gmt":"2025-10-08T13:26:38","guid":{"rendered":"https:\/\/www.csem.org.br\/?post_type=csem_em_foco&#038;p=26176"},"modified":"2025-10-08T12:07:23","modified_gmt":"2025-10-08T15:07:23","slug":"governo-brasileiro-institui-politica-nacional-de-migracoes-refugio-e-apatridia-com-foco-nos-direitos-humanos-desenvolvimento-e-trabalho-decente","status":"publish","type":"csem_em_foco","link":"https:\/\/www.csem.org.br\/es\/csem_em_foco\/governo-brasileiro-institui-politica-nacional-de-migracoes-refugio-e-apatridia-com-foco-nos-direitos-humanos-desenvolvimento-e-trabalho-decente\/","title":{"rendered":"El gobierno brasile\u00f1o establece una Pol\u00edtica Nacional de Migraci\u00f3n, Refugio y Apatridia, centrada en los derechos humanos, el desarrollo y el trabajo digno."},"content":{"rendered":"<p>Publicado en <em>Diario Oficial de la Uni\u00f3n Europea<\/em> este martes (8), el <strong>Decreto n\u00ba 12.657\/2025<\/strong> establece oficialmente el <strong>Pol\u00edtica Nacional de Migraci\u00f3n, Refugiados y Ap\u00e1tridas (PNMRA)<\/strong>. El texto reglamenta el art\u00edculo 120 de la Ley de Migraci\u00f3n y consolida un nuevo marco para las pol\u00edticas p\u00fablicas dirigidas a los migrantes, refugiados y ap\u00e1tridas en Brasil.<\/p>\n\n\n\n<p>La nueva pol\u00edtica reconoce la <strong>la poblaci\u00f3n inmigrante como agente de desarrollo econ\u00f3mico y social<\/strong>El gobierno federal busca reposicionar el tema de la migraci\u00f3n dentro de la agenda de crecimiento e inclusi\u00f3n productiva, reforzando que la movilidad humana contribuye a la generaci\u00f3n de ingresos, a la innovaci\u00f3n y al fortalecimiento de las comunidades locales. Con esto, el gobierno federal busca reposicionar el tema de la migraci\u00f3n dentro de la agenda de crecimiento e inclusi\u00f3n productiva.<\/p>\n\n\n\n<p>Otro punto central es el <strong>compromiso con el trabajo digno y la igualdad de oportunidades<\/strong>. El decreto prev\u00e9 acciones de cualificaci\u00f3n profesional, lucha contra la explotaci\u00f3n laboral y fomento de la contrataci\u00f3n formal de inmigrantes en igualdad de condiciones con los trabajadores nacionales. Seg\u00fan el texto, la medida debe favorecer la integraci\u00f3n local y aumentar el acceso a programas de empleo e ingresos.<\/p>\n\n\n\n<p>A <strong>interculturalidad y transversalidad<\/strong> tambi\u00e9n aparecen como directrices estructuradoras de la pol\u00edtica. Esto significa que todas las \u00e1reas de gobierno -educaci\u00f3n, sanidad, asistencia social y trabajo- tendr\u00e1n que trabajar juntas de forma sensible a la diversidad cultural, ling\u00fc\u00edstica y religiosa de las poblaciones inmigrantes. El enfoque intercultural pretende reducir las barreras de acceso y hacer que los servicios p\u00fablicos sean m\u00e1s inclusivos.<\/p>\n\n\n\n<p>En el \u00e1mbito humanitario, el decreto <strong>regula la acogida en situaciones de emergencia y crisis migratorias<\/strong>Tambi\u00e9n establece la creaci\u00f3n de protocolos y flujos estandarizados entre las entidades federales. La medida busca garantizar respuestas r\u00e1pidas y coordinadas basadas en diagn\u00f3sticos territoriales que identifiquen las demandas locales y regionales.<\/p>\n\n\n\n<p>La pol\u00edtica tambi\u00e9n refuerza la <strong>promover los derechos humanos<\/strong>con especial atenci\u00f3n a los grupos m\u00e1s vulnerables, como <strong>ni\u00f1os, ancianos, personas con discapacidad, poblaci\u00f3n LGBTQIA+ y personas sin hogar<\/strong>. El objetivo es consolidar un sistema de protecci\u00f3n integral que evite las violaciones y refuerce la convivencia intercultural.<\/p>\n\n\n\n<p>Con la creaci\u00f3n del PNMRA, Brasil avanza en la construcci\u00f3n de un <strong>gobernanza de la migraci\u00f3n basada en pruebas, cooperaci\u00f3n federativa y respeto de la dignidad humana<\/strong>. La expectativa es que el nuevo marco regulador impulse pol\u00edticas p\u00fablicas m\u00e1s eficientes y coordinadas, reconociendo la migraci\u00f3n no como un problema, sino como una oportunidad. <strong>parte de la soluci\u00f3n para el desarrollo social y econ\u00f3mico del pa\u00eds<\/strong>.<\/p>\n\n\n\n<p><\/p>","protected":false},"featured_media":26177,"parent":0,"template":"","categories":[59],"class_list":["post-26176","csem_em_foco","type-csem_em_foco","status-publish","has-post-thumbnail","hentry","category-destaque-csem-em-foco"],"acf":[],"_links":{"self":[{"href":"https:\/\/www.csem.org.br\/es\/wp-json\/wp\/v2\/csem_em_foco\/26176","targetHints":{"allow":["GET"]}}],"collection":[{"href":"https:\/\/www.csem.org.br\/es\/wp-json\/wp\/v2\/csem_em_foco"}],"about":[{"href":"https:\/\/www.csem.org.br\/es\/wp-json\/wp\/v2\/types\/csem_em_foco"}],"wp:featuredmedia":[{"embeddable":true,"href":"https:\/\/www.csem.org.br\/es\/wp-json\/wp\/v2\/media\/26177"}],"wp:attachment":[{"href":"https:\/\/www.csem.org.br\/es\/wp-json\/wp\/v2\/media?parent=26176"}],"wp:term":[{"taxonomy":"category","embeddable":true,"href":"https:\/\/www.csem.org.br\/es\/wp-json\/wp\/v2\/categories?post=26176"}],"curies":[{"name":"wp","href":"https:\/\/api.w.org\/{rel}","templated":true}]}}

El gobierno brasileño establece una Política Nacional de Migración, Refugio y Apatridia, centrada en los derechos humanos, el desarrollo y el trabajo digno.

<p>Publicado en <em>Diario Oficial de la Unión Europea</em> este martes (8), el <strong>Decreto nº 12.657/2025</strong> establece oficialmente el <strong>Política Nacional de Migración, Refugiados y Apátridas (PNMRA)</strong>. El texto reglamenta el artículo 120 de la Ley de Migración y consolida un nuevo marco para las políticas públicas dirigidas a los migrantes, refugiados y apátridas en Brasil.</p>



<p>La nueva política reconoce la <strong>la población inmigrante como agente de desarrollo económico y social</strong>El gobierno federal busca reposicionar el tema de la migración dentro de la agenda de crecimiento e inclusión productiva, reforzando que la movilidad humana contribuye a la generación de ingresos, a la innovación y al fortalecimiento de las comunidades locales. Con esto, el gobierno federal busca reposicionar el tema de la migración dentro de la agenda de crecimiento e inclusión productiva.</p>



<p>Otro punto central es el <strong>compromiso con el trabajo digno y la igualdad de oportunidades</strong>. El decreto prevé acciones de cualificación profesional, lucha contra la explotación laboral y fomento de la contratación formal de inmigrantes en igualdad de condiciones con los trabajadores nacionales. Según el texto, la medida debe favorecer la integración local y aumentar el acceso a programas de empleo e ingresos.</p>



<p>A <strong>interculturalidad y transversalidad</strong> también aparecen como directrices estructuradoras de la política. Esto significa que todas las áreas de gobierno -educación, sanidad, asistencia social y trabajo- tendrán que trabajar juntas de forma sensible a la diversidad cultural, lingüística y religiosa de las poblaciones inmigrantes. El enfoque intercultural pretende reducir las barreras de acceso y hacer que los servicios públicos sean más inclusivos.</p>



<p>En el ámbito humanitario, el decreto <strong>regula la acogida en situaciones de emergencia y crisis migratorias</strong>También establece la creación de protocolos y flujos estandarizados entre las entidades federales. La medida busca garantizar respuestas rápidas y coordinadas basadas en diagnósticos territoriales que identifiquen las demandas locales y regionales.</p>



<p>La política también refuerza la <strong>promover los derechos humanos</strong>con especial atención a los grupos más vulnerables, como <strong>niños, ancianos, personas con discapacidad, población LGBTQIA+ y personas sin hogar</strong>. El objetivo es consolidar un sistema de protección integral que evite las violaciones y refuerce la convivencia intercultural.</p>



<p>Con la creación del PNMRA, Brasil avanza en la construcción de un <strong>gobernanza de la migración basada en pruebas, cooperación federativa y respeto de la dignidad humana</strong>. La expectativa es que el nuevo marco regulador impulse políticas públicas más eficientes y coordinadas, reconociendo la migración no como un problema, sino como una oportunidad. <strong>parte de la solución para el desarrollo social y económico del país</strong>.</p>



<p></p>
