{"id":24746,"date":"2024-12-04T13:57:56","date_gmt":"2024-12-04T16:57:56","guid":{"rendered":"https:\/\/www.csem.org.br\/?post_type=csem_em_foco&#038;p=24746"},"modified":"2024-12-10T14:47:01","modified_gmt":"2024-12-10T17:47:01","slug":"icomir-dialogos-para-compreender-humanizar-e-valorizar-as-pessoas-em-mobilidade","status":"publish","type":"csem_em_foco","link":"https:\/\/www.csem.org.br\/es\/csem_em_foco\/icomir-dialogos-para-compreender-humanizar-e-valorizar-as-pessoas-em-mobilidade\/","title":{"rendered":"ICoMiR: Di\u00e1logos para comprender, humanizar y valorar a las personas en movimiento"},"content":{"rendered":"<p><strong>Di\u00e1logos para compreender, humanizar e valorizar as pessoas em mobilidade \u00e9 o t\u00edtulo <\/strong>da III Confer\u00eancia Internacional sobre migra\u00e7\u00f5es e ref\u00fagio &#8211; ICoMiR, que o Centro Scalabriniano de Estudos Migrat\u00f3rios \u2013 CSEM realizar\u00e1 nos dias 19 a 22 de maio de 2025, em Bras\u00edlia \/ Brasil, na Casa Dom Luciano &#8211; SGAN 905 Conjunto C,\u00a0Asa Norte.<\/p>\n<p>Assim como nas edi\u00e7\u00f5es anteriores de 2018 em Johannesburg, na \u00c1frica do Sul e de 2023 em Tijuana, no M\u00e9xico,o evento proporciona um espa\u00e7o de encontro e troca, visando a constru\u00e7\u00e3o de um conhecimento transversal e inclusivo sobre as din\u00e2micas migrat\u00f3rias e do ref\u00fagio, incentivando a formula\u00e7\u00e3o de pol\u00edticas p\u00fablicas focadas nos direitos dos migrantes e refugiados, a multiplica\u00e7\u00e3o de pr\u00e1ticas solid\u00e1rias que fortale\u00e7am o protagonismo dos sujeitos migrantes e refugiados e a valoriza\u00e7\u00e3o de seus aportes.<\/p>\n<p>Por meio das Confer\u00eancias Internacionais o CSEM se prop\u00f5e promover uma compreens\u00e3o abrangente e multidimensional das tend\u00eancias migrat\u00f3rias, de mobilidade e ref\u00fagio contempor\u00e2neas, seja nos fluxos Sul-Norte como nos Sul-Sul, com a participa\u00e7\u00e3o ativa e interativa de profissionais da academia, profissionais agentes sociais e pastorais, coletivos de pessoas migrantes e refugiadas, assim como representantes de organiza\u00e7\u00f5es da sociedade civil e de \u00f3rg\u00e3os governamentais. O evento ser\u00e1 em portugu\u00eas e ingl\u00eas, com tradu\u00e7\u00e3o simult\u00e2nea. <strong>O programa preliminar encontra-se nesse link: <\/strong><a href=\"https:\/\/www.csem.org.br\/es\/24239-2\/\"><strong>https:\/\/www.csem.org.br\/24239-2\/<\/strong><\/a>. Outras informa\u00e7\u00f5es tamb\u00e9m se encontram na p\u00e1gina web do evento: <a href=\"https:\/\/www.csem.org.br\/es\/csem-eventos\/icomir\/\">https:\/\/www.csem.org.br\/csem-eventos\/icomir\/<\/a>.<\/p>\n<p>A metodologia da III ICoMiR \u00e9 voltada para a participa\u00e7\u00e3o ativa, a circula\u00e7\u00e3o de saberes, as articula\u00e7\u00f5es em rede e o fortalecimento do protagonismo de migrantes e refugiados nos temas relacionados com essa popula\u00e7\u00e3o.<\/p>\n<p>Fa\u00e7a sua \u00a0<strong>inscri\u00e7\u00e3o<\/strong> pelo link:\u00a0\u00a0\u00a0\u00a0\u00a0\u00a0\u00a0 <a href=\"https:\/\/docs.google.com\/forms\/d\/e\/1FAIpQLSecVSUVWVzdDat37DLHVzTg1qPX4kItBfi2TzD8qVG-W0nC9Q\/viewform?vc=0&amp;c=0&amp;w=1&amp;flr=0&amp;pli=1\" target=\"_blank\" rel=\"noopener\">https:\/\/docs.google.com\/forms\/d\/e\/1FAIpQLSecVSUVWVzdDat37DLHVzTg1qPX4kItBfi2TzD8qVG-W0nC9Q\/viewform?vc=0&amp;c=0&amp;w=1&amp;flr=0&amp;pli=1<\/a>.<\/p>\n<p>Para mais informa\u00e7\u00f5es: <a href=\"mailto:conferenciacsem@gmail.com\"><strong>conferenciacsem@gmail.com<\/strong><\/a>.<\/p>","protected":false},"featured_media":24773,"parent":0,"template":"","categories":[59],"class_list":["post-24746","csem_em_foco","type-csem_em_foco","status-publish","has-post-thumbnail","hentry","category-destaque-csem-em-foco"],"acf":[],"_links":{"self":[{"href":"https:\/\/www.csem.org.br\/es\/wp-json\/wp\/v2\/csem_em_foco\/24746","targetHints":{"allow":["GET"]}}],"collection":[{"href":"https:\/\/www.csem.org.br\/es\/wp-json\/wp\/v2\/csem_em_foco"}],"about":[{"href":"https:\/\/www.csem.org.br\/es\/wp-json\/wp\/v2\/types\/csem_em_foco"}],"wp:featuredmedia":[{"embeddable":true,"href":"https:\/\/www.csem.org.br\/es\/wp-json\/wp\/v2\/media\/24773"}],"wp:attachment":[{"href":"https:\/\/www.csem.org.br\/es\/wp-json\/wp\/v2\/media?parent=24746"}],"wp:term":[{"taxonomy":"category","embeddable":true,"href":"https:\/\/www.csem.org.br\/es\/wp-json\/wp\/v2\/categories?post=24746"}],"curies":[{"name":"wp","href":"https:\/\/api.w.org\/{rel}","templated":true}]}}

ICoMiR: Diálogos para comprender, humanizar y valorar a las personas en movimiento

<p><strong>Diálogos para compreender, humanizar e valorizar as pessoas em mobilidade é o título </strong>da III Conferência Internacional sobre migrações e refúgio &#8211; ICoMiR, que o Centro Scalabriniano de Estudos Migratórios – CSEM realizará nos dias 19 a 22 de maio de 2025, em Brasília / Brasil, na Casa Dom Luciano &#8211; SGAN 905 Conjunto C, Asa Norte.</p>
<p>Assim como nas edições anteriores de 2018 em Johannesburg, na África do Sul e de 2023 em Tijuana, no México,o evento proporciona um espaço de encontro e troca, visando a construção de um conhecimento transversal e inclusivo sobre as dinâmicas migratórias e do refúgio, incentivando a formulação de políticas públicas focadas nos direitos dos migrantes e refugiados, a multiplicação de práticas solidárias que fortaleçam o protagonismo dos sujeitos migrantes e refugiados e a valorização de seus aportes.</p>
<p>Por meio das Conferências Internacionais o CSEM se propõe promover uma compreensão abrangente e multidimensional das tendências migratórias, de mobilidade e refúgio contemporâneas, seja nos fluxos Sul-Norte como nos Sul-Sul, com a participação ativa e interativa de profissionais da academia, profissionais agentes sociais e pastorais, coletivos de pessoas migrantes e refugiadas, assim como representantes de organizações da sociedade civil e de órgãos governamentais. O evento será em português e inglês, com tradução simultânea. <strong>O programa preliminar encontra-se nesse link: </strong><a href="https://www.csem.org.br/es/24239-2/"><strong>https://www.csem.org.br/24239-2/</strong></a>. Outras informações também se encontram na página web do evento: <a href="https://www.csem.org.br/es/csem-eventos/icomir/">https://www.csem.org.br/csem-eventos/icomir/</a>.</p>
<p>A metodologia da III ICoMiR é voltada para a participação ativa, a circulação de saberes, as articulações em rede e o fortalecimento do protagonismo de migrantes e refugiados nos temas relacionados com essa população.</p>
<p>Faça sua  <strong>inscrição</strong> pelo link:        <a href="https://docs.google.com/forms/d/e/1FAIpQLSecVSUVWVzdDat37DLHVzTg1qPX4kItBfi2TzD8qVG-W0nC9Q/viewform?vc=0&amp;c=0&amp;w=1&amp;flr=0&amp;pli=1" target="_blank" rel="noopener">https://docs.google.com/forms/d/e/1FAIpQLSecVSUVWVzdDat37DLHVzTg1qPX4kItBfi2TzD8qVG-W0nC9Q/viewform?vc=0&amp;c=0&amp;w=1&amp;flr=0&amp;pli=1</a>.</p>
<p>Para mais informações: <a href="mailto:conferenciacsem@gmail.com"><strong>conferenciacsem@gmail.com</strong></a>.</p>
