{"id":24011,"date":"2024-07-23T11:29:15","date_gmt":"2024-07-23T14:29:15","guid":{"rendered":"https:\/\/www.csem.org.br\/?post_type=csem_em_foco&#038;p=24011"},"modified":"2024-07-23T11:29:15","modified_gmt":"2024-07-23T14:29:15","slug":"migrantes-agentes-de-transformaciones","status":"publish","type":"csem_em_foco","link":"https:\/\/www.csem.org.br\/es\/csem_em_foco\/migrantes-agentes-de-transformaciones\/","title":{"rendered":"Migrantes: Agentes de transformaciones"},"content":{"rendered":"<p>El Centro Scalabriniano de Estudios Migratorios tiene como &nbsp;desde su creaci\u00f3n como un centro de estudios congregacional cuya trayectoria lo perfila como un interloutor entre el&nbsp; Centro y los diferentes actores sociales como la academia, la Iglesia y la sociedad civil organizada en pro de las personas migrantes. Ha adoptado como eje reflexivo para sus estudios e investigaci\u00f3n el PROTAGONISMO DE LOS\/LAS MIGRANTES Y REFUGIADOS\/AS, considerada<strong> <\/strong>como el N\u00facleo Duro, como una opci\u00f3n de conducci\u00f3n &nbsp;institucional que orienta estrat\u00e9gica y metodologicamente procesos&nbsp; critico\/reflexivos&nbsp; en la producci\u00f3n de conocimientos y como principio rector de sus programas. La atenci\u00f3n se centra en las personas en movimiento, reconoci\u00e9ndolas como actores\/sujetos de derechos, con capacidad de agencia y resiliencia.<\/p>\n\n\n\n<p>El CSEM tambi\u00e9n asesora y participa en procesos de formaci\u00f3n sobre el atendimiento a las personas migrantes\/refugiados. En este sentido, ejecuta &nbsp;una agenda activa&nbsp; de trabajo Formativo dirigido&nbsp; a la comunidad en general y con especial dedicaci\u00f3n a la congregaci\u00f3n tanto a los funcionarios adscritos como a las Hermanas con el prop\u00f3sito de generar una ventana de disertaci\u00f3n continua y de acercamiento entre la&nbsp; teor\u00eda y la praxis, en el que se pueda conectar el trabajo de investigaci\u00f3n realizado por el CSEM y la acci\u00f3n social cotidiana que es realizada por los diferentes Centros &nbsp;y actividades que trabajan directamente con la cotidianidad migratoria, construyendo as\u00ed un flujo bidireccional que permite la retroalimentaci\u00f3n y validaci\u00f3n constante de los conocimientos producidos y&nbsp; garantiza la incidencia positiva en la poblaci\u00f3n y situaci\u00f3n objetivo<\/p>\n\n\n\n<p>En atenci\u00f3n a esta premisa el CSEM realiz\u00f3 una actividad Formativa dirigida a la Misi\u00f3n Scalabriniana de Ecuador, para disertar sobre la <strong><u>Realidad Migratoria y&nbsp; Protagonismo de los &#8220;migrantes&#8221; como clave de interpretaci\u00f3n y sobre las migraciones y el Papa Francisco.<\/u><\/strong>&nbsp; Con el prop\u00f3sito de exponer las tendencias migratorias se usaron las informaciones producidas y publicadas por instituciones internacionales, como el <a href=\"https:\/\/brazil.iom.int\/sites\/g\/files\/tmzbdl1496\/files\/documents\/2024-05\/world-migration-report-2024.pdf\" target=\"_blank\" rel=\"noopener\"><strong>&nbsp;Relatorio Mundial sobre Migraci\u00f3n de 2024<\/strong><\/a> de la OIM. &nbsp;Esta base nos permiti\u00f3 documentar las mudanzas significativas en los patrones de la migraci\u00f3n &nbsp;global,&nbsp; haciendo foco en &nbsp;Am\u00e9rica Latina como espacio donde acontecen procesos migratorios complejos que la colocan como una regi\u00f3n de <strong>origen\/ transito\/destino; <\/strong>desafiada por factores estructurales de orden pol\u00edtico\/institucional que condicionan la movilidad humana como una pr\u00e1ctica que subvierte el orden y genera caos social, sustentando la creencia de ser una amenaza para el status quo.<\/p>\n\n\n\n<p>El informe expone las tendencias y desaf\u00edos globales para la movilidad humana, los destinos m\u00e1s frecuentes que eligen los migrantes y las rutas que toman para llegar. Resalta el aumento exponencial de migrantes internacionales, espec\u00edficamente los refugiados que suman &nbsp;35,4 millones de personas que se vieron obligadas a abandonar sus hogares por temor a persecuci\u00f3n relacionada con cuestiones de raza, religi\u00f3n, nacionalidad, pertenencia a un determinado grupo social u opini\u00f3n pol\u00edtica, as\u00ed como por las graves y generalizadas violaciones de los derechos humanos y los conflictos armados. Colocando en tendencia mundial a los refugiados venezolanos y ucranianos. Resaltando en Am\u00e9rica Latina la ruta de la <strong>Selva del Dari\u00e9n<\/strong> como la traves\u00eda migratoria m\u00e1s peligrosa que sirve a ecuatorianos y venezolanos mayoritariamente.&nbsp; Referencia en este informe son los 71,4 millones de personas desplazadas por problemas ambientales, como la deforestaci\u00f3n, la desertificaci\u00f3n, la erosi\u00f3n del suelo y los desastres qu\u00edmicos y nucleares. Posicionando a Brasil como el pa\u00eds suramericano en tendencia.<\/p>\n\n\n\n<p>Las remesas internacionales posicionaron la interacci\u00f3n entre los asistentes en el conversatorio por cuanto alcanz\u00f3 gigantescos vol\u00famenes sin que ello revista transformaciones estructurales en los pa\u00edses receptores. Manteniendo condiciones inalterables que reproducen flagelos como la pobreza y exclusi\u00f3n social y econ\u00f3mica,<\/p>\n\n\n\n<p>Adem\u00e1s de los datos y caracter\u00edsticas de la migraci\u00f3n actual y los factores estructurales que condicionan la actuaci\u00f3n de los migrantes, imponen vulnerabilidades y riesgos, la reflexi\u00f3n tambi\u00e9n propone explorar el fen\u00f3meno migratorio desde la perspectiva de la subjetivaci\u00f3n (Mezzadra, 2015), es decir, reconocer el papel protag\u00f3nico de los migrantes para asumir los desaf\u00edos de una movilidad que es criminalizada, que enfrenta barreras f\u00edsicas y estructurales. Comprender su <em>capacidad de agencia <\/em>para incidir en la agenda migratoria y asumir responsabilidades comunitarias frente a la fragilidad de los Estados involucrados tanto de origen como tr\u00e1nsito y destino para garantizar los Derechos Humanos&nbsp; de la poblaci\u00f3n migrante.<\/p>\n\n\n\n<p>Nunca antes la promoci\u00f3n de los derechos humanos hab\u00eda sido tan exaltada en discursos y papeles y parad\u00f3jicamente tan elaboradamente neutralizada, criminalizan con, pol\u00edticas migratorias y legislaciones que impiden la movilidad humana. De la misma forma, la poblaci\u00f3n migrante ha sido probada en su capacidad de crear luchas alternativas que desaf\u00edan el <em>status quo<\/em> establecido y garantizar con relativo \u00e9xito las acciones que la pol\u00edtica bloquea o ignora generando espacios y estrategias para colocar el poder de sus capacidades aut\u00f3nomas y protag\u00f3nicas que los convierten en agentes sociales impulsores de transformaciones estructurales.<\/p>\n\n\n\n<p>Finalmente,&nbsp; concertamos con la idea de que la activaci\u00f3n de las acciones de los migrantes generan cambios, el primero es que se les considera como <strong>sujetos activos<\/strong> con proyectos propios capaces de construir espacios para su consolidaci\u00f3n. Lo segundo, <strong>ser sujetos transformadores<\/strong>, creadores de espacios de convergencia en \u00e1mbitos como el social, a trav\u00e9s de organizaciones: asociaciones y colectivos de la sociedad civil;&nbsp; en lo econ\u00f3mico a trav\u00e9s del emprendimiento e innovaci\u00f3n; en el \u00e1mbito pol\u00edtico, se refiere a acciones de presi\u00f3n por los derechos pol\u00edticos y la capacidad de defender derechos y la auto representaci\u00f3n; en el \u00e1mbito cultural a trav\u00e9s de la capacidad expresiva art\u00edstica y la hibridaci\u00f3n cultural.<\/p>\n\n\n\n<p>Como propuesta de disertaci\u00f3n sugerimos unas interrogantes para posicionar la reflexi\u00f3n del tema en torno a la acci\u00f3n que desde la sociedad civil pudieran ser activadas para la comprensi\u00f3n y el dise\u00f1o de una pauta para la incidencia en la situaci\u00f3n migratoria local.<\/p>","protected":false},"featured_media":24007,"parent":0,"template":"","categories":[84],"class_list":["post-24011","csem_em_foco","type-csem_em_foco","status-publish","has-post-thumbnail","hentry","category-84"],"acf":[],"_links":{"self":[{"href":"https:\/\/www.csem.org.br\/es\/wp-json\/wp\/v2\/csem_em_foco\/24011","targetHints":{"allow":["GET"]}}],"collection":[{"href":"https:\/\/www.csem.org.br\/es\/wp-json\/wp\/v2\/csem_em_foco"}],"about":[{"href":"https:\/\/www.csem.org.br\/es\/wp-json\/wp\/v2\/types\/csem_em_foco"}],"wp:featuredmedia":[{"embeddable":true,"href":"https:\/\/www.csem.org.br\/es\/wp-json\/wp\/v2\/media\/24007"}],"wp:attachment":[{"href":"https:\/\/www.csem.org.br\/es\/wp-json\/wp\/v2\/media?parent=24011"}],"wp:term":[{"taxonomy":"category","embeddable":true,"href":"https:\/\/www.csem.org.br\/es\/wp-json\/wp\/v2\/categories?post=24011"}],"curies":[{"name":"wp","href":"https:\/\/api.w.org\/{rel}","templated":true}]}}

<p>El Centro Scalabriniano de Estudios Migratorios tiene como &nbsp;desde su creación como un centro de estudios congregacional cuya trayectoria lo perfila como un interloutor entre el&nbsp; Centro y los diferentes actores sociales como la academia, la Iglesia y la sociedad civil organizada en pro de las personas migrantes. Ha adoptado como eje reflexivo para sus estudios e investigación el PROTAGONISMO DE LOS/LAS MIGRANTES Y REFUGIADOS/AS, considerada<strong> </strong>como el Núcleo Duro, como una opción de conducción &nbsp;institucional que orienta estratégica y metodologicamente procesos&nbsp; critico/reflexivos&nbsp; en la producción de conocimientos y como principio rector de sus programas. La atención se centra en las personas en movimiento, reconociéndolas como actores/sujetos de derechos, con capacidad de agencia y resiliencia.</p>



<p>El CSEM también asesora y participa en procesos de formación sobre el atendimiento a las personas migrantes/refugiados. En este sentido, ejecuta &nbsp;una agenda activa&nbsp; de trabajo Formativo dirigido&nbsp; a la comunidad en general y con especial dedicación a la congregación tanto a los funcionarios adscritos como a las Hermanas con el propósito de generar una ventana de disertación continua y de acercamiento entre la&nbsp; teoría y la praxis, en el que se pueda conectar el trabajo de investigación realizado por el CSEM y la acción social cotidiana que es realizada por los diferentes Centros &nbsp;y actividades que trabajan directamente con la cotidianidad migratoria, construyendo así un flujo bidireccional que permite la retroalimentación y validación constante de los conocimientos producidos y&nbsp; garantiza la incidencia positiva en la población y situación objetivo</p>



<p>En atención a esta premisa el CSEM realizó una actividad Formativa dirigida a la Misión Scalabriniana de Ecuador, para disertar sobre la <strong><u>Realidad Migratoria y&nbsp; Protagonismo de los &#8220;migrantes&#8221; como clave de interpretación y sobre las migraciones y el Papa Francisco.</u></strong>&nbsp; Con el propósito de exponer las tendencias migratorias se usaron las informaciones producidas y publicadas por instituciones internacionales, como el <a href="https://brazil.iom.int/sites/g/files/tmzbdl1496/files/documents/2024-05/world-migration-report-2024.pdf" target="_blank" rel="noopener"><strong>&nbsp;Relatorio Mundial sobre Migración de 2024</strong></a> de la OIM. &nbsp;Esta base nos permitió documentar las mudanzas significativas en los patrones de la migración &nbsp;global,&nbsp; haciendo foco en &nbsp;América Latina como espacio donde acontecen procesos migratorios complejos que la colocan como una región de <strong>origen/ transito/destino; </strong>desafiada por factores estructurales de orden político/institucional que condicionan la movilidad humana como una práctica que subvierte el orden y genera caos social, sustentando la creencia de ser una amenaza para el status quo.</p>



<p>El informe expone las tendencias y desafíos globales para la movilidad humana, los destinos más frecuentes que eligen los migrantes y las rutas que toman para llegar. Resalta el aumento exponencial de migrantes internacionales, específicamente los refugiados que suman &nbsp;35,4 millones de personas que se vieron obligadas a abandonar sus hogares por temor a persecución relacionada con cuestiones de raza, religión, nacionalidad, pertenencia a un determinado grupo social u opinión política, así como por las graves y generalizadas violaciones de los derechos humanos y los conflictos armados. Colocando en tendencia mundial a los refugiados venezolanos y ucranianos. Resaltando en América Latina la ruta de la <strong>Selva del Darién</strong> como la travesía migratoria más peligrosa que sirve a ecuatorianos y venezolanos mayoritariamente.&nbsp; Referencia en este informe son los 71,4 millones de personas desplazadas por problemas ambientales, como la deforestación, la desertificación, la erosión del suelo y los desastres químicos y nucleares. Posicionando a Brasil como el país suramericano en tendencia.</p>



<p>Las remesas internacionales posicionaron la interacción entre los asistentes en el conversatorio por cuanto alcanzó gigantescos volúmenes sin que ello revista transformaciones estructurales en los países receptores. Manteniendo condiciones inalterables que reproducen flagelos como la pobreza y exclusión social y económica,</p>



<p>Además de los datos y características de la migración actual y los factores estructurales que condicionan la actuación de los migrantes, imponen vulnerabilidades y riesgos, la reflexión también propone explorar el fenómeno migratorio desde la perspectiva de la subjetivación (Mezzadra, 2015), es decir, reconocer el papel protagónico de los migrantes para asumir los desafíos de una movilidad que es criminalizada, que enfrenta barreras físicas y estructurales. Comprender su <em>capacidad de agencia </em>para incidir en la agenda migratoria y asumir responsabilidades comunitarias frente a la fragilidad de los Estados involucrados tanto de origen como tránsito y destino para garantizar los Derechos Humanos&nbsp; de la población migrante.</p>



<p>Nunca antes la promoción de los derechos humanos había sido tan exaltada en discursos y papeles y paradójicamente tan elaboradamente neutralizada, criminalizan con, políticas migratorias y legislaciones que impiden la movilidad humana. De la misma forma, la población migrante ha sido probada en su capacidad de crear luchas alternativas que desafían el <em>status quo</em> establecido y garantizar con relativo éxito las acciones que la política bloquea o ignora generando espacios y estrategias para colocar el poder de sus capacidades autónomas y protagónicas que los convierten en agentes sociales impulsores de transformaciones estructurales.</p>



<p>Finalmente,&nbsp; concertamos con la idea de que la activación de las acciones de los migrantes generan cambios, el primero es que se les considera como <strong>sujetos activos</strong> con proyectos propios capaces de construir espacios para su consolidación. Lo segundo, <strong>ser sujetos transformadores</strong>, creadores de espacios de convergencia en ámbitos como el social, a través de organizaciones: asociaciones y colectivos de la sociedad civil;&nbsp; en lo económico a través del emprendimiento e innovación; en el ámbito político, se refiere a acciones de presión por los derechos políticos y la capacidad de defender derechos y la auto representación; en el ámbito cultural a través de la capacidad expresiva artística y la hibridación cultural.</p>



<p>Como propuesta de disertación sugerimos unas interrogantes para posicionar la reflexión del tema en torno a la acción que desde la sociedad civil pudieran ser activadas para la comprensión y el diseño de una pauta para la incidencia en la situación migratoria local.</p>
