{"id":18829,"date":"2021-10-13T18:09:16","date_gmt":"2021-10-13T21:09:16","guid":{"rendered":"https:\/\/www.csem.org.br\/?post_type=csem_em_foco&#038;p=18829"},"modified":"2023-07-21T16:17:53","modified_gmt":"2023-07-21T19:17:53","slug":"sejudh-e-agencia-da-onu-para-refugiados-promovem-formacao-sobre-a-protecao-a-pessoas-refugiadas-no-para","status":"publish","type":"csem_em_foco","link":"https:\/\/www.csem.org.br\/es\/csem_em_foco\/sejudh-e-agencia-da-onu-para-refugiados-promovem-formacao-sobre-a-protecao-a-pessoas-refugiadas-no-para\/","title":{"rendered":"Sejudh e Ag\u00eancia da ONU para Refugiados promovem forma\u00e7\u00e3o sobre a prote\u00e7\u00e3o a pessoas refugiadas no Par\u00e1"},"content":{"rendered":"<h4 class=\"mb-3\">Servidores de Secretarias nas esferas municipal e estadual que atuam com pessoas em situa\u00e7\u00e3o de ref\u00fagio participaram de m\u00f3dulo que tratou de conte\u00fado te\u00f3rico e apoio t\u00e9cnico<\/h4>\n<div class=\"mt-4 txt_noticia\">\n<p>A Secretaria de Justi\u00e7a e Direitos Humanos, por meio da Coordenadoria de Enfrentamento ao Tr\u00e1fico de Pessoas, Trabalho Escravo e Promo\u00e7\u00e3o Segura, vinculada \u00e0 Diretoria de Cidadania e Direitos Humanos, promoveu na \u00faltima quarta-feira (06), o primeiro m\u00f3dulo de forma\u00e7\u00e3o sobre a prote\u00e7\u00e3o a pessoas refugiadas no Par\u00e1, em parceria com a Ag\u00eancia da ONU para Refugiados (ACNUR).<\/p>\n<p>O p\u00fablico alvo da forma\u00e7\u00e3o foram servidores de Secretarias nas esferas municipal e estadual que atuam com pessoas em situa\u00e7\u00e3o de ref\u00fagio, apresentando conte\u00fado te\u00f3rico e pr\u00e1tico para refletir sobre a situa\u00e7\u00e3o de refugiados e migrantes no estado do Par\u00e1, al\u00e9m de instrumentalizar os profissionais com apoio t\u00e9cnico para a adequada gest\u00e3o da regulariza\u00e7\u00e3o do processo documental deste segmento populacional.<\/p>\n<p>A coordenadora de Enfrentamento ao Tr\u00e1fico de Pessoas, Trabalho Escravo e Promo\u00e7\u00e3o Segura, da Sejudh, Lorena Rom\u00e3o, explicou que o curso tratou sobre a situa\u00e7\u00e3o de pessoas refugiadas. \u201cFalamos sobre os marcos jur\u00eddicos relacionados a refugiados e processo migrat\u00f3rio como um todo, al\u00e9m da contextualiza\u00e7\u00e3o antropol\u00f3gica sobre os venezuelanos da etnia Warao que est\u00e3o no Brasil\u201d, disse.<\/p>\n<p>O segundo m\u00f3dulo ocorre nos pr\u00f3ximos dias 14 e 15 de outubro, na Secretaria de Estado de Assist\u00eancia Social, Trabalho, Emprego e Renda (Seaster), e vai tratar sobre grupos com necessidades espec\u00edficas de prote\u00e7\u00e3o: crian\u00e7as, pessoas com defici\u00eancia, idosos, LGBTI e o Cadastro de Pessoa F\u00edsica (CPF) e Carteira de Trabalho (CTPS) para pessoas refugiadas.<\/p>\n<\/div>\n<div class=\"linha_vertical_cinza\"><span class=\"ml-1\">Por Gerlando Klinger (SEJUDH)<\/span><\/div>\n<div><\/div>\n<div>Fuente:<a href=\"https:\/\/agenciapara.com.br\/noticia\/32005\" target=\"_blank\" rel=\"noopener\"><strong>AG\u00caNCIAPAR\u00c1<\/strong><\/a><\/div>","protected":false},"featured_media":0,"parent":0,"template":"","categories":[46],"class_list":["post-18829","csem_em_foco","type-csem_em_foco","status-publish","hentry","category-46"],"acf":[],"_links":{"self":[{"href":"https:\/\/www.csem.org.br\/es\/wp-json\/wp\/v2\/csem_em_foco\/18829","targetHints":{"allow":["GET"]}}],"collection":[{"href":"https:\/\/www.csem.org.br\/es\/wp-json\/wp\/v2\/csem_em_foco"}],"about":[{"href":"https:\/\/www.csem.org.br\/es\/wp-json\/wp\/v2\/types\/csem_em_foco"}],"wp:attachment":[{"href":"https:\/\/www.csem.org.br\/es\/wp-json\/wp\/v2\/media?parent=18829"}],"wp:term":[{"taxonomy":"category","embeddable":true,"href":"https:\/\/www.csem.org.br\/es\/wp-json\/wp\/v2\/categories?post=18829"}],"curies":[{"name":"wp","href":"https:\/\/api.w.org\/{rel}","templated":true}]}}

Sejudh e Agência da ONU para Refugiados promovem formação sobre a proteção a pessoas refugiadas no Pará

<h4 class="mb-3">Servidores de Secretarias nas esferas municipal e estadual que atuam com pessoas em situação de refúgio participaram de módulo que tratou de conteúdo teórico e apoio técnico</h4>
<div class="mt-4 txt_noticia">
<p>A Secretaria de Justiça e Direitos Humanos, por meio da Coordenadoria de Enfrentamento ao Tráfico de Pessoas, Trabalho Escravo e Promoção Segura, vinculada à Diretoria de Cidadania e Direitos Humanos, promoveu na última quarta-feira (06), o primeiro módulo de formação sobre a proteção a pessoas refugiadas no Pará, em parceria com a Agência da ONU para Refugiados (ACNUR).</p>
<p>O público alvo da formação foram servidores de Secretarias nas esferas municipal e estadual que atuam com pessoas em situação de refúgio, apresentando conteúdo teórico e prático para refletir sobre a situação de refugiados e migrantes no estado do Pará, além de instrumentalizar os profissionais com apoio técnico para a adequada gestão da regularização do processo documental deste segmento populacional.</p>
<p>A coordenadora de Enfrentamento ao Tráfico de Pessoas, Trabalho Escravo e Promoção Segura, da Sejudh, Lorena Romão, explicou que o curso tratou sobre a situação de pessoas refugiadas. “Falamos sobre os marcos jurídicos relacionados a refugiados e processo migratório como um todo, além da contextualização antropológica sobre os venezuelanos da etnia Warao que estão no Brasil”, disse.</p>
<p>O segundo módulo ocorre nos próximos dias 14 e 15 de outubro, na Secretaria de Estado de Assistência Social, Trabalho, Emprego e Renda (Seaster), e vai tratar sobre grupos com necessidades específicas de proteção: crianças, pessoas com deficiência, idosos, LGBTI e o Cadastro de Pessoa Física (CPF) e Carteira de Trabalho (CTPS) para pessoas refugiadas.</p>
</div>
<div class="linha_vertical_cinza"><span class="ml-1">Por Gerlando Klinger (SEJUDH)</span></div>
<div></div>
<div>Fuente:<a href="https://agenciapara.com.br/noticia/32005" target="_blank" rel="noopener"><strong>AGÊNCIAPARÁ</strong></a></div>
