{"id":18060,"date":"2020-07-30T15:26:56","date_gmt":"2020-07-30T18:26:56","guid":{"rendered":"https:\/\/www.csem.org.br\/?post_type=csem_em_foco&#038;p=18060"},"modified":"2023-07-21T16:18:48","modified_gmt":"2023-07-21T19:18:48","slug":"estado-e-sociedade-civil-devem-atuar-juntos-contra-o-trafico-de-pessoas","status":"publish","type":"csem_em_foco","link":"https:\/\/www.csem.org.br\/es\/csem_em_foco\/estado-e-sociedade-civil-devem-atuar-juntos-contra-o-trafico-de-pessoas\/","title":{"rendered":"Estados e sociedade civil devem atuar juntos contra o tr\u00e1fico de pessoas"},"content":{"rendered":"<p style=\"text-align: center;\"><em>O dia 30 de julho marca a data de enfrentamento ao terceiro crime mais rent\u00e1vel do mundo que continua sendo em grande parte subnotificado<\/em><\/p>\n<p>O Escrit\u00f3rio sobre Drogas e Crime da ONU (UNODC &#8211; United Nations Office on Droug and Crime) estabeleceu o dia 30 de julho como o \u201cDia Mundial de Combate ao Tr\u00e1fico de Pessoas\u201d, com o objetivo de conscientizar sobre o crime e solidarizar com as v\u00edtimas. O com\u00e9rcio de seres humanos para explora\u00e7\u00e3o sexual, laboral, extra\u00e7\u00e3o e venda de \u00f3rg\u00e3os, ado\u00e7\u00e3o ilegal de crian\u00e7as, entre outras pr\u00e1ticas tipificadas nesse crime, \u00e9 formado por redes transnacionais e gera lucro que alimenta economias ilegais, prosperando com maior facilidade em pa\u00edses onde o Estado de Direito \u00e9 fr\u00e1gil e a coopera\u00e7\u00e3o internacional dif\u00edcil.<\/p>\n<p>O tr\u00e1fico de pessoas viola a dignidade humana e vitimiza pessoas em situa\u00e7\u00e3o de vulnerabilidade socioecon\u00f4mica, inclusive migrantes e refugiados(as). <a href=\"https:\/\/news.un.org\/pt\/tags\/dia-mundial-de-combate-ao-trafico-de-pessoas\" target=\"_blank\" rel=\"noopener noreferrer\">Segundo o UNODC, 72% das v\u00edtimas s\u00e3o mulheres e meninas exploradas sexualmente. <\/a>A pol\u00edcia federal brasileira aponta que \u00e9 o <a href=\"http:\/\/www.pf.gov.br\/imprensa\/noticias\/2019\/07\/coracao-azul-dia-mundial-de-enfrentamento-ao-trafico-de-pessoas\" target=\"_blank\" rel=\"noopener noreferrer\">terceiro crime mais rent\u00e1vel do mundo, ficando atr\u00e1s do narcotr\u00e1fico e do com\u00e9rcio ilegal de armas.<\/a><\/p>\n<p>No Brasil, em 2016 foi aprovada a Lei n\u00ba 13.344, que criminaliza o tr\u00e1fico em territ\u00f3rio nacional contra qualquer pessoa, brasileira, estrangeira e brasileiros no exterior. Para a relatora da ONU Maria Giammarinaro, o combate a esse crime n\u00e3o deve justificar pol\u00edticas migrat\u00f3rias restritivas \u2014 ela alerta que o clima pol\u00edtico xenof\u00f3bico leva a usos equivocados do discurso contra o crime, como, por exemplo, a criminaliza\u00e7\u00e3o de ativistas dos direitos humanos e organiza\u00e7\u00f5es da sociedade civil que atuam com as v\u00edtimas.<strong>\u00a0<\/strong><\/p>\n<h3><strong>Tr\u00e1fico de pessoas migrantes e refugiadas<\/strong><\/h3>\n<p>Durante o programa \u201cPonto nos ii\u201d, do canal mo\u00e7ambicano STV, a Irm\u00e3 Scalabriniana Carla Freyberg conta que o n\u00famero de casos de tr\u00e1fico humano registrados pelo Minist\u00e9rio P\u00fablico de Mo\u00e7ambique \u2014 cerca de 10 casos por ano, pode sofrer subnotifica\u00e7\u00e3o, pois, na pr\u00e1tica, percebe-se muitas situa\u00e7\u00f5es que n\u00e3o s\u00e3o denunciadas e os motivos s\u00e3o variados. Por vezes, h\u00e1 o medo de repres\u00e1lias e, em situa\u00e7\u00f5es como a explora\u00e7\u00e3o sexual, torna-se mais dif\u00edcil fazer com que o caso seja investigado devido \u00e0 sensibilidade da quest\u00e3o para a pr\u00f3pria v\u00edtima.<\/p>\n<p>O Centro Scalabrini, do qual a Irm\u00e3 Carla \u00e9 diretora, atua em rede na preven\u00e7\u00e3o ao tr\u00e1fico humano na fronteira de Mo\u00e7ambique com a \u00c1frica do Sul e nos locais de origem de migrantes, como prov\u00edncias do centro-sul mo\u00e7ambicano. O objetivo \u00e9 expor que situa\u00e7\u00f5es de risco e explora\u00e7\u00e3o s\u00e3o pass\u00edveis de ocorrer em contextos que levam \u00e0 tipifica\u00e7\u00e3o do crime de tr\u00e1fico humano, como o recrutamento de menores embasado em discursos de \u201cmelhora de vida\u201d, muitas vezes falsamente alegados.<\/p>\n<p>Um dos encaminhamentos do Centro ao lidar com esses casos \u00e9 a reintegra\u00e7\u00e3o da crian\u00e7a com a fam\u00edlia. Por\u00e9m, cada caso \u00e9 bem avaliado, pois segundo a Irm\u00e3 Carla \u201ch\u00e1 casos em que os pr\u00f3prios pais vendem a filha por uma bolsa de feij\u00e3o (&#8230;) j\u00e1 vi isso acontecer\u201d. Por isso, afirma, o trabalho de sensibiliza\u00e7\u00e3o \u00e9 importante, n\u00e3o se devendo normalizar abusos trabalhistas contra essas pessoas.<\/p>\n<p>Casos semelhantes acontecem com as pessoas ao redor do mundo, se reproduzindo em atividades laborais com p\u00e9ssimas condi\u00e7\u00f5es. Em Mo\u00e7ambique, para a atividade ser criminalizada como tr\u00e1fico, as autoridades declaram que deve haver comprovado um processo de in\u00edcio, meio e finalidade, pelo princ\u00edpio de tipicidade que vigora no sistema penal do pa\u00eds.<\/p>\n<h3><strong>\u00a0<\/strong><strong>Conscientiza\u00e7\u00e3o e a\u00e7\u00e3o<\/strong><\/h3>\n<p>Neste ano, o Minist\u00e9rio P\u00fablico do Trabalho (MPT) brasileiro promover\u00e1 uma campanha virtual contra o tr\u00e1fico humano &#8211; em parceria com a Associa\u00e7\u00e3o Brasileira de Defesa da Mulher, da Inf\u00e2ncia e da Juventude (ASBRAD), com apoio da ONU, UNODC, Organiza\u00e7\u00e3o Internacional do Trabalho (OIT) e da Organiza\u00e7\u00e3o Internacional para as Migra\u00e7\u00f5es (OIM). A campanha de conscientiza\u00e7\u00e3o conta com uma webs\u00e9rie chamada \u201c20 quest\u00f5es para entender o tr\u00e1fico de pessoas no Brasil\u201d.<\/p>\n<p>Um dos projetos do MPT para o combate ao crime \u00e9 o \u201cLiberdade no ar\u201d, que capacita aeronautas, aerovi\u00e1rios e trabalhadores de aeroportos a treinar seu olhar para disseminar conhecimento acerca do tr\u00e1fico humano e diagnosticar se tal situa\u00e7\u00e3o pode estar ocorrendo diante de seus olhos. Segundo a revista Forbes, quase 60% do crime \u00e9 cometido via transporte a\u00e9reo.<\/p>\n<p>Tamb\u00e9m est\u00e1 em vig\u00eancia o &#8220;Plano Nacional de Enfrentamento ao Tr\u00e1fico de Pessoas&#8221;, com 58 metas a serem executadas at\u00e9 julho de 2022 &#8211; entre os objetivos, o plano pretende fomentar a coopera\u00e7\u00e3o entre \u00f3rg\u00e3os p\u00fablicos e sociedade civil em rela\u00e7\u00e3o ao tema, al\u00e9m de capacitar autoridades para o enfrentamento das pr\u00e1ticas criminosas.<\/p>\n<h3>Saiba mais:<\/h3>\n<p><a href=\"https:\/\/www.ohchr.org\/en\/professionalinterest\/pages\/protocoltraffickinginpersons.aspx\" target=\"_blank\" rel=\"noopener noreferrer\">Protocolo da ONU sobre tr\u00e1fico de pessoas\u00a0<\/a><\/p>\n<p>&nbsp;<\/p>\n<p style=\"text-align: right;\"><em>Luana G. Silveira<br \/>\n<\/em><em>Equipe de comunica\u00e7\u00e3o &#8211; CSEM<\/em><\/p>\n<p><em>\u00a0<\/em><\/p>","protected":false},"featured_media":18061,"parent":0,"template":"","categories":[45],"class_list":["post-18060","csem_em_foco","type-csem_em_foco","status-publish","has-post-thumbnail","hentry","category-45"],"acf":[],"_links":{"self":[{"href":"https:\/\/www.csem.org.br\/es\/wp-json\/wp\/v2\/csem_em_foco\/18060","targetHints":{"allow":["GET"]}}],"collection":[{"href":"https:\/\/www.csem.org.br\/es\/wp-json\/wp\/v2\/csem_em_foco"}],"about":[{"href":"https:\/\/www.csem.org.br\/es\/wp-json\/wp\/v2\/types\/csem_em_foco"}],"wp:featuredmedia":[{"embeddable":true,"href":"https:\/\/www.csem.org.br\/es\/wp-json\/wp\/v2\/media\/18061"}],"wp:attachment":[{"href":"https:\/\/www.csem.org.br\/es\/wp-json\/wp\/v2\/media?parent=18060"}],"wp:term":[{"taxonomy":"category","embeddable":true,"href":"https:\/\/www.csem.org.br\/es\/wp-json\/wp\/v2\/categories?post=18060"}],"curies":[{"name":"wp","href":"https:\/\/api.w.org\/{rel}","templated":true}]}}

Estados e sociedade civil devem atuar juntos contra o tráfico de pessoas

<p style="text-align: center;"><em>O dia 30 de julho marca a data de enfrentamento ao terceiro crime mais rentável do mundo que continua sendo em grande parte subnotificado</em></p>
<p>O Escritório sobre Drogas e Crime da ONU (UNODC &#8211; United Nations Office on Droug and Crime) estabeleceu o dia 30 de julho como o “Dia Mundial de Combate ao Tráfico de Pessoas”, com o objetivo de conscientizar sobre o crime e solidarizar com as vítimas. O comércio de seres humanos para exploração sexual, laboral, extração e venda de órgãos, adoção ilegal de crianças, entre outras práticas tipificadas nesse crime, é formado por redes transnacionais e gera lucro que alimenta economias ilegais, prosperando com maior facilidade em países onde o Estado de Direito é frágil e a cooperação internacional difícil.</p>
<p>O tráfico de pessoas viola a dignidade humana e vitimiza pessoas em situação de vulnerabilidade socioeconômica, inclusive migrantes e refugiados(as). <a href="https://news.un.org/pt/tags/dia-mundial-de-combate-ao-trafico-de-pessoas" target="_blank" rel="noopener noreferrer">Segundo o UNODC, 72% das vítimas são mulheres e meninas exploradas sexualmente. </a>A polícia federal brasileira aponta que é o <a href="http://www.pf.gov.br/imprensa/noticias/2019/07/coracao-azul-dia-mundial-de-enfrentamento-ao-trafico-de-pessoas" target="_blank" rel="noopener noreferrer">terceiro crime mais rentável do mundo, ficando atrás do narcotráfico e do comércio ilegal de armas.</a></p>
<p>No Brasil, em 2016 foi aprovada a Lei nº 13.344, que criminaliza o tráfico em território nacional contra qualquer pessoa, brasileira, estrangeira e brasileiros no exterior. Para a relatora da ONU Maria Giammarinaro, o combate a esse crime não deve justificar políticas migratórias restritivas — ela alerta que o clima político xenofóbico leva a usos equivocados do discurso contra o crime, como, por exemplo, a criminalização de ativistas dos direitos humanos e organizações da sociedade civil que atuam com as vítimas.<strong> </strong></p>
<h3><strong>Tráfico de pessoas migrantes e refugiadas</strong></h3>
<p>Durante o programa “Ponto nos ii”, do canal moçambicano STV, a Irmã Scalabriniana Carla Freyberg conta que o número de casos de tráfico humano registrados pelo Ministério Público de Moçambique — cerca de 10 casos por ano, pode sofrer subnotificação, pois, na prática, percebe-se muitas situações que não são denunciadas e os motivos são variados. Por vezes, há o medo de represálias e, em situações como a exploração sexual, torna-se mais difícil fazer com que o caso seja investigado devido à sensibilidade da questão para a própria vítima.</p>
<p>O Centro Scalabrini, do qual a Irmã Carla é diretora, atua em rede na prevenção ao tráfico humano na fronteira de Moçambique com a África do Sul e nos locais de origem de migrantes, como províncias do centro-sul moçambicano. O objetivo é expor que situações de risco e exploração são passíveis de ocorrer em contextos que levam à tipificação do crime de tráfico humano, como o recrutamento de menores embasado em discursos de “melhora de vida”, muitas vezes falsamente alegados.</p>
<p>Um dos encaminhamentos do Centro ao lidar com esses casos é a reintegração da criança com a família. Porém, cada caso é bem avaliado, pois segundo a Irmã Carla “há casos em que os próprios pais vendem a filha por uma bolsa de feijão (&#8230;) já vi isso acontecer”. Por isso, afirma, o trabalho de sensibilização é importante, não se devendo normalizar abusos trabalhistas contra essas pessoas.</p>
<p>Casos semelhantes acontecem com as pessoas ao redor do mundo, se reproduzindo em atividades laborais com péssimas condições. Em Moçambique, para a atividade ser criminalizada como tráfico, as autoridades declaram que deve haver comprovado um processo de início, meio e finalidade, pelo princípio de tipicidade que vigora no sistema penal do país.</p>
<h3><strong> </strong><strong>Conscientização e ação</strong></h3>
<p>Neste ano, o Ministério Público do Trabalho (MPT) brasileiro promoverá uma campanha virtual contra o tráfico humano &#8211; em parceria com a Associação Brasileira de Defesa da Mulher, da Infância e da Juventude (ASBRAD), com apoio da ONU, UNODC, Organização Internacional do Trabalho (OIT) e da Organização Internacional para as Migrações (OIM). A campanha de conscientização conta com uma websérie chamada “20 questões para entender o tráfico de pessoas no Brasil”.</p>
<p>Um dos projetos do MPT para o combate ao crime é o “Liberdade no ar”, que capacita aeronautas, aeroviários e trabalhadores de aeroportos a treinar seu olhar para disseminar conhecimento acerca do tráfico humano e diagnosticar se tal situação pode estar ocorrendo diante de seus olhos. Segundo a revista Forbes, quase 60% do crime é cometido via transporte aéreo.</p>
<p>Também está em vigência o &#8220;Plano Nacional de Enfrentamento ao Tráfico de Pessoas&#8221;, com 58 metas a serem executadas até julho de 2022 &#8211; entre os objetivos, o plano pretende fomentar a cooperação entre órgãos públicos e sociedade civil em relação ao tema, além de capacitar autoridades para o enfrentamento das práticas criminosas.</p>
<h3>Saiba mais:</h3>
<p><a href="https://www.ohchr.org/en/professionalinterest/pages/protocoltraffickinginpersons.aspx" target="_blank" rel="noopener noreferrer">Protocolo da ONU sobre tráfico de pessoas </a></p>
<p>&nbsp;</p>
<p style="text-align: right;"><em>Luana G. Silveira<br />
</em><em>Equipe de comunicação &#8211; CSEM</em></p>
<p><em> </em></p>
