{"id":17789,"date":"2020-04-26T11:35:58","date_gmt":"2020-04-26T14:35:58","guid":{"rendered":"https:\/\/www.csem.org.br\/?post_type=csem_em_foco&#038;p=17789"},"modified":"2023-07-21T16:20:35","modified_gmt":"2023-07-21T19:20:35","slug":"covid-19-ninguem-deve-ficar-esquecido","status":"publish","type":"csem_em_foco","link":"https:\/\/www.csem.org.br\/es\/csem_em_foco\/covid-19-ninguem-deve-ficar-esquecido\/","title":{"rendered":"&#8220;COVID-19: Ningu\u00e9m deve ficar esquecido!&#8221;"},"content":{"rendered":"<p>[fusion_builder_container hundred_percent=&#8221;no&#8221; equal_height_columns=&#8221;no&#8221; menu_anchor=&#8221;&#8221; hide_on_mobile=&#8221;small-visibility,medium-visibility,large-visibility&#8221; class=&#8221;&#8221; id=&#8221;&#8221; background_color=&#8221;&#8221; background_image=&#8221;&#8221; background_position=&#8221;center center&#8221; background_repeat=&#8221;no-repeat&#8221; fade=&#8221;no&#8221; background_parallax=&#8221;none&#8221; parallax_speed=&#8221;0.3&#8243; video_mp4=&#8221;&#8221; video_webm=&#8221;&#8221; video_ogv=&#8221;&#8221; video_url=&#8221;&#8221; video_aspect_ratio=&#8221;16:9&#8243; video_loop=&#8221;yes&#8221; video_mute=&#8221;yes&#8221; overlay_color=&#8221;&#8221; video_preview_image=&#8221;&#8221; border_size=&#8221;&#8221; border_color=&#8221;&#8221; border_style=&#8221;solid&#8221; padding_top=&#8221;&#8221; padding_bottom=&#8221;&#8221; padding_left=&#8221;&#8221; padding_right=&#8221;&#8221;][fusion_builder_row][fusion_builder_column type=&#8221;1_1&#8243; layout=&#8221;1_1&#8243; background_position=&#8221;left top&#8221; background_color=&#8221;&#8221; border_size=&#8221;&#8221; border_color=&#8221;&#8221; border_style=&#8221;solid&#8221; border_position=&#8221;all&#8221; spacing=&#8221;yes&#8221; background_image=&#8221;&#8221; background_repeat=&#8221;no-repeat&#8221; padding_top=&#8221;&#8221; padding_right=&#8221;&#8221; padding_bottom=&#8221;&#8221; padding_left=&#8221;&#8221; margin_top=&#8221;0px&#8221; margin_bottom=&#8221;0px&#8221; class=&#8221;&#8221; id=&#8221;&#8221; animation_type=&#8221;&#8221; animation_speed=&#8221;0.3&#8243; animation_direction=&#8221;left&#8221; hide_on_mobile=&#8221;small-visibility,medium-visibility,large-visibility&#8221; center_content=&#8221;no&#8221; last=&#8221;no&#8221; min_height=&#8221;&#8221; hover_type=&#8221;none&#8221; link=&#8221;&#8221;][fusion_text columns=&#8221;&#8221; column_min_width=&#8221;&#8221; column_spacing=&#8221;&#8221; rule_style=&#8221;default&#8221; rule_size=&#8221;&#8221; rule_color=&#8221;&#8221; hide_on_mobile=&#8221;small-visibility,medium-visibility,large-visibility&#8221; class=&#8221;&#8221; id=&#8221;&#8221;]<\/p>\n<p style=\"text-align: center;\"><em>A Se\u00e7\u00e3o para Migrantes e Refugiados da Igreja Cat\u00f3lica emite boletim com a mensagem do Papa Francisco: \u201cS\u00f3 podemos sair desta situa\u00e7\u00e3o juntos, enquanto humanidade inteira\u201d<\/em><\/p>\n<p>Que significado tem a atual crise do COVID-19 para os migrantes, refugiados, pessoas deslocadas internamente e v\u00edtimas de tr\u00e1fico de seres humanos em todo o mundo? O boletim emitido pela Se\u00e7\u00e3o para Migrantes e Refugiados traz reflex\u00f5es para melhor entender o impacto da crise a esses grupos de pessoas em situa\u00e7\u00e3o de vulnerabilidade.<\/p>\n<p>A nota chama aten\u00e7\u00e3o sobre as condi\u00e7\u00f5es de superlota\u00e7\u00e3o e a dificuldade em se manter o distanciamento social em albergues, campos de refugiados ou de deslocados internos, igualmente nos centros de deten\u00e7\u00e3o de migrantes. Estas quest\u00f5es indicam que ao ocorrer a dissemina\u00e7\u00e3o do v\u00edrus nestes espa\u00e7os, as pessoas nestes locais ser\u00e3o muito afetadas.<\/p>\n<p>O boletim divulgado tamb\u00e9m compartilha inova\u00e7\u00f5es e boas pr\u00e1ticas de diferentes atores cat\u00f3licos em todo o mundo que procuram ajudar as pessoas deslocadas durante a crise da pandemia e contribuir no enfrentamento \u00e0 dissemina\u00e7\u00e3o do Coronav\u00edrus em suas comunidades.<\/p>\n<p style=\"text-align: center;\"><a href=\"https:\/\/drive.google.com\/file\/d\/1LCQncvA2Yg2GpOoFAmYGyEC_PjvE41jb\/view\" target=\"_blank\" rel=\"noopener noreferrer\"><em><u>Leia aqui a introdu\u00e7\u00e3o do boletim, em ingl\u00eas<\/u><\/em><\/a><\/p>\n<p>Segundo o documento, os migrantes, os refugiados, as pessoas deslocadas internamente e as v\u00edtimas de tr\u00e1fico, j\u00e1 particularmente vulner\u00e1veis, n\u00e3o devem ser esquecidos na luta da humanidade contra o COVID-19. Pelo contr\u00e1rio, devem ser ajudados e protegidos atrav\u00e9s de <strong><em>Advocacy<\/em>, ajudas materiais e programas planificados. <\/strong><\/p>\n<p style=\"text-align: center;\"><a href=\"https:\/\/drive.google.com\/file\/d\/1Na74rTze-GH8o-d4qjzQZlw9-ySATw-f\/view\" target=\"_blank\" rel=\"noopener noreferrer\"><em><u>Leia aqui o boletim M&amp;R #1 <\/u><\/em><\/a><\/p>\n<p>A nota da Se\u00e7\u00e3o ainda sugere o compartilhamento deste conte\u00fado a outras pessoas interessadas, al\u00e9m de se mostrar aberta para receber recomenda\u00e7\u00f5es de boas pr\u00e1ticas na atua\u00e7\u00e3o que possam gerar ideias positivas e novas esperan\u00e7as a outras pessoas.<\/p>\n<h5><a href=\"https:\/\/migrants-refugees.va\/2020\/04\/21\/covid-19-no-one-must-be-forgotten\/\" target=\"_blank\" rel=\"noopener noreferrer\"><em>To access this content in English, please click here.<\/em><\/a><\/h5>\n<h5><a href=\"https:\/\/migrants-refugees.va\/es\/blog\/2020\/04\/21\/covid-19-nadie-debe-ser-olvidado\/\" target=\"_blank\" rel=\"noopener noreferrer\"><em>Para acceder a este contenido en espa\u00f1ol, haga clic aqu\u00ed.<\/em><\/a><\/h5>\n<h5><a href=\"https:\/\/migrants-refugees.va\/fr\/blog\/2020\/04\/21\/covid-19-personn%E2%80%A6doit-etre-oublie\/\" target=\"_blank\" rel=\"noopener noreferrer\"><em>Pour acc\u00e9der \u00e0 ce contenu en fran\u00e7ais, cliquez ici.<\/em><\/a><\/h5>\n<h5><a href=\"https:\/\/migrants-refugees.va\/it\/blog\/2020\/04\/21\/covid-19-nessuno-va-dimenticato\/\" target=\"_blank\" rel=\"noopener noreferrer\"><em>Per accedere a questo contenuto in italiano, clicca qui.<\/em><\/a><\/h5>\n<p style=\"text-align: right;\">Fonte: <a href=\"https:\/\/migrants-refugees.va\/pt\/blog\/2020\/04\/21\/covid-19-ninguem-deve-ficar-esquecido\/\" target=\"_blank\" rel=\"noopener noreferrer\">Se\u00e7\u00e3o Migrantes e Refugiados\u00a0<\/a><\/p>\n<div id=\"gtx-trans\" style=\"position: absolute; left: 574px; top: 231.999px;\">\n<div class=\"gtx-trans-icon\"><\/div>\n<\/div>\n<p>[\/fusion_text][\/fusion_builder_column][\/fusion_builder_row][\/fusion_builder_container]<\/p>\n","protected":false},"featured_media":17795,"parent":0,"template":"","categories":[45],"class_list":["post-17789","csem_em_foco","type-csem_em_foco","status-publish","has-post-thumbnail","hentry","category-45"],"acf":[],"_links":{"self":[{"href":"https:\/\/www.csem.org.br\/es\/wp-json\/wp\/v2\/csem_em_foco\/17789","targetHints":{"allow":["GET"]}}],"collection":[{"href":"https:\/\/www.csem.org.br\/es\/wp-json\/wp\/v2\/csem_em_foco"}],"about":[{"href":"https:\/\/www.csem.org.br\/es\/wp-json\/wp\/v2\/types\/csem_em_foco"}],"wp:featuredmedia":[{"embeddable":true,"href":"https:\/\/www.csem.org.br\/es\/wp-json\/wp\/v2\/media\/17795"}],"wp:attachment":[{"href":"https:\/\/www.csem.org.br\/es\/wp-json\/wp\/v2\/media?parent=17789"}],"wp:term":[{"taxonomy":"category","embeddable":true,"href":"https:\/\/www.csem.org.br\/es\/wp-json\/wp\/v2\/categories?post=17789"}],"curies":[{"name":"wp","href":"https:\/\/api.w.org\/{rel}","templated":true}]}}

&#8220;COVID-19: Ninguém deve ficar esquecido!&#8221;

<p>[fusion_builder_container hundred_percent=&#8221;no&#8221; equal_height_columns=&#8221;no&#8221; menu_anchor=&#8221;&#8221; hide_on_mobile=&#8221;small-visibility,medium-visibility,large-visibility&#8221; class=&#8221;&#8221; id=&#8221;&#8221; background_color=&#8221;&#8221; background_image=&#8221;&#8221; background_position=&#8221;center center&#8221; background_repeat=&#8221;no-repeat&#8221; fade=&#8221;no&#8221; background_parallax=&#8221;none&#8221; parallax_speed=&#8221;0.3&#8243; video_mp4=&#8221;&#8221; video_webm=&#8221;&#8221; video_ogv=&#8221;&#8221; video_url=&#8221;&#8221; video_aspect_ratio=&#8221;16:9&#8243; video_loop=&#8221;yes&#8221; video_mute=&#8221;yes&#8221; overlay_color=&#8221;&#8221; video_preview_image=&#8221;&#8221; border_size=&#8221;&#8221; border_color=&#8221;&#8221; border_style=&#8221;solid&#8221; padding_top=&#8221;&#8221; padding_bottom=&#8221;&#8221; padding_left=&#8221;&#8221; padding_right=&#8221;&#8221;][fusion_builder_row][fusion_builder_column type=&#8221;1_1&#8243; layout=&#8221;1_1&#8243; background_position=&#8221;left top&#8221; background_color=&#8221;&#8221; border_size=&#8221;&#8221; border_color=&#8221;&#8221; border_style=&#8221;solid&#8221; border_position=&#8221;all&#8221; spacing=&#8221;yes&#8221; background_image=&#8221;&#8221; background_repeat=&#8221;no-repeat&#8221; padding_top=&#8221;&#8221; padding_right=&#8221;&#8221; padding_bottom=&#8221;&#8221; padding_left=&#8221;&#8221; margin_top=&#8221;0px&#8221; margin_bottom=&#8221;0px&#8221; class=&#8221;&#8221; id=&#8221;&#8221; animation_type=&#8221;&#8221; animation_speed=&#8221;0.3&#8243; animation_direction=&#8221;left&#8221; hide_on_mobile=&#8221;small-visibility,medium-visibility,large-visibility&#8221; center_content=&#8221;no&#8221; last=&#8221;no&#8221; min_height=&#8221;&#8221; hover_type=&#8221;none&#8221; link=&#8221;&#8221;][fusion_text columns=&#8221;&#8221; column_min_width=&#8221;&#8221; column_spacing=&#8221;&#8221; rule_style=&#8221;default&#8221; rule_size=&#8221;&#8221; rule_color=&#8221;&#8221; hide_on_mobile=&#8221;small-visibility,medium-visibility,large-visibility&#8221; class=&#8221;&#8221; id=&#8221;&#8221;]</p>
<p style="text-align: center;"><em>A Seção para Migrantes e Refugiados da Igreja Católica emite boletim com a mensagem do Papa Francisco: “Só podemos sair desta situação juntos, enquanto humanidade inteira”</em></p>
<p>Que significado tem a atual crise do COVID-19 para os migrantes, refugiados, pessoas deslocadas internamente e vítimas de tráfico de seres humanos em todo o mundo? O boletim emitido pela Seção para Migrantes e Refugiados traz reflexões para melhor entender o impacto da crise a esses grupos de pessoas em situação de vulnerabilidade.</p>
<p>A nota chama atenção sobre as condições de superlotação e a dificuldade em se manter o distanciamento social em albergues, campos de refugiados ou de deslocados internos, igualmente nos centros de detenção de migrantes. Estas questões indicam que ao ocorrer a disseminação do vírus nestes espaços, as pessoas nestes locais serão muito afetadas.</p>
<p>O boletim divulgado também compartilha inovações e boas práticas de diferentes atores católicos em todo o mundo que procuram ajudar as pessoas deslocadas durante a crise da pandemia e contribuir no enfrentamento à disseminação do Coronavírus em suas comunidades.</p>
<p style="text-align: center;"><a href="https://drive.google.com/file/d/1LCQncvA2Yg2GpOoFAmYGyEC_PjvE41jb/view" target="_blank" rel="noopener noreferrer"><em><u>Leia aqui a introdução do boletim, em inglês</u></em></a></p>
<p>Segundo o documento, os migrantes, os refugiados, as pessoas deslocadas internamente e as vítimas de tráfico, já particularmente vulneráveis, não devem ser esquecidos na luta da humanidade contra o COVID-19. Pelo contrário, devem ser ajudados e protegidos através de <strong><em>Advocacy</em>, ajudas materiais e programas planificados. </strong></p>
<p style="text-align: center;"><a href="https://drive.google.com/file/d/1Na74rTze-GH8o-d4qjzQZlw9-ySATw-f/view" target="_blank" rel="noopener noreferrer"><em><u>Leia aqui o boletim M&amp;R #1 </u></em></a></p>
<p>A nota da Seção ainda sugere o compartilhamento deste conteúdo a outras pessoas interessadas, além de se mostrar aberta para receber recomendações de boas práticas na atuação que possam gerar ideias positivas e novas esperanças a outras pessoas.</p>
<h5><a href="https://migrants-refugees.va/2020/04/21/covid-19-no-one-must-be-forgotten/" target="_blank" rel="noopener noreferrer"><em>To access this content in English, please click here.</em></a></h5>
<h5><a href="https://migrants-refugees.va/es/blog/2020/04/21/covid-19-nadie-debe-ser-olvidado/" target="_blank" rel="noopener noreferrer"><em>Para acceder a este contenido en español, haga clic aquí.</em></a></h5>
<h5><a href="https://migrants-refugees.va/fr/blog/2020/04/21/covid-19-personn%E2%80%A6doit-etre-oublie/" target="_blank" rel="noopener noreferrer"><em>Pour accéder à ce contenu en français, cliquez ici.</em></a></h5>
<h5><a href="https://migrants-refugees.va/it/blog/2020/04/21/covid-19-nessuno-va-dimenticato/" target="_blank" rel="noopener noreferrer"><em>Per accedere a questo contenuto in italiano, clicca qui.</em></a></h5>
<p style="text-align: right;">Fonte: <a href="https://migrants-refugees.va/pt/blog/2020/04/21/covid-19-ninguem-deve-ficar-esquecido/" target="_blank" rel="noopener noreferrer">Seção Migrantes e Refugiados </a></p>
<div id="gtx-trans" style="position: absolute; left: 574px; top: 231.999px;">
<div class="gtx-trans-icon"></div>
</div>
<p>[/fusion_text][/fusion_builder_column][/fusion_builder_row][/fusion_builder_container]</p>
