{"id":16317,"date":"2019-05-31T17:36:49","date_gmt":"2019-05-31T20:36:49","guid":{"rendered":"https:\/\/www.csem.org.br\/?post_type=csem_em_foco&#038;p=16317"},"modified":"2023-07-21T16:22:33","modified_gmt":"2023-07-21T19:22:33","slug":"olhares-psicossociais-sobre-migrantes-e-refugiados","status":"publish","type":"csem_em_foco","link":"https:\/\/www.csem.org.br\/es\/csem_em_foco\/olhares-psicossociais-sobre-migrantes-e-refugiados\/","title":{"rendered":"\"Perspectivas psicosociales sobre migrantes y refugiados\""},"content":{"rendered":"<p>El n\u00famero 55 de la Revista Interdisciplinaria de Movilidad Humana (REMHU) presenta el dossier \"Perspectivas psicosociales de migrantes y refugiados\". En su editorial \"No son s\u00f3lo n\u00fameros\", Roberto Marinucci, Director Adjunto del CSEM y Redactor Jefe de la revista, subraya la importancia de la dimensi\u00f3n humana en la din\u00e1mica migratoria, que no puede reducirse a datos estad\u00edsticos o categor\u00edas colectivas abstractas.<\/p>\n<p>Para Marinucci, el enfoque psicosocial ve a los migrantes en su subjetividad. \"El enfoque psicosocial observa las continuidades y, al mismo tiempo, las especificidades de la trayectoria de cada ser humano en movilidad. Dilucida c\u00f3mo seres pertenecientes a la \u00fanica humanidad pueden seguir caminos geogr\u00e1ficos y existenciales tan divergentes y diversos. Trayectorias subjetivas de rupturas y reconstrucciones, de fracasos y conquistas\".<\/p>\n<p>Los diversos art\u00edculos que componen el dossier tambi\u00e9n dilucidan los retos relacionados con la salud mental de los emigrantes, que a menudo pasan por una reconfiguraci\u00f3n de la identidad como resultado de experiencias dif\u00edciles en los pa\u00edses de origen, traves\u00eda y llegada. El dossier tambi\u00e9n se preocupa de no patologizar la experiencia migratoria.<\/p>\n<p>En este sentido, los art\u00edculos de la REMHU apuntan a posibles formas de ofrecer ayuda sin interferir en los tiempos y espacios de la reconstrucci\u00f3n interior de los sujetos implicados, apuntando a pr\u00e1cticas de acogida y escucha, as\u00ed como a pol\u00edticas sociales de inclusi\u00f3n.<\/p>\n<p>Acceda a la revista completa haciendo clic en <a href=\"https:\/\/www.csem.org.br\/es\/revista_remhu\/remhu-54-migracoes-na-africa-sujeito-impactos-e-desafios-dezembro-2018\/\" target=\"_blank\" rel=\"noopener noreferrer\">aqu\u00ed<\/a>.<\/p>","protected":false},"featured_media":0,"parent":0,"template":"","categories":[44],"class_list":["post-16317","csem_em_foco","type-csem_em_foco","status-publish","hentry","category-44"],"acf":[],"_links":{"self":[{"href":"https:\/\/www.csem.org.br\/es\/wp-json\/wp\/v2\/csem_em_foco\/16317","targetHints":{"allow":["GET"]}}],"collection":[{"href":"https:\/\/www.csem.org.br\/es\/wp-json\/wp\/v2\/csem_em_foco"}],"about":[{"href":"https:\/\/www.csem.org.br\/es\/wp-json\/wp\/v2\/types\/csem_em_foco"}],"wp:attachment":[{"href":"https:\/\/www.csem.org.br\/es\/wp-json\/wp\/v2\/media?parent=16317"}],"wp:term":[{"taxonomy":"category","embeddable":true,"href":"https:\/\/www.csem.org.br\/es\/wp-json\/wp\/v2\/categories?post=16317"}],"curies":[{"name":"wp","href":"https:\/\/api.w.org\/{rel}","templated":true}]}}

<p>El número 55 de la Revista Interdisciplinaria de Movilidad Humana (REMHU) presenta el dossier "Perspectivas psicosociales de migrantes y refugiados". En su editorial "No son sólo números", Roberto Marinucci, Director Adjunto del CSEM y Redactor Jefe de la revista, subraya la importancia de la dimensión humana en la dinámica migratoria, que no puede reducirse a datos estadísticos o categorías colectivas abstractas.</p>
<p>Para Marinucci, el enfoque psicosocial ve a los migrantes en su subjetividad. "El enfoque psicosocial observa las continuidades y, al mismo tiempo, las especificidades de la trayectoria de cada ser humano en movilidad. Dilucida cómo seres pertenecientes a la única humanidad pueden seguir caminos geográficos y existenciales tan divergentes y diversos. Trayectorias subjetivas de rupturas y reconstrucciones, de fracasos y conquistas".</p>
<p>Los diversos artículos que componen el dossier también dilucidan los retos relacionados con la salud mental de los emigrantes, que a menudo pasan por una reconfiguración de la identidad como resultado de experiencias difíciles en los países de origen, travesía y llegada. El dossier también se preocupa de no patologizar la experiencia migratoria.</p>
<p>En este sentido, los artículos de la REMHU apuntan a posibles formas de ofrecer ayuda sin interferir en los tiempos y espacios de la reconstrucción interior de los sujetos implicados, apuntando a prácticas de acogida y escucha, así como a políticas sociales de inclusión.</p>
<p>Acceda a la revista completa haciendo clic en <a href="https://www.csem.org.br/es/revista_remhu/remhu-54-migracoes-na-africa-sujeito-impactos-e-desafios-dezembro-2018/" target="_blank" rel="noopener noreferrer">aquí</a>.</p>
