{"id":14378,"date":"2018-05-24T11:56:28","date_gmt":"2018-05-24T14:56:28","guid":{"rendered":"https:\/\/www.csem.org.br\/?post_type=csem_em_foco&#038;p=14378"},"modified":"2023-07-21T16:30:05","modified_gmt":"2023-07-21T19:30:05","slug":"livro-migracoes-refugio-e-comunidade-crista","status":"publish","type":"csem_em_foco","link":"https:\/\/www.csem.org.br\/es\/csem_em_foco\/livro-migracoes-refugio-e-comunidade-crista\/","title":{"rendered":"Libro: \"Migraci\u00f3n, refugio y comunidad cristiana\""},"content":{"rendered":"<p style=\"text-align: justify;\"><em>Editora CSEM y Paulus Editora lanzan el libro \"Migraciones, Refugio y Comunidad Cristiana - Reflexiones Pastorales para la Formaci\u00f3n de Agentes\".<\/em><\/p>\n<p style=\"text-align: justify;\"><img fetchpriority=\"high\" decoding=\"async\" class=\"alignleft size-400 wp-image-14379\" src=\"https:\/\/www.csem.org.br\/wp-content\/uploads\/2018\/08\/Capa_Migracaes_refugio_e_comunidade_crista-400x604.jpg\" alt=\"\" width=\"400\" height=\"604\" title=\"\">Esta colecci\u00f3n de trece art\u00edculos de expertos en teolog\u00eda pastoral y movilidad humana reflexiona sobre temas relacionados con la experiencia pastoral y el servicio que interpelan a agentes, l\u00edderes eclesiales y migrantes\/refugiados.<\/p>\n<p style=\"text-align: justify;\">Organizado por Carmem Lussi y Roberto Marinucci, ha sido concebido especialmente para los lectores que trabajan o desean trabajar en un contexto eclesial para\/con migrantes y\/o refugiados. Se trata de exposiciones e ideas basadas en una visi\u00f3n de la movilidad humana como proceso positivo y propositivo, tanto para la humanidad en general como para la Iglesia en particular.<\/p>\n<p style=\"text-align: justify;\">\"De los muchos mensajes y ense\u00f1anzas que se pueden extraer de esta obra, destacamos el desaf\u00edo que nos plantea de ser una Iglesia misionera, siempre en salida, pero siempre en articulaci\u00f3n, superando el asistencialismo y el paternalismo. Tambi\u00e9n nos desaf\u00eda, como agentes de pastoral, a abordar desde la fe los fen\u00f3menos de la movilidad humana y de las migraciones forzadas: m\u00e1s all\u00e1 de la inculturaci\u00f3n, superemos todo etnocentrismo, sea cual sea.\" - Mons. Jos\u00e9 Luiz Salles<\/p>\n<p style=\"text-align: justify;\">El libro est\u00e1 a la venta en las tiendas f\u00edsicas de Paulus y tambi\u00e9n en l\u00ednea:\u00a0<a href=\"https:\/\/goo.gl\/xg3ae1\" target=\"_blank\" rel=\"noopener\">https:\/\/goo.gl\/xg3ae1<\/a><\/p>\n<p style=\"text-align: justify;\">Para adquirir el libro a trav\u00e9s del CSEM, dir\u00edjase a la siguiente direcci\u00f3n de correo electr\u00f3nico\u00a0<a href=\"mailto:csem@csem.org.br\">csem@csem.org.br<\/a><\/p>\n<p style=\"text-align: justify;\">","protected":false},"featured_media":0,"parent":0,"template":"","categories":[37],"class_list":["post-14378","csem_em_foco","type-csem_em_foco","status-publish","hentry","category-37"],"acf":[],"_links":{"self":[{"href":"https:\/\/www.csem.org.br\/es\/wp-json\/wp\/v2\/csem_em_foco\/14378","targetHints":{"allow":["GET"]}}],"collection":[{"href":"https:\/\/www.csem.org.br\/es\/wp-json\/wp\/v2\/csem_em_foco"}],"about":[{"href":"https:\/\/www.csem.org.br\/es\/wp-json\/wp\/v2\/types\/csem_em_foco"}],"wp:attachment":[{"href":"https:\/\/www.csem.org.br\/es\/wp-json\/wp\/v2\/media?parent=14378"}],"wp:term":[{"taxonomy":"category","embeddable":true,"href":"https:\/\/www.csem.org.br\/es\/wp-json\/wp\/v2\/categories?post=14378"}],"curies":[{"name":"wp","href":"https:\/\/api.w.org\/{rel}","templated":true}]}}

Libro: "Migración, refugio y comunidad cristiana"

<p style="text-align: justify;"><em>Editora CSEM y Paulus Editora lanzan el libro "Migraciones, Refugio y Comunidad Cristiana - Reflexiones Pastorales para la Formación de Agentes".</em></p>
<p style="text-align: justify;"><img fetchpriority="high" decoding="async" class="alignleft size-400 wp-image-14379" src="https://www.csem.org.br/wp-content/uploads/2018/08/Capa_Migracaes_refugio_e_comunidade_crista-400x604.jpg" alt="" width="400" height="604" title="">Esta colección de trece artículos de expertos en teología pastoral y movilidad humana reflexiona sobre temas relacionados con la experiencia pastoral y el servicio que interpelan a agentes, líderes eclesiales y migrantes/refugiados.</p>
<p style="text-align: justify;">Organizado por Carmem Lussi y Roberto Marinucci, ha sido concebido especialmente para los lectores que trabajan o desean trabajar en un contexto eclesial para/con migrantes y/o refugiados. Se trata de exposiciones e ideas basadas en una visión de la movilidad humana como proceso positivo y propositivo, tanto para la humanidad en general como para la Iglesia en particular.</p>
<p style="text-align: justify;">"De los muchos mensajes y enseñanzas que se pueden extraer de esta obra, destacamos el desafío que nos plantea de ser una Iglesia misionera, siempre en salida, pero siempre en articulación, superando el asistencialismo y el paternalismo. También nos desafía, como agentes de pastoral, a abordar desde la fe los fenómenos de la movilidad humana y de las migraciones forzadas: más allá de la inculturación, superemos todo etnocentrismo, sea cual sea." - Mons. José Luiz Salles</p>
<p style="text-align: justify;">El libro está a la venta en las tiendas físicas de Paulus y también en línea: <a href="https://goo.gl/xg3ae1" target="_blank" rel="noopener">https://goo.gl/xg3ae1</a></p>
<p style="text-align: justify;">Para adquirir el libro a través del CSEM, diríjase a la siguiente dirección de correo electrónico <a href="mailto:csem@csem.org.br">csem@csem.org.br</a></p>
<p style="text-align: justify;">
