{"id":14320,"date":"2016-07-05T10:53:32","date_gmt":"2016-07-05T13:53:32","guid":{"rendered":"https:\/\/www.csem.org.br\/?post_type=csem_em_foco&#038;p=14320"},"modified":"2023-07-21T16:25:02","modified_gmt":"2023-07-21T19:25:02","slug":"atividade-do-csem-no-vii-fsmm-2016","status":"publish","type":"csem_em_foco","link":"https:\/\/www.csem.org.br\/es\/csem_em_foco\/atividade-do-csem-no-vii-fsmm-2016\/","title":{"rendered":"Actividad del CSEM en el VII FSM 2016"},"content":{"rendered":"<p style=\"text-align: justify;\">Durante as atividades do VII F\u00f3rum Social Mundial das Migra\u00e7\u00f5es o CSEM ir\u00e1 ralizar o\u00a0<strong>Semin\u00e1rio\u00a0<\/strong><em><strong>&#8220;Estrat\u00e9gias de defesa e protagonismo dos migrantes e suas fam\u00edlias<\/strong><\/em><strong>&#8220;,<\/strong>\u00a0com o objetivo\u00a0de apresentar e debater as estrat\u00e9gias de defesa e protagonismo que as Irm\u00e3s Scalabrinianas, MSCS se valem em seu servi\u00e7o de atendimento e acolhida aos migrantes, refugiados e suas fam\u00edlias nos diferentes contextos em que atuam.<\/p>\n<p style=\"text-align: justify;\">A atividade ser\u00e1 no dia\u00a0<strong>08\/07, \u00e0s 11h &#8211; sala 33,<\/strong>\u00a0na Faculdade Zumbi dos Palmares.<\/p>\n<p style=\"text-align: justify;\">Palestrantes convidados:<\/p>\n<p style=\"text-align: justify;\">\u2022 H\u00e9lion Povoa Neto \u2013 Pol\u00edticas de imigra\u00e7\u00e3o e pr\u00e1ticas de acolhimento na atualidade<br \/>\nDoutor em Geografia. Professor do Instituto de Planejamento Urbano e Regional da Universidade Federal do Rio de Janeiro. Coordenador do N\u00facleo Interdisciplinar de Estudos Migrat\u00f3rios (NIEM).<\/p>\n<p style=\"text-align: justify;\">\u2022 Maria do Carmo Santos Gon\u00e7alves (a confirmar) \u2013 A experi\u00eancia de supera\u00e7\u00e3o das vulnerabilidades sociais pelos imigrantes no Rio Grande do Sul<br \/>\nMission\u00e1ria Scalabriniana. Mestre em Ci\u00eancias Sociais pela Pontif\u00edcia Universidade Cat\u00f3lica (PUC) de Porto Alegre. Coordenadora do Centro de Atendimento ao Migrante (CAM) de Caxias do Sul\/RS.<\/p>\n<p style=\"text-align: justify;\">\u2022\u00a0Marlene Wildner \u2013 a experi\u00eancia com migrantes e refugiados retornados na fronteira entre Angola e a RDC<br \/>\nMission\u00e1ria Scalabriniana. Foi Diretora da Caritas de Angola e da JRS. Atualmente \u00e9 diretora do Centro Scalabriniano de Estudos Migrat\u00f3rios \u2013 CSEM\/Bras\u00edlia.<\/p>\n<p style=\"text-align: justify;\">\u2022Rosita Milesi \u2013 &#8220;Os refugiados no Brasil: a experi\u00eancia de a\u00e7\u00f5es em rede: avan\u00e7os e lacunas&#8221;<br \/>\nMission\u00e1ria Scalabriniana. Mestre em Direito pela Pontif\u00edcia Universidade de Comillas (Espanha), com especializa\u00e7\u00e3o em migra\u00e7\u00f5es, ref\u00fagio. Diretora do Instituto Migra\u00e7\u00f5es e Direitos Humanos \u2013 IMDH.<\/p>\n<p style=\"text-align: justify;\" align=\"center\">Haga clic en\u00a0<a href=\"http:\/\/fsmm2016.org\/images\/Documentos\/Doc_Portugues\/gradefsmm2016.pdf\" target=\"_blank\" rel=\"noopener\">AQUI\u00a0<\/a>para acessar a programa\u00e7\u00e3o completa do FSMM 2016<\/p>\n<p align=\"center\"><img fetchpriority=\"high\" decoding=\"async\" class=\"size-600 wp-image-14321 alignright\" src=\"https:\/\/www.csem.org.br\/wp-content\/uploads\/2018\/08\/programafinal_fsmm-600x776.png\" alt=\"\" width=\"600\" height=\"776\" title=\"\"><\/p>\n<p style=\"text-align: justify;\" align=\"center\">","protected":false},"featured_media":0,"parent":0,"template":"","categories":[41],"class_list":["post-14320","csem_em_foco","type-csem_em_foco","status-publish","hentry","category-41"],"acf":[],"_links":{"self":[{"href":"https:\/\/www.csem.org.br\/es\/wp-json\/wp\/v2\/csem_em_foco\/14320","targetHints":{"allow":["GET"]}}],"collection":[{"href":"https:\/\/www.csem.org.br\/es\/wp-json\/wp\/v2\/csem_em_foco"}],"about":[{"href":"https:\/\/www.csem.org.br\/es\/wp-json\/wp\/v2\/types\/csem_em_foco"}],"wp:attachment":[{"href":"https:\/\/www.csem.org.br\/es\/wp-json\/wp\/v2\/media?parent=14320"}],"wp:term":[{"taxonomy":"category","embeddable":true,"href":"https:\/\/www.csem.org.br\/es\/wp-json\/wp\/v2\/categories?post=14320"}],"curies":[{"name":"wp","href":"https:\/\/api.w.org\/{rel}","templated":true}]}}

<p style="text-align: justify;">Durante as atividades do VII Fórum Social Mundial das Migrações o CSEM irá ralizar o <strong>Seminário </strong><em><strong>&#8220;Estratégias de defesa e protagonismo dos migrantes e suas famílias</strong></em><strong>&#8220;,</strong> com o objetivo de apresentar e debater as estratégias de defesa e protagonismo que as Irmãs Scalabrinianas, MSCS se valem em seu serviço de atendimento e acolhida aos migrantes, refugiados e suas famílias nos diferentes contextos em que atuam.</p>
<p style="text-align: justify;">A atividade será no dia <strong>08/07, às 11h &#8211; sala 33,</strong> na Faculdade Zumbi dos Palmares.</p>
<p style="text-align: justify;">Palestrantes convidados:</p>
<p style="text-align: justify;">• Hélion Povoa Neto – Políticas de imigração e práticas de acolhimento na atualidade<br />
Doutor em Geografia. Professor do Instituto de Planejamento Urbano e Regional da Universidade Federal do Rio de Janeiro. Coordenador do Núcleo Interdisciplinar de Estudos Migratórios (NIEM).</p>
<p style="text-align: justify;">• Maria do Carmo Santos Gonçalves (a confirmar) – A experiência de superação das vulnerabilidades sociais pelos imigrantes no Rio Grande do Sul<br />
Missionária Scalabriniana. Mestre em Ciências Sociais pela Pontifícia Universidade Católica (PUC) de Porto Alegre. Coordenadora do Centro de Atendimento ao Migrante (CAM) de Caxias do Sul/RS.</p>
<p style="text-align: justify;">• Marlene Wildner – a experiência com migrantes e refugiados retornados na fronteira entre Angola e a RDC<br />
Missionária Scalabriniana. Foi Diretora da Caritas de Angola e da JRS. Atualmente é diretora do Centro Scalabriniano de Estudos Migratórios – CSEM/Brasília.</p>
<p style="text-align: justify;">•Rosita Milesi – &#8220;Os refugiados no Brasil: a experiência de ações em rede: avanços e lacunas&#8221;<br />
Missionária Scalabriniana. Mestre em Direito pela Pontifícia Universidade de Comillas (Espanha), com especialização em migrações, refúgio. Diretora do Instituto Migrações e Direitos Humanos – IMDH.</p>
<p style="text-align: justify;" align="center">Haga clic en <a href="http://fsmm2016.org/images/Documentos/Doc_Portugues/gradefsmm2016.pdf" target="_blank" rel="noopener">AQUI </a>para acessar a programação completa do FSMM 2016</p>
<p align="center"><img fetchpriority="high" decoding="async" class="size-600 wp-image-14321 alignright" src="https://www.csem.org.br/wp-content/uploads/2018/08/programafinal_fsmm-600x776.png" alt="" width="600" height="776" title=""></p>
<p style="text-align: justify;" align="center">
