{"id":14274,"date":"2015-09-18T17:21:54","date_gmt":"2015-09-18T20:21:54","guid":{"rendered":"https:\/\/www.csem.org.br\/?post_type=csem_em_foco&#038;p=14274"},"modified":"2023-07-21T16:25:33","modified_gmt":"2023-07-21T19:25:33","slug":"participacao-do-csem-no-encontro-das-mscs-em-porto-alegre","status":"publish","type":"csem_em_foco","link":"https:\/\/www.csem.org.br\/es\/csem_em_foco\/participacao-do-csem-no-encontro-das-mscs-em-porto-alegre\/","title":{"rendered":"Participa\u00e7\u00e3o do CSEM no encontro das MSCS em Porto Alegre"},"content":{"rendered":"<p style=\"text-align: justify;\">No dia 29 de agosto de 2015 a Ir. Marlene Wildner e Tu\u00edla Botega participaram no encontro do Governo Geral com os Governos Provinciais da Congrega\u00e7\u00e3o das Irm\u00e3s Scalabrinianas realizado em Porto Alegre\/RS apresentando o Planejamento Estrat\u00e9gico do Centro Scalabriniano de Estudos Migrat\u00f3rios (CSEM) 2016-2018 e os principais projetos e atividades do Centro no curto prazo no que se refere \u00e0 produ\u00e7\u00e3o e dissemina\u00e7\u00e3o de conhecimentos sobre o tema de migra\u00e7\u00f5es.<\/p>\n<p style=\"text-align: justify;\">No dia 31 de agosto de 2015, no mesmo evento, o Roberto Marinucci ministrou uma palestra as coordenadoras provinciais das 06 Prov\u00edncias da Congrega\u00e7\u00e3o MSCS com o enfoque &#8220;<em>Fenomenologia das Migra\u00e7\u00f5es Internacionais Contempor\u00e2neas&#8221;<\/em><\/p>\n<p><img fetchpriority=\"high\" decoding=\"async\" class=\"alignleft size-600 wp-image-14275\" src=\"https:\/\/www.csem.org.br\/wp-content\/uploads\/2018\/08\/20150829_103958-600x450.jpg\" alt=\"\" width=\"600\" height=\"450\" title=\"\"><\/p>","protected":false},"featured_media":0,"parent":0,"template":"","categories":[40],"class_list":["post-14274","csem_em_foco","type-csem_em_foco","status-publish","hentry","category-40"],"acf":[],"_links":{"self":[{"href":"https:\/\/www.csem.org.br\/es\/wp-json\/wp\/v2\/csem_em_foco\/14274","targetHints":{"allow":["GET"]}}],"collection":[{"href":"https:\/\/www.csem.org.br\/es\/wp-json\/wp\/v2\/csem_em_foco"}],"about":[{"href":"https:\/\/www.csem.org.br\/es\/wp-json\/wp\/v2\/types\/csem_em_foco"}],"wp:attachment":[{"href":"https:\/\/www.csem.org.br\/es\/wp-json\/wp\/v2\/media?parent=14274"}],"wp:term":[{"taxonomy":"category","embeddable":true,"href":"https:\/\/www.csem.org.br\/es\/wp-json\/wp\/v2\/categories?post=14274"}],"curies":[{"name":"wp","href":"https:\/\/api.w.org\/{rel}","templated":true}]}}

Participação do CSEM no encontro das MSCS em Porto Alegre

<p style="text-align: justify;">No dia 29 de agosto de 2015 a Ir. Marlene Wildner e Tuíla Botega participaram no encontro do Governo Geral com os Governos Provinciais da Congregação das Irmãs Scalabrinianas realizado em Porto Alegre/RS apresentando o Planejamento Estratégico do Centro Scalabriniano de Estudos Migratórios (CSEM) 2016-2018 e os principais projetos e atividades do Centro no curto prazo no que se refere à produção e disseminação de conhecimentos sobre o tema de migrações.</p>
<p style="text-align: justify;">No dia 31 de agosto de 2015, no mesmo evento, o Roberto Marinucci ministrou uma palestra as coordenadoras provinciais das 06 Províncias da Congregação MSCS com o enfoque &#8220;<em>Fenomenologia das Migrações Internacionais Contemporâneas&#8221;</em></p>
<p><img fetchpriority="high" decoding="async" class="alignleft size-600 wp-image-14275" src="https://www.csem.org.br/wp-content/uploads/2018/08/20150829_103958-600x450.jpg" alt="" width="600" height="450" title=""></p>
