{"id":14250,"date":"2014-12-08T14:59:11","date_gmt":"2014-12-08T16:59:11","guid":{"rendered":"https:\/\/www.csem.org.br\/?post_type=csem_em_foco&#038;p=14250"},"modified":"2023-07-21T16:26:08","modified_gmt":"2023-07-21T19:26:08","slug":"lancamento-do-livro-vidas-em-transito","status":"publish","type":"csem_em_foco","link":"https:\/\/www.csem.org.br\/es\/csem_em_foco\/lancamento-do-livro-vidas-em-transito\/","title":{"rendered":"Presentaci\u00f3n del libro Vidas en tr\u00e1nsito"},"content":{"rendered":"<p>La presentaci\u00f3n del libro tuvo lugar el 25 de noviembre\u00a0<strong>Vidas en tr\u00e1nsito: conocer y reflexionar desde la perspectiva de la movilidad humana<\/strong>en el Instituto de Ciencias Sociales de la Universidad de Brasilia.<\/p>\n<p>El evento fue organizado por el Centro Scalabriniano de Estudios sobre Migraciones - CSEM, en colaboraci\u00f3n con el Observatorio de las Migraciones Internacionales - Obmigra, y cont\u00f3 con la presencia del Prof. Dr. Sadi Del Rosso - Director del Instituto de Ciencias Sociales, el Prof. Dr. Brasilmar Ferreira Nunes (SOL\/UnB), el Prof. Dr. Leonardo Cavalcanti (CEPPAC\/UnB) y Tu\u00edla Botega (CSEM). Tambi\u00e9n estuvieron presentes estudiantes, investigadores e interesados en las migraciones.<\/p>\n<p><img fetchpriority=\"high\" decoding=\"async\" class=\"alignleft wp-image-14251 size-medium\" src=\"https:\/\/www.csem.org.br\/wp-content\/uploads\/2018\/08\/Capa_Vidas_em_transito-252x360.jpg\" alt=\"\" width=\"252\" height=\"360\" title=\"\">La publicaci\u00f3n organizada por Sor Terezinha Santin y Tu\u00edla Botega -miembros del equipo del CSEM- y editada por la PUC\/RS pretende reflexionar sobre la movilidad humana desde un enfoque multi e interdisciplinar, incluyendo aproximaciones demogr\u00e1ficas, sociol\u00f3gicas, antropol\u00f3gicas, geogr\u00e1ficas, hist\u00f3ricas y teol\u00f3gicas.<\/p>\n<p>El libro es el resultado del Curso de Extensi\u00f3n del mismo nombre realizado en 2013 por el CSEM en asociaci\u00f3n con el PPG-CEPPAC y el PPG-DSCI en la Universidad de Brasilia. Por ello, abarca la dimensi\u00f3n de la migraci\u00f3n interna -con \u00e9nfasis en la realidad del Distrito Federal y su entorno- y la migraci\u00f3n internacional en general y hacia Brasil. Se destacan los enfoques de g\u00e9nero, la dimensi\u00f3n religiosa y la discusi\u00f3n sobre la inserci\u00f3n de los inmigrantes en el lugar de llegada, entre otros.<\/p>\n<p>Los interesados en adquirir el libro pueden ponerse en contacto con el CSEM por correo electr\u00f3nico:\u00a0<a href=\"mailto:csem@csem.org.br\">csem@csem.org.br<\/a>\u00a0.<\/p>\n<p>Confira o \u00edndice:<\/p>\n<p><strong>1. \u00bfQu\u00e9 localidades han atra\u00eddo a m\u00e1s nordestinos con distintos niveles de estudios en las \u00faltimas d\u00e9cadas?<\/strong><br \/>\nHerton Ellery Ara\u00fajo, Ana Luiza Machado de Codes, Larissa de Morais Pinto y Agnes de Fran\u00e7a Serrano<br \/>\n<strong>2.<\/strong>\u00a0<strong>Contextualizar la migraci\u00f3n interior centr\u00e1ndose en el Distrito Federal<\/strong><br \/>\nSidnei Marco Dornelas<br \/>\n<strong>3. Organizaci\u00f3n del espacio urbano y migraci\u00f3n al Distrito Federal: evoluci\u00f3n y tendencias<\/strong><br \/>\nAldo Paviani<br \/>\n<strong>4. M\u00e1s all\u00e1 del estigma y la discriminaci\u00f3n: trabajadoras dom\u00e9sticas peruanas en Brasilia<\/strong><br \/>\nDelia Dutra<br \/>\n<strong>5. La migraci\u00f3n femenina: un debate te\u00f3rico y metodol\u00f3gico en el marco de los estudios de g\u00e9nero<\/strong><br \/>\nRoberta Peres Guimar\u00e3es y Rosana Baeninger<br \/>\n<strong>6. La migraci\u00f3n de los fieles y la movilidad de los sistemas religiosos<\/strong><br \/>\nRoberto Marinucci<br \/>\n<strong>7. Los inmigrantes y el derecho a la indiferencia: algunas cuestiones te\u00f3ricas<\/strong><br \/>\nBrasilmar Ferreira Nunes y Leonardo Cavalcanti<br \/>\n<strong>8. Asociaciones de inmigrantes: una reflexi\u00f3n antropol\u00f3gica sobre la mediaci\u00f3n y el liderazgo en un contexto migratorio<\/strong><br \/>\nAlessandra Siqueira Barreto<br \/>\n<strong>9. De \"refugiados\" a inmigrantes: retos para la integraci\u00f3n sociocultural de los haitianos en Manaus<\/strong><br \/>\nSidney Silva<\/p>","protected":false},"featured_media":0,"parent":0,"template":"","categories":[39],"class_list":["post-14250","csem_em_foco","type-csem_em_foco","status-publish","hentry","category-39"],"acf":[],"_links":{"self":[{"href":"https:\/\/www.csem.org.br\/es\/wp-json\/wp\/v2\/csem_em_foco\/14250","targetHints":{"allow":["GET"]}}],"collection":[{"href":"https:\/\/www.csem.org.br\/es\/wp-json\/wp\/v2\/csem_em_foco"}],"about":[{"href":"https:\/\/www.csem.org.br\/es\/wp-json\/wp\/v2\/types\/csem_em_foco"}],"wp:attachment":[{"href":"https:\/\/www.csem.org.br\/es\/wp-json\/wp\/v2\/media?parent=14250"}],"wp:term":[{"taxonomy":"category","embeddable":true,"href":"https:\/\/www.csem.org.br\/es\/wp-json\/wp\/v2\/categories?post=14250"}],"curies":[{"name":"wp","href":"https:\/\/api.w.org\/{rel}","templated":true}]}}

Presentación del libro Vidas en tránsito

<p>La presentación del libro tuvo lugar el 25 de noviembre <strong>Vidas en tránsito: conocer y reflexionar desde la perspectiva de la movilidad humana</strong>en el Instituto de Ciencias Sociales de la Universidad de Brasilia.</p>
<p>El evento fue organizado por el Centro Scalabriniano de Estudios sobre Migraciones - CSEM, en colaboración con el Observatorio de las Migraciones Internacionales - Obmigra, y contó con la presencia del Prof. Dr. Sadi Del Rosso - Director del Instituto de Ciencias Sociales, el Prof. Dr. Brasilmar Ferreira Nunes (SOL/UnB), el Prof. Dr. Leonardo Cavalcanti (CEPPAC/UnB) y Tuíla Botega (CSEM). También estuvieron presentes estudiantes, investigadores e interesados en las migraciones.</p>
<p><img fetchpriority="high" decoding="async" class="alignleft wp-image-14251 size-medium" src="https://www.csem.org.br/wp-content/uploads/2018/08/Capa_Vidas_em_transito-252x360.jpg" alt="" width="252" height="360" title="">La publicación organizada por Sor Terezinha Santin y Tuíla Botega -miembros del equipo del CSEM- y editada por la PUC/RS pretende reflexionar sobre la movilidad humana desde un enfoque multi e interdisciplinar, incluyendo aproximaciones demográficas, sociológicas, antropológicas, geográficas, históricas y teológicas.</p>
<p>El libro es el resultado del Curso de Extensión del mismo nombre realizado en 2013 por el CSEM en asociación con el PPG-CEPPAC y el PPG-DSCI en la Universidad de Brasilia. Por ello, abarca la dimensión de la migración interna -con énfasis en la realidad del Distrito Federal y su entorno- y la migración internacional en general y hacia Brasil. Se destacan los enfoques de género, la dimensión religiosa y la discusión sobre la inserción de los inmigrantes en el lugar de llegada, entre otros.</p>
<p>Los interesados en adquirir el libro pueden ponerse en contacto con el CSEM por correo electrónico: <a href="mailto:csem@csem.org.br">csem@csem.org.br</a> .</p>
<p>Confira o índice:</p>
<p><strong>1. ¿Qué localidades han atraído a más nordestinos con distintos niveles de estudios en las últimas décadas?</strong><br />
Herton Ellery Araújo, Ana Luiza Machado de Codes, Larissa de Morais Pinto y Agnes de França Serrano<br />
<strong>2.</strong> <strong>Contextualizar la migración interior centrándose en el Distrito Federal</strong><br />
Sidnei Marco Dornelas<br />
<strong>3. Organización del espacio urbano y migración al Distrito Federal: evolución y tendencias</strong><br />
Aldo Paviani<br />
<strong>4. Más allá del estigma y la discriminación: trabajadoras domésticas peruanas en Brasilia</strong><br />
Delia Dutra<br />
<strong>5. La migración femenina: un debate teórico y metodológico en el marco de los estudios de género</strong><br />
Roberta Peres Guimarães y Rosana Baeninger<br />
<strong>6. La migración de los fieles y la movilidad de los sistemas religiosos</strong><br />
Roberto Marinucci<br />
<strong>7. Los inmigrantes y el derecho a la indiferencia: algunas cuestiones teóricas</strong><br />
Brasilmar Ferreira Nunes y Leonardo Cavalcanti<br />
<strong>8. Asociaciones de inmigrantes: una reflexión antropológica sobre la mediación y el liderazgo en un contexto migratorio</strong><br />
Alessandra Siqueira Barreto<br />
<strong>9. De "refugiados" a inmigrantes: retos para la integración sociocultural de los haitianos en Manaus</strong><br />
Sidney Silva</p>
