{"id":26274,"date":"2025-11-28T09:18:45","date_gmt":"2025-11-28T12:18:45","guid":{"rendered":"https:\/\/www.csem.org.br\/?post_type=csem_em_foco&#038;p=26274"},"modified":"2025-11-28T09:20:33","modified_gmt":"2025-11-28T12:20:33","slug":"csem-apresenta-pesquisa-sobre-migrantes-retornadas-com-deficiencia-na-universidade-de-brasilia","status":"publish","type":"csem_em_foco","link":"https:\/\/www.csem.org.br\/en\/csem_em_foco\/csem-apresenta-pesquisa-sobre-migrantes-retornadas-com-deficiencia-na-universidade-de-brasilia\/","title":{"rendered":"CSEM presents research on returned migrants with disabilities at the University of Brasilia"},"content":{"rendered":"<p>Nos dias 18 e 19 de novembro de 2025 aconteceu o 4\u00ba semin\u00e1rio do <a href=\"https:\/\/www.instagram.com\/laboratoriomobile\/\" target=\"_blank\" rel=\"noopener\">Mobile (Laborat\u00f3rio de Etnografia das Circula\u00e7\u00f5es e Din\u00e2micas Migrat\u00f3rias)<\/a>, coordenado pela Profa. Dra. Andr\u00e9a Lobo, no Departamento de Antropologia da Universidade de Bras\u00edlia, intitulado \u201cEtnografias atravessadas por mobilidades, localidades e os marcadores sociais de domina\u00e7\u00e3o\u201d.<\/p>\n\n\n\n<p>Os dois dias de evento reuniram apresenta\u00e7\u00f5es sobre mobilidade humana, ra\u00e7a, g\u00eanero, cuidado, maternidade e contaram tamb\u00e9m com a participa\u00e7\u00e3o de pesquisadoras do CSEM, Barbara Marciano e Tuila Botega, com o trabalho \u201c\u2018En un abrir y cerrar de ojos, todo se ve truncado!\u2019: A constru\u00e7\u00e3o social de \u2018acidentes\u2019 no contexto migrat\u00f3rio Honduras-Estados Unidos\u201d.&nbsp;<\/p>\n\n\n\n<p>Os dados apresentados fazem parte da <a href=\"https:\/\/www.csem.org.br\/en\/pesquisas-e-projetos\/\" target=\"_blank\" rel=\"noreferrer noopener\">pesquisa \u201cSalud mental y mujeres migrantes retornadas con discapacidad y mujeres cuidadoras de migrantes retornados con discapacidad\u201d<\/a> uma parceria do Centro Scalabriniano de Estudos Migrat\u00f3rios, com a Pastoral de Movilidad Humana e a Comisi\u00f3n Nacional de Apoyo a los Migrantes Retornados con Discapacidad F\u00edsica (CONAMIREDIS), que atuam em Honduras no atendimento a migrantes retornados com defici\u00eancia em decorr\u00eancia de \u201cacidentes\u201d ocorridos na rota migrat\u00f3ria para os Estados Unidos.\u00a0<\/p>\n\n\n\n<p>Na apresenta\u00e7\u00e3o e no debate, os coment\u00e1rios destacaram a abordagem do N\u00facleo Duro de pesquisa do CSEM para as migra\u00e7\u00f5es, que al\u00e9m de olhar para o \u201cacidente\u201d como consequ\u00eancia de pol\u00edticas migrat\u00f3rias restritivas que cerceiam e criminalizam a mobilidade, entende que h\u00e1 uma constru\u00e7\u00e3o social dos riscos. Ainda, a proposta anal\u00edtica do CSEM se foca na compreens\u00e3o de como essas mulheres enfrentam as rupturas provocadas pelo acidente na rota migrat\u00f3ria e pelo consequente \u201cfracasso\u201d do projeto migrat\u00f3rio, e como, a partir disso, reconstroem suas vidas, suas subjetividades ap\u00f3s a deporta\u00e7\u00e3o, no retorno e reintegra\u00e7\u00e3o ao pa\u00eds de origem.<\/p>\n\n\n\n<p>Al\u00e9m da apresenta\u00e7\u00e3o realizada sobre o tema da pesquisa, o evento foi uma oportunidade para divulga\u00e7\u00e3o da&nbsp; <a href=\"https:\/\/remhu.csem.org.br\/index.php\/remhu\" target=\"_blank\" rel=\"noopener\">REMHU: Interdisciplinary Journal of Human Mobility<\/a>, produzida e editada pelo CSEM.&nbsp;<\/p>\n\n\n\n<p><\/p>","protected":false},"featured_media":26275,"parent":0,"template":"","categories":[],"class_list":["post-26274","csem_em_foco","type-csem_em_foco","status-publish","has-post-thumbnail","hentry"],"acf":[],"_links":{"self":[{"href":"https:\/\/www.csem.org.br\/en\/wp-json\/wp\/v2\/csem_em_foco\/26274","targetHints":{"allow":["GET"]}}],"collection":[{"href":"https:\/\/www.csem.org.br\/en\/wp-json\/wp\/v2\/csem_em_foco"}],"about":[{"href":"https:\/\/www.csem.org.br\/en\/wp-json\/wp\/v2\/types\/csem_em_foco"}],"wp:featuredmedia":[{"embeddable":true,"href":"https:\/\/www.csem.org.br\/en\/wp-json\/wp\/v2\/media\/26275"}],"wp:attachment":[{"href":"https:\/\/www.csem.org.br\/en\/wp-json\/wp\/v2\/media?parent=26274"}],"wp:term":[{"taxonomy":"category","embeddable":true,"href":"https:\/\/www.csem.org.br\/en\/wp-json\/wp\/v2\/categories?post=26274"}],"curies":[{"name":"wp","href":"https:\/\/api.w.org\/{rel}","templated":true}]}}

<p>Nos dias 18 e 19 de novembro de 2025 aconteceu o 4º seminário do <a href="https://www.instagram.com/laboratoriomobile/" target="_blank" rel="noopener">Mobile (Laboratório de Etnografia das Circulações e Dinâmicas Migratórias)</a>, coordenado pela Profa. Dra. Andréa Lobo, no Departamento de Antropologia da Universidade de Brasília, intitulado “Etnografias atravessadas por mobilidades, localidades e os marcadores sociais de dominação”.</p>



<p>Os dois dias de evento reuniram apresentações sobre mobilidade humana, raça, gênero, cuidado, maternidade e contaram também com a participação de pesquisadoras do CSEM, Barbara Marciano e Tuila Botega, com o trabalho “‘En un abrir y cerrar de ojos, todo se ve truncado!’: A construção social de ‘acidentes’ no contexto migratório Honduras-Estados Unidos”.&nbsp;</p>



<p>Os dados apresentados fazem parte da <a href="https://www.csem.org.br/en/pesquisas-e-projetos/" target="_blank" rel="noreferrer noopener">pesquisa “Salud mental y mujeres migrantes retornadas con discapacidad y mujeres cuidadoras de migrantes retornados con discapacidad”</a> uma parceria do Centro Scalabriniano de Estudos Migratórios, com a Pastoral de Movilidad Humana e a Comisión Nacional de Apoyo a los Migrantes Retornados con Discapacidad Física (CONAMIREDIS), que atuam em Honduras no atendimento a migrantes retornados com deficiência em decorrência de “acidentes” ocorridos na rota migratória para os Estados Unidos. </p>



<p>Na apresentação e no debate, os comentários destacaram a abordagem do Núcleo Duro de pesquisa do CSEM para as migrações, que além de olhar para o “acidente” como consequência de políticas migratórias restritivas que cerceiam e criminalizam a mobilidade, entende que há uma construção social dos riscos. Ainda, a proposta analítica do CSEM se foca na compreensão de como essas mulheres enfrentam as rupturas provocadas pelo acidente na rota migratória e pelo consequente “fracasso” do projeto migratório, e como, a partir disso, reconstroem suas vidas, suas subjetividades após a deportação, no retorno e reintegração ao país de origem.</p>



<p>Além da apresentação realizada sobre o tema da pesquisa, o evento foi uma oportunidade para divulgação da&nbsp; <a href="https://remhu.csem.org.br/index.php/remhu" target="_blank" rel="noopener">REMHU: Interdisciplinary Journal of Human Mobility</a>, produzida e editada pelo CSEM.&nbsp;</p>



<p></p>
