{"id":25981,"date":"2025-06-06T15:29:20","date_gmt":"2025-06-06T18:29:20","guid":{"rendered":"https:\/\/www.csem.org.br\/?post_type=csem_em_foco&#038;p=25981"},"modified":"2025-06-06T15:29:21","modified_gmt":"2025-06-06T18:29:21","slug":"entrevista-com-macaio-cultura-dignidade-e-direitos-o-caminho-de-um-migrante-que-transforma","status":"publish","type":"csem_em_foco","link":"https:\/\/www.csem.org.br\/en\/csem_em_foco\/entrevista-com-macaio-cultura-dignidade-e-direitos-o-caminho-de-um-migrante-que-transforma\/","title":{"rendered":"Interview with Macaio - Culture, dignity and rights: the journey of a migrant who transforms"},"content":{"rendered":"<p>Mestre em Ci\u00eancia da Computa\u00e7\u00e3o, percussionista, cantor, compositor e lideran\u00e7a comunit\u00e1ria. Macaio \u00e9 tudo isso \u2014 e mais. Migrante da Guin\u00e9-Bissau, ele \u00e9 presidente da AEGBEC \u2013 Associa\u00e7\u00e3o dos Estudantes da Guin\u00e9-Bissau no Estado do Cear\u00e1 e atua no Programa Estadual de Aten\u00e7\u00e3o ao Migrante, Refugiado e Enfrentamento ao Tr\u00e1fico de Pessoas, vinculado \u00e0 Secretaria dos Direitos Humanos do Cear\u00e1.<\/p>\n\n\n\n<p>Durante a Terceira Confer\u00eancia Internacional sobre Migra\u00e7\u00e3o e Ref\u00fagio (ICoMiR), realizada em Bras\u00edlia entre os dias 19 e 22 de maio de 2025. Macaio concedeu entrevista ao Centro Scalabriniano de Estudos Migrat\u00f3rios (CSEM) para falar sobre a trajet\u00f3ria de vida e contribuir com o debate. O evento reuniu representantes de mais de 30 pa\u00edses e cerca de 800 participantes conectados online. Ao longo dos dias, foram compartilhadas an\u00e1lises, experi\u00eancias e reflex\u00f5es em torno do tema \u201cCompreender, humanizar e valorizar as pessoas em mobilidade\u201d.<\/p>\n\n\n\n<p>Macaio Upecor Gomes tem um compromisso profundo com a transforma\u00e7\u00e3o social por meio da cultura, da educa\u00e7\u00e3o e da mobiliza\u00e7\u00e3o coletiva. \u201cMesmo com objetivos diferentes, temos uma mesma miss\u00e3o\u201d, afirma. A miss\u00e3o a que se refere \u00e9 a de garantir dignidade, acesso a direitos e reconhecimento para migrantes guineenses, como tamb\u00e9m para todas as pessoas deslocadas que hoje vivem no Brasil. Para isso, a AEGBEC, da qual Macaio faz parte, tem promovido escutas e visitas aos bairros com maior presen\u00e7a migrante. \u201cNo final, percebo que as demandas se repetem: acesso \u00e0 universidade, reconhecimento de diplomas, emprego digno. S\u00e3o desafios comuns.\u201d<\/p>\n\n\n\n<p>Como presidente da associa\u00e7\u00e3o, ele destaca que, muitas vezes, os migrantes que chegam ao Brasil acabam trabalhando em \u00e1reas muito distantes da forma\u00e7\u00e3o, em condi\u00e7\u00f5es prec\u00e1rias, por pura necessidade de sobreviv\u00eancia. \u201cS\u00e3o pessoas que t\u00eam qualifica\u00e7\u00e3o, mas n\u00e3o conseguem atuar na \u00e1rea em que se formaram. Aceitam jornadas exaustivas, mal remuneradas, com medo de perder o emprego, de n\u00e3o conseguir pagar aluguel. \u00c9 preciso criar pol\u00edticas de fiscaliza\u00e7\u00e3o que olhem para isso.\u201d<\/p>\n\n\n\n<p>Outro ponto crucial, segundo o porta-voz da comunidade da Guin\u00e9-Bissau, \u00e9 a amplia\u00e7\u00e3o da inclus\u00e3o de migrantes nas universidades p\u00fablicas: \u201cAinda n\u00e3o existe uma pol\u00edtica voltada especificamente para quem migra. Sabemos que algumas institui\u00e7\u00f5es oferecem cotas para refugiados, mas isso precisa se ampliar, se tornar algo institucionalizado e acess\u00edvel.\u201d<\/p>\n\n\n\n<h3 class=\"wp-block-heading\"><a><\/a><strong>Expressar-se tamb\u00e9m \u00e9 um direito: a luta por espa\u00e7o e voz<\/strong><\/h3>\n\n\n\n<p>Para Macaio, a cultura tamb\u00e9m ocupa um lugar central na vida do migrante. H\u00e1, segundo ele, uma \u201carte no sangue\u201d de quem chega ao Brasil \u2014 mas faltam espa\u00e7os para que possam se expressar. \u201cTemos m\u00fasicos de v\u00e1rias nacionalidades que est\u00e3o invisibilizados. N\u00e3o \u00e9 apenas sobre viver da arte, mas poder se apresentar, mostrar a identidade. Abrir essas portas \u00e9 um gesto de acolhimento e transforma\u00e7\u00e3o.\u201d<\/p>\n\n\n\n<p>Quando perguntado sobre como fortalecer as redes de apoio entre migrantes, especialmente entre jovens e profissionais, Macaio aponta que o primeiro passo \u00e9 incluir os pr\u00f3prios migrantes nas constru\u00e7\u00f5es. \u201cCriar espa\u00e7os de di\u00e1logo, convidar migrantes e brasileiros para conversar, debater. \u00c9 o que a Confer\u00eancia Internacional sobre Migra\u00e7\u00e3o e Ref\u00fagio (ICoMiR) fez, e isso precisa se multiplicar. A aproxima\u00e7\u00e3o quebra barreiras e permite que os migrantes se sintam parte da comunidade.\u201d<\/p>\n\n\n\n<p>Ele finaliza com um agradecimento \u00e0 Secretaria dos Direitos Humanos do Cear\u00e1, da qual faz parte, pela sensibilidade em reconhecer e acompanhar as dificuldades enfrentadas pelos migrantes. \u201cQuando o poder p\u00fablico escuta e age, o pa\u00eds inteiro cresce junto.\u201d<\/p>","protected":false},"featured_media":25471,"parent":0,"template":"","categories":[],"class_list":["post-25981","csem_em_foco","type-csem_em_foco","status-publish","has-post-thumbnail","hentry"],"acf":[],"_links":{"self":[{"href":"https:\/\/www.csem.org.br\/en\/wp-json\/wp\/v2\/csem_em_foco\/25981","targetHints":{"allow":["GET"]}}],"collection":[{"href":"https:\/\/www.csem.org.br\/en\/wp-json\/wp\/v2\/csem_em_foco"}],"about":[{"href":"https:\/\/www.csem.org.br\/en\/wp-json\/wp\/v2\/types\/csem_em_foco"}],"wp:featuredmedia":[{"embeddable":true,"href":"https:\/\/www.csem.org.br\/en\/wp-json\/wp\/v2\/media\/25471"}],"wp:attachment":[{"href":"https:\/\/www.csem.org.br\/en\/wp-json\/wp\/v2\/media?parent=25981"}],"wp:term":[{"taxonomy":"category","embeddable":true,"href":"https:\/\/www.csem.org.br\/en\/wp-json\/wp\/v2\/categories?post=25981"}],"curies":[{"name":"wp","href":"https:\/\/api.w.org\/{rel}","templated":true}]}}

<p>Mestre em Ciência da Computação, percussionista, cantor, compositor e liderança comunitária. Macaio é tudo isso — e mais. Migrante da Guiné-Bissau, ele é presidente da AEGBEC – Associação dos Estudantes da Guiné-Bissau no Estado do Ceará e atua no Programa Estadual de Atenção ao Migrante, Refugiado e Enfrentamento ao Tráfico de Pessoas, vinculado à Secretaria dos Direitos Humanos do Ceará.</p>



<p>Durante a Terceira Conferência Internacional sobre Migração e Refúgio (ICoMiR), realizada em Brasília entre os dias 19 e 22 de maio de 2025. Macaio concedeu entrevista ao Centro Scalabriniano de Estudos Migratórios (CSEM) para falar sobre a trajetória de vida e contribuir com o debate. O evento reuniu representantes de mais de 30 países e cerca de 800 participantes conectados online. Ao longo dos dias, foram compartilhadas análises, experiências e reflexões em torno do tema “Compreender, humanizar e valorizar as pessoas em mobilidade”.</p>



<p>Macaio Upecor Gomes tem um compromisso profundo com a transformação social por meio da cultura, da educação e da mobilização coletiva. “Mesmo com objetivos diferentes, temos uma mesma missão”, afirma. A missão a que se refere é a de garantir dignidade, acesso a direitos e reconhecimento para migrantes guineenses, como também para todas as pessoas deslocadas que hoje vivem no Brasil. Para isso, a AEGBEC, da qual Macaio faz parte, tem promovido escutas e visitas aos bairros com maior presença migrante. “No final, percebo que as demandas se repetem: acesso à universidade, reconhecimento de diplomas, emprego digno. São desafios comuns.”</p>



<p>Como presidente da associação, ele destaca que, muitas vezes, os migrantes que chegam ao Brasil acabam trabalhando em áreas muito distantes da formação, em condições precárias, por pura necessidade de sobrevivência. “São pessoas que têm qualificação, mas não conseguem atuar na área em que se formaram. Aceitam jornadas exaustivas, mal remuneradas, com medo de perder o emprego, de não conseguir pagar aluguel. É preciso criar políticas de fiscalização que olhem para isso.”</p>



<p>Outro ponto crucial, segundo o porta-voz da comunidade da Guiné-Bissau, é a ampliação da inclusão de migrantes nas universidades públicas: “Ainda não existe uma política voltada especificamente para quem migra. Sabemos que algumas instituições oferecem cotas para refugiados, mas isso precisa se ampliar, se tornar algo institucionalizado e acessível.”</p>



<h3 class="wp-block-heading"><a></a><strong>Expressar-se também é um direito: a luta por espaço e voz</strong></h3>



<p>Para Macaio, a cultura também ocupa um lugar central na vida do migrante. Há, segundo ele, uma “arte no sangue” de quem chega ao Brasil — mas faltam espaços para que possam se expressar. “Temos músicos de várias nacionalidades que estão invisibilizados. Não é apenas sobre viver da arte, mas poder se apresentar, mostrar a identidade. Abrir essas portas é um gesto de acolhimento e transformação.”</p>



<p>Quando perguntado sobre como fortalecer as redes de apoio entre migrantes, especialmente entre jovens e profissionais, Macaio aponta que o primeiro passo é incluir os próprios migrantes nas construções. “Criar espaços de diálogo, convidar migrantes e brasileiros para conversar, debater. É o que a Conferência Internacional sobre Migração e Refúgio (ICoMiR) fez, e isso precisa se multiplicar. A aproximação quebra barreiras e permite que os migrantes se sintam parte da comunidade.”</p>



<p>Ele finaliza com um agradecimento à Secretaria dos Direitos Humanos do Ceará, da qual faz parte, pela sensibilidade em reconhecer e acompanhar as dificuldades enfrentadas pelos migrantes. “Quando o poder público escuta e age, o país inteiro cresce junto.”</p>
