{"id":18591,"date":"2021-06-01T15:20:48","date_gmt":"2021-06-01T18:20:48","guid":{"rendered":"https:\/\/www.csem.org.br\/?post_type=csem_em_foco&#038;p=18591"},"modified":"2023-07-21T16:18:19","modified_gmt":"2023-07-21T19:18:19","slug":"evento-virtual-de-lancamento-da-61-remhu-pessoas-migrantes-e-refugiadas-em-tempos-de-covid-19-violacoes-e-resistencias","status":"publish","type":"csem_em_foco","link":"https:\/\/www.csem.org.br\/en\/csem_em_foco\/evento-virtual-de-lancamento-da-61-remhu-pessoas-migrantes-e-refugiadas-em-tempos-de-covid-19-violacoes-e-resistencias\/","title":{"rendered":"Evento Virtual de lan\u00e7amento da 61\u00b0 REMHU :  &#8220;PESSOAS MIGRANTES E REFUGIADAS EM TEMPOS DE COVID-19: VIOLA\u00c7\u00d5ES E RESIST\u00caNCIAS&#8221;."},"content":{"rendered":"<p><img fetchpriority=\"high\" decoding=\"async\" class=\"size-medium wp-image-18598 alignleft\" src=\"https:\/\/www.csem.org.br\/wp-content\/uploads\/2021\/06\/02-Flyer-REMHU-257x360.png\" alt=\"\" width=\"257\" height=\"360\" title=\"\">O CSEM &#8211; Centro Scalabriniano de Estudos Migrat\u00f3rios realizar\u00e1 um evento virtual de lan\u00e7amento da 61\u00b0 REMHU, Revista Interdisciplinar da Mobilidade Humana, v. 29, n. 61, que inclui um dossi\u00ea sobre o tema: &#8220;PESSOAS MIGRANTES E REFUGIADAS EM TEMPOS DE COVID-19: VIOLA\u00c7\u00d5ES E RESIST\u00caNCIAS&#8221;. O evento acontecer\u00e1 na pr\u00f3xima quinta-feira, 10 de junho, \u00e0s 19h (Bras\u00edlia), pela plataforma de comunica\u00e7\u00e3o Zoom.<\/p>\n<p>A inscri\u00e7\u00e3o ficar\u00e1 aberta at\u00e9 dia 10 de junho, pelo link : <a href=\"https:\/\/www.csem.org.br\/en\/REMHUINSCRI\u00c7\u00d5ES\/\">https:\/\/www.csem.org.br\/REMHUINSCRI\u00c7\u00d5ES<\/a><\/p>\n<p>O evento contar\u00e1 com uma apresenta\u00e7\u00e3o do dossi\u00ea da REMHU, uma palestra da Dra.Rosana Baeninger e uma interven\u00e7\u00e3o do Dr.Wilson Fusco para o debate.<\/p>\n<p>O Dossi\u00ea da revista n. 61 traz um conjunto de reflex\u00f5es desafiadoras e urgentes que n\u00e3o dizem respeito apenas a um grupo espec\u00edfico de seres humanos \u2013 as pessoas migrantes e refugiadas \u2013, mas, a partir deste, aprofunda os princ\u00edpios axiol\u00f3gicos que permeiam e movem as sociedades contempor\u00e2neas em todos os seus aspectos.<\/p>\n<p>Todos os artigos est\u00e3o dispon\u00edveis no site <a href=\"http:\/\/www.scielo.br\/scielo.php?script=sci_issuetoc&amp;pid=1980-858520180003&amp;lng=pt&amp;nrm=iso\" target=\"_blank\" rel=\"noopener\">SciELO<\/a> Brasil e no portal da <a href=\"http:\/\/www.csem.org.br\/en\/remhu\/\">REMHU<\/a>.<\/p>\n<p>&nbsp;<\/p>\n<p>&nbsp;<\/p>","protected":false},"featured_media":0,"parent":0,"template":"","categories":[46],"class_list":["post-18591","csem_em_foco","type-csem_em_foco","status-publish","hentry","category-46"],"acf":[],"_links":{"self":[{"href":"https:\/\/www.csem.org.br\/en\/wp-json\/wp\/v2\/csem_em_foco\/18591","targetHints":{"allow":["GET"]}}],"collection":[{"href":"https:\/\/www.csem.org.br\/en\/wp-json\/wp\/v2\/csem_em_foco"}],"about":[{"href":"https:\/\/www.csem.org.br\/en\/wp-json\/wp\/v2\/types\/csem_em_foco"}],"wp:attachment":[{"href":"https:\/\/www.csem.org.br\/en\/wp-json\/wp\/v2\/media?parent=18591"}],"wp:term":[{"taxonomy":"category","embeddable":true,"href":"https:\/\/www.csem.org.br\/en\/wp-json\/wp\/v2\/categories?post=18591"}],"curies":[{"name":"wp","href":"https:\/\/api.w.org\/{rel}","templated":true}]}}

Evento Virtual de lançamento da 61° REMHU :  &#8220;PESSOAS MIGRANTES E REFUGIADAS EM TEMPOS DE COVID-19: VIOLAÇÕES E RESISTÊNCIAS&#8221;.

<p><img fetchpriority="high" decoding="async" class="size-medium wp-image-18598 alignleft" src="https://www.csem.org.br/wp-content/uploads/2021/06/02-Flyer-REMHU-257x360.png" alt="" width="257" height="360" title="">O CSEM &#8211; Centro Scalabriniano de Estudos Migratórios realizará um evento virtual de lançamento da 61° REMHU, Revista Interdisciplinar da Mobilidade Humana, v. 29, n. 61, que inclui um dossiê sobre o tema: &#8220;PESSOAS MIGRANTES E REFUGIADAS EM TEMPOS DE COVID-19: VIOLAÇÕES E RESISTÊNCIAS&#8221;. O evento acontecerá na próxima quinta-feira, 10 de junho, às 19h (Brasília), pela plataforma de comunicação Zoom.</p>
<p>A inscrição ficará aberta até dia 10 de junho, pelo link : <a href="https://www.csem.org.br/en/REMHUINSCRIÇÕES/">https://www.csem.org.br/REMHUINSCRIÇÕES</a></p>
<p>O evento contará com uma apresentação do dossiê da REMHU, uma palestra da Dra.Rosana Baeninger e uma intervenção do Dr.Wilson Fusco para o debate.</p>
<p>O Dossiê da revista n. 61 traz um conjunto de reflexões desafiadoras e urgentes que não dizem respeito apenas a um grupo específico de seres humanos – as pessoas migrantes e refugiadas –, mas, a partir deste, aprofunda os princípios axiológicos que permeiam e movem as sociedades contemporâneas em todos os seus aspectos.</p>
<p>Todos os artigos estão disponíveis no site <a href="http://www.scielo.br/scielo.php?script=sci_issuetoc&amp;pid=1980-858520180003&amp;lng=pt&amp;nrm=iso" target="_blank" rel="noopener">SciELO</a> Brasil e no portal da <a href="http://www.csem.org.br/en/remhu/">REMHU</a>.</p>
<p>&nbsp;</p>
<p>&nbsp;</p>
