{"id":18312,"date":"2021-01-26T16:52:38","date_gmt":"2021-01-26T19:52:38","guid":{"rendered":"https:\/\/www.csem.org.br\/?post_type=csem_em_foco&#038;p=18312"},"modified":"2023-07-21T16:18:19","modified_gmt":"2023-07-21T19:18:19","slug":"call-for-papers-remhu-n-61-e-n-62","status":"publish","type":"csem_em_foco","link":"https:\/\/www.csem.org.br\/en\/csem_em_foco\/call-for-papers-remhu-n-61-e-n-62\/","title":{"rendered":"CALL FOR PAPERS \u2013 REMHU N. 61 E N. 62"},"content":{"rendered":"<div class=\"post-content\">\n<p>A\u00a0<strong>REMHU, Interdisciplinary Journal of Human Mobility<\/strong>\u00a0(<a href=\"http:\/\/www.csem.org.br\/en\/remhu\/\">www.csem.org.br\/remhu<\/a>\u00a0or\u00a0<a href=\"http:\/\/www.scielo.br\/remhu\" target=\"_blank\" rel=\"noopener\">www.scielo.br\/remhu<\/a>), comunica que o\u00a0<strong>n\u00famero 61<\/strong>\u00a0de<strong>\u00a0Abril de 2021<\/strong>\u00a0ter\u00e1 um Dossi\u00ea sobre o tema \u201c<strong>COVID-19, Estado de emerg\u00eancia e migra\u00e7\u00f5es<\/strong>\u201d (data limite para entrega dos artigos,\u00a0<strong>10 de janeiro de 2021<\/strong>).<\/p>\n<p>Alguns dos temas que podem ser abordados:<\/p>\n<p>\u2013 Os sujeitos migrantes (migra\u00e7\u00f5es irregulares, femininas e LGBT) no contexto da pandemia da COVID-19.<\/p>\n<p>\u2013 Estrat\u00e9gias de resist\u00eancia e resili\u00eancia diante da pandemia.<\/p>\n<p>\u2013 Estrat\u00e9gias de (i)mobilidade no contexto da pandemia.<\/p>\n<p>\u2013 Pr\u00e1ticas solid\u00e1rias por parte da sociedade organizada junto a pessoas migrantes e refugiadas no contexto da pandemia.<\/p>\n<p>\u2013 Estado de emerg\u00eancia\/exce\u00e7\u00e3o, pol\u00edticas migrat\u00f3rias e suspens\u00e3o\/redu\u00e7\u00e3o de direitos de pessoas migrantes e refugiadas.<\/p>\n<p>O\u00a0<strong>n\u00famero 62\u00a0<\/strong>da Revista, de\u00a0<strong>agosto de 2021<\/strong>, incluir\u00e1 um dossi\u00ea sobre o tema: \u201c<strong>DI\u00c1SPORAS MIGRAT\u00d3RIAS<\/strong>\u201d (data limite para entrega dos artigos,\u00a0<strong>10 de abril de 2021<\/strong>).<\/p>\n<p>*************<\/p>\n<p>The\u00a0<strong>Issue n. 61\u00a0<\/strong>of the Journal (April 2021), will be published with a Dossier on<strong>\u00a0\u201cCOVID-19, State of emergency, and migration\u201d\u00a0<\/strong>(deadline for submission of articles,<strong>\u00a0January 10, 2021<\/strong>).<\/p>\n<p><strong>Some\u00a0of\u00a0the\u00a0topics\u00a0that\u00a0can\u00a0be\u00a0addressed<\/strong>:<br \/>\n\u2013 Migrant subjects (irregular, female and LGBT migrations) in the context of the COVID-19 pandemic.<br \/>\n\u2013\u00a0Strategies\u00a0of\u00a0resistance\u00a0and\u00a0resilience\u00a0in\u00a0the\u00a0face\u00a0of\u00a0the\u00a0pandemic.<br \/>\n\u2013\u00a0Strategies\u00a0for\u00a0(i)mobility\u00a0in\u00a0the\u00a0context\u00a0of\u00a0the\u00a0pandemic.<br \/>\n\u2013 Solidarity practices by organized society with migrant and refugee people in the context of the pandemic.<br \/>\n\u2013 State of emergency\/exception, migration policies and suspension\/reduction of the rights of migrants and refugees.<\/p>\n<p>The\u00a0<strong>Issue n. 62\u00a0<\/strong>of the Journal (August 2021), will be published with a Dossier on<strong>\u00a0\u201cMigratory Diasporas\u201d\u00a0<\/strong>(deadline for submission of articles,<strong>\u00a0April 10, 2021).<\/strong><\/p>\n<p>********<\/p>\n<p>El\u00a0<strong>n\u00famero 61<\/strong>\u00a0de la Revista, de\u00a0<strong>Abril de 2021<\/strong>, incluir\u00e1 un dossier sobre el tema:\u00a0<strong>\u201cEstado de emergencia,<\/strong><br \/>\n<strong>COVID-19 y migraciones\u201d<\/strong>\u00a0(fecha l\u00edmite para la entrega de los art\u00edculos,\u00a0<strong>10 de enero de 2021<\/strong>).<\/p>\n<p>Algunos de los temas que pueden abordarse:<br \/>\n\u2013 Sujetos migrantes (migraciones irregulares, femeninas y LGBT) en el contexto de la pandemia COVID-19.<br \/>\n\u2013 Estrategias de resistencia y resiliencia ante la pandemia.<br \/>\n\u2013 Estrategias de (i)movilidad en el contexto de la pandemia.<br \/>\n\u2013 Pr\u00e1cticas solidarias por parte de la sociedad organizada hacia personas migrantes y refugiadas en el contexto de la pandemia.<br \/>\n\u2013 Estado de emergencia\/excepci\u00f3n, pol\u00edticas de migraci\u00f3n y suspensi\u00f3n\/reducci\u00f3n de los derechos de las personas migrantes y refugiadas.<\/p>\n<p>El\u00a0<strong>n\u00famero 62<\/strong>\u00a0de la Revista, de\u00a0<strong>Agosto de 2021<\/strong>, incluir\u00e1 un dossier sobre el tema:\u00a0<strong>\u201cDi\u00e1sporas migratorias<\/strong><strong>\"<\/strong>\u00a0(fecha l\u00edmite para la entrega de los art\u00edculos,\u00a0<strong>10\u00a0de abril de 2021<\/strong>).<\/p>\n<\/div>","protected":false},"featured_media":18351,"parent":0,"template":"","categories":[46],"class_list":["post-18312","csem_em_foco","type-csem_em_foco","status-publish","has-post-thumbnail","hentry","category-46"],"acf":[],"_links":{"self":[{"href":"https:\/\/www.csem.org.br\/en\/wp-json\/wp\/v2\/csem_em_foco\/18312","targetHints":{"allow":["GET"]}}],"collection":[{"href":"https:\/\/www.csem.org.br\/en\/wp-json\/wp\/v2\/csem_em_foco"}],"about":[{"href":"https:\/\/www.csem.org.br\/en\/wp-json\/wp\/v2\/types\/csem_em_foco"}],"wp:featuredmedia":[{"embeddable":true,"href":"https:\/\/www.csem.org.br\/en\/wp-json\/wp\/v2\/media\/18351"}],"wp:attachment":[{"href":"https:\/\/www.csem.org.br\/en\/wp-json\/wp\/v2\/media?parent=18312"}],"wp:term":[{"taxonomy":"category","embeddable":true,"href":"https:\/\/www.csem.org.br\/en\/wp-json\/wp\/v2\/categories?post=18312"}],"curies":[{"name":"wp","href":"https:\/\/api.w.org\/{rel}","templated":true}]}}

<div class="post-content">
<p>A <strong>REMHU, Interdisciplinary Journal of Human Mobility</strong> (<a href="http://www.csem.org.br/en/remhu/">www.csem.org.br/remhu</a> or <a href="http://www.scielo.br/remhu" target="_blank" rel="noopener">www.scielo.br/remhu</a>), comunica que o <strong>número 61</strong> de<strong> Abril de 2021</strong> terá um Dossiê sobre o tema “<strong>COVID-19, Estado de emergência e migrações</strong>” (data limite para entrega dos artigos, <strong>10 de janeiro de 2021</strong>).</p>
<p>Alguns dos temas que podem ser abordados:</p>
<p>– Os sujeitos migrantes (migrações irregulares, femininas e LGBT) no contexto da pandemia da COVID-19.</p>
<p>– Estratégias de resistência e resiliência diante da pandemia.</p>
<p>– Estratégias de (i)mobilidade no contexto da pandemia.</p>
<p>– Práticas solidárias por parte da sociedade organizada junto a pessoas migrantes e refugiadas no contexto da pandemia.</p>
<p>– Estado de emergência/exceção, políticas migratórias e suspensão/redução de direitos de pessoas migrantes e refugiadas.</p>
<p>O <strong>número 62 </strong>da Revista, de <strong>agosto de 2021</strong>, incluirá um dossiê sobre o tema: “<strong>DIÁSPORAS MIGRATÓRIAS</strong>” (data limite para entrega dos artigos, <strong>10 de abril de 2021</strong>).</p>
<p>*************</p>
<p>The <strong>Issue n. 61 </strong>of the Journal (April 2021), will be published with a Dossier on<strong> “COVID-19, State of emergency, and migration” </strong>(deadline for submission of articles,<strong> January 10, 2021</strong>).</p>
<p><strong>Some of the topics that can be addressed</strong>:<br />
– Migrant subjects (irregular, female and LGBT migrations) in the context of the COVID-19 pandemic.<br />
– Strategies of resistance and resilience in the face of the pandemic.<br />
– Strategies for (i)mobility in the context of the pandemic.<br />
– Solidarity practices by organized society with migrant and refugee people in the context of the pandemic.<br />
– State of emergency/exception, migration policies and suspension/reduction of the rights of migrants and refugees.</p>
<p>The <strong>Issue n. 62 </strong>of the Journal (August 2021), will be published with a Dossier on<strong> “Migratory Diasporas” </strong>(deadline for submission of articles,<strong> April 10, 2021).</strong></p>
<p>********</p>
<p>El <strong>número 61</strong> de la Revista, de <strong>Abril de 2021</strong>, incluirá un dossier sobre el tema: <strong>“Estado de emergencia,</strong><br />
<strong>COVID-19 y migraciones”</strong> (fecha límite para la entrega de los artículos, <strong>10 de enero de 2021</strong>).</p>
<p>Algunos de los temas que pueden abordarse:<br />
– Sujetos migrantes (migraciones irregulares, femeninas y LGBT) en el contexto de la pandemia COVID-19.<br />
– Estrategias de resistencia y resiliencia ante la pandemia.<br />
– Estrategias de (i)movilidad en el contexto de la pandemia.<br />
– Prácticas solidarias por parte de la sociedad organizada hacia personas migrantes y refugiadas en el contexto de la pandemia.<br />
– Estado de emergencia/excepción, políticas de migración y suspensión/reducción de los derechos de las personas migrantes y refugiadas.</p>
<p>El <strong>número 62</strong> de la Revista, de <strong>Agosto de 2021</strong>, incluirá un dossier sobre el tema: <strong>“Diásporas migratorias</strong><strong>"</strong> (fecha límite para la entrega de los artículos, <strong>10 de abril de 2021</strong>).</p>
</div>
