{"id":14311,"date":"2016-04-06T10:43:55","date_gmt":"2016-04-06T13:43:55","guid":{"rendered":"https:\/\/www.csem.org.br\/?post_type=csem_em_foco&#038;p=14311"},"modified":"2023-07-21T16:25:02","modified_gmt":"2023-07-21T19:25:02","slug":"chamada-de-artigos-remhu-47","status":"publish","type":"csem_em_foco","link":"https:\/\/www.csem.org.br\/en\/csem_em_foco\/chamada-de-artigos-remhu-47\/","title":{"rendered":"Chamada de artigos REMHU 47"},"content":{"rendered":"<p class=\"ygrps-yiv-1008543602msonormal\" style=\"text-align: justify;\">A\u00a0<strong>REMHU, Interdisciplinary Journal of Human Mobility\u00a0<\/strong>(<a href=\"https:\/\/www.csem.org.br\/en\/remhu\/\">www.csem.org.br\/remhu<\/a>\u00a0or\u00a0<a href=\"http:\/\/www.scielo.br\/remhu\" target=\"_blank\" rel=\"noopener\">www.scielo.br\/remhu<\/a>), comunica que no segundo semestre de 2016 ser\u00e1 publicado o n. 47 da revista com um DOSSI\u00ca sobre o tema \u201c<strong>O protagonismo dos\/das migrantes<\/strong>\".<\/p>\n<p class=\"ygrps-yiv-1008543602msonormal\" style=\"text-align: justify;\">O objetivo do DOSSI\u00ca \u00e9 debater os temas da\u00a0<strong><em>agency<\/em><\/strong>, da\u00a0<strong>resili\u00eancia<\/strong>\u00a0do\/a migrante, a rela\u00e7\u00e3o entre sujei\u00e7\u00e3o e subjetiviza\u00e7\u00e3o no percurso migrat\u00f3rio: quais os fatores que promovem a\u00a0<em>agency<\/em>\u00a0e quais a inibem? No contexto em que milhares de pessoas fogem de guerras e viola\u00e7\u00f5es sistem\u00e1ticas de direitos humanos, pode-se ainda falar em \u201cprotagonismo\u201d dos migrantes? Existe uma a\u00e7\u00e3o coletiva de transforma\u00e7\u00e3o social por parte de grupos migrantes ou h\u00e1 apenas estrat\u00e9gias individuais de sobreviv\u00eancia? O ato migrat\u00f3rio fortalece ou prejudica a autonomia da mulher? De que maneira a presen\u00e7a protag\u00f4nica dos migrantes pode contribuir para a sociedade dos pa\u00edses de origem e de recep\u00e7\u00e3o?<\/p>\n<p class=\"ygrps-yiv-1008543602msonormal\" style=\"text-align: justify;\">Alguns exemplos de temas que podem ser abordados:<\/p>\n<ul style=\"text-align: justify;\">\n<li>Abordagens te\u00f3ricas sobre os temas da\u00a0<em>agency<\/em>\u00a0e da resili\u00eancia dos migrantes.<\/li>\n<li>Participa\u00e7\u00e3o c\u00edvica e pol\u00edtica dos migrantes<\/li>\n<li>Atos de protestos e greves<\/li>\n<li>Grupos organizados de reivindica\u00e7\u00e3o e promo\u00e7\u00e3o de direitos<\/li>\n<li>Associativismo e Comunidades migrantes no exterior<\/li>\n<li>Pr\u00e1ticas de resili\u00eancia e resist\u00eancia, individuais e coletivas, diante de situa\u00e7\u00f5es de explora\u00e7\u00e3o e discrimina\u00e7\u00e3o<\/li>\n<li>A migra\u00e7\u00e3o e a autonomia da mulher migrante<\/li>\n<li>O papel da sociedade de acolhida (ONGs, pastorais&#8230;) na promo\u00e7\u00e3o do protagonismo dos migrantes<\/li>\n<li>As TICs como instrumentos de organiza\u00e7\u00e3o de mobiliza\u00e7\u00f5es de migrantes<\/li>\n<li>O protagonismo dos migrantes no mundo da cultura e da economia (empresariado)<\/li>\n<li>&#8230;<\/li>\n<\/ul>\n<p class=\"ygrps-yiv-1008543602msonormal\" style=\"text-align: justify;\">Al\u00e9m do dossi\u00ea, a revista REMHU inclui tamb\u00e9m uma SE\u00c7\u00c3O ARTIGOS referente a\u00a0<strong>qualquer assunto relacionado com as migra\u00e7\u00f5es nacionais e internacionais<\/strong>: trabalhos para esta sec\u00e7\u00e3o podem ser submetidos para avalia\u00e7\u00e3o.<\/p>\n<p class=\"ygrps-yiv-1008543602msonormal\" style=\"text-align: justify;\">Todos os artigos devem ser enviados diretamente pelo site da revista\u00a0<a href=\"https:\/\/www.csem.org.br\/en\/remhu\/\">www.csem.org.br\/remhu<\/a>\u00a0until the day\u00a0<strong>30 de junho de 2016<\/strong>. As normas bibliogr\u00e1ficas que devem ser adotadas pelos autores e outras informa\u00e7\u00f5es encontram-se no site da REMHU (<a href=\"https:\/\/www.csem.org.br\/en\/remhu\/\">www.csem.org.br\/remhu<\/a>) or on the SciELO Collection website (<a href=\"http:\/\/www.scielo.br\/remhu\" target=\"_blank\" rel=\"noopener\">www.scielo.br\/remhu<\/a>). Para qualquer informa\u00e7\u00e3o ou d\u00favida entrar em contato no e-mail\u00a0<a href=\"mailto:remhu@csem.org.br\">remhu@csem.org.br<\/a>.<\/p>\n<p class=\"result-title\" style=\"text-align: center;\">*******************************************<\/p>\n<p style=\"text-align: justify;\">La\u00a0<strong>REMHU,<em>\u00a0Interdisciplinary Journal of Human Mobility<\/em>\u00a0<\/strong>(<a href=\"https:\/\/www.csem.org.br\/en\/remhu\/\" target=\"_blank\" rel=\"noopener\">www.csem.org.br\/remhu<\/a>\u00a0o\u00a0<a href=\"http:\/\/www.scielo.br\/remhu\" target=\"_blank\" rel=\"noopener\">www.scielo.br\/remhu<\/a>), comunica que en el segundo semestre de 2016 ser\u00e1 publicado el n. 47 de la revista con un n\u00famero tem\u00e1tico sobre\u00a0<strong>\u201cEl\u00a0protagonismo de los\/as migrantes<\/strong>\".<\/p>\n<p style=\"text-align: justify;\">El objetivo de este n\u00famero tem\u00e1tico es debatir los temas de la\u00a0<strong><em>agency<\/em><\/strong>, de la\u00a0<strong>resiliencia<\/strong>\u00a0del\/de la migrante, la relaci\u00f3n entre sujeci\u00f3n y subjetivizaci\u00f3n en el transcurso migratorio:\u00a0\u00bfcu\u00e1les son los factores que promueven la\u00a0<em>agency<\/em>\u00a0y cu\u00e1les la inhiben? En el contexto en que millares de personas huyen de guerras y violaciones sistem\u00e1ticas de derechos humanos,\u00a0\u00bfse\u00a0puede a\u00fan hablar de \u201cprotagonismo\u201d de los migrantes?\u00a0\u00bfExiste una acci\u00f3n colectiva de transformaci\u00f3n social por parte de grupos migrantes o hay apenas estrategias individuales de sobrevivencia?\u00a0\u00bfEl\u00a0acto migratorio fortalece o perjudica la autonom\u00eda de la mujer?\u00a0\u00bfDe qu\u00e9 manera la presencia protag\u00f3nica de los migrantes puede contribuir con la sociedad de los pa\u00edses de origen y de recepci\u00f3n?<\/p>\n<p style=\"text-align: justify;\">Algunos ejemplos de temas que pueden ser abordados:<\/p>\n<ul style=\"text-align: justify;\">\n<li>Abordajes te\u00f3ricas sobre los temas de la\u00a0<em>agency<\/em>\u00a0y de la resiliencia de los migrantes.<\/li>\n<li>Participaci\u00f3n c\u00edvica y pol\u00edtica de los migrantes<\/li>\n<li>Actos de protestas y huelgas<\/li>\n<li>Grupos organizados de reivindicaci\u00f3n y promoci\u00f3n de derechos<\/li>\n<li>Asociativismo y Comunidades migrantes en el exterior<\/li>\n<li>Pr\u00e1cticas de resiliencia y resistencia, individuales y colectivas, frente a situaciones de explotaci\u00f3n y discriminaci\u00f3n<\/li>\n<li>La migraci\u00f3n y la autonom\u00eda de la mujer\u00a0migrante<\/li>\n<li>El papel de la sociedad de acogida (ONGs, pastorales&#8230;) en la promoci\u00f3n del protagonismo de los migrantes<\/li>\n<li>Las TICs como instrumentos de organizaci\u00f3n de movilizaciones de migrantes<\/li>\n<li>El protagonismo de los migrantes en el mundo de la cultura y de la econom\u00eda (empresariado)<\/li>\n<li>&#8230;<\/li>\n<\/ul>\n<p style=\"text-align: justify;\">Adem\u00e1s del n\u00famero tem\u00e1tico, la revista REMHU incluye tambi\u00e9n una SECCI\u00d3N ART\u00cdCULOS referente a\u00a0<strong>cualquier asunto relacionado con las migraciones nacionales e internacionales<\/strong>: trabajos para esta secci\u00f3n pueden ser enviados para evaluaci\u00f3n.<\/p>\n<p style=\"text-align: justify;\">All articles must be sent directly via the journal's website\u00a0<a href=\"https:\/\/www.csem.org.br\/en\/remhu\/\" target=\"_blank\" rel=\"noopener\">www.csem.org.br\/remhu<\/a>\u00a0hasta\u00a0el d\u00eda\u00a0<strong>30 de junio de 2016<\/strong>. Las normas bibliogr\u00e1ficas que deben ser adoptadas por los autores y otras informaciones se encuentran en el portal de la REMHU (<a href=\"https:\/\/www.csem.org.br\/en\/remhu\/\" target=\"_blank\" rel=\"noopener\">www.csem.org.br\/remhu<\/a>) o en el de la Colecci\u00f3n SciELO (<a href=\"http:\/\/www.scielo.br\/remhu\" target=\"_blank\" rel=\"noopener\">www.scielo.br\/remhu<\/a>). Para cualquier informaci\u00f3n o duda entrar en contacto \u00a0por el \u00a0correo electr\u00f3nico\u00a0<a href=\"mailto:remhu@csem.org.br\">remhu@csem.org.br<\/a>.<\/p>\n<p class=\"result-title\" style=\"text-align: center;\">*******************************************<\/p>\n<p style=\"text-align: justify;\">The Issue No. 47 of the Revista Interdisciplinar da Mobilidade Humana (REMHU) will be published with a Dossier on \u201c<strong>The agency of migrants<\/strong>\".<\/p>\n<p style=\"text-align: justify;\">The goal of the DOSSIER is to discuss the issues of agency, of the migrant\u2019s resilience, the relationship between subjection and subjectivation in the migratory path: what factors that promote the agency and which inhibit it?\u00a0 In the context in which thousands of persons fleeing wars and systematic violations of human rights, can one still speak of the \u201cagency\u201d of migrants?<\/p>\n<p style=\"text-align: justify;\">Some examples of the topics that can be addressed:<\/p>\n<ul style=\"text-align: justify;\">\n<li>Theoretical approaches on the issues of agency and migrant\u2019s resilience<\/li>\n<li>Civil and political participation of the migrants<\/li>\n<li>Acts of protests and strikes<\/li>\n<li>Claim and promotion of rights of the organized groups<\/li>\n<li>Associativism and Migrant communities abroad<\/li>\n<li>Resilience and resistance practices, individual and collective, facing exploitation and discrimination situations.<\/li>\n<li>Migration and women&#8217;s autonomy<\/li>\n<li>The ICTs as instruments of organization of migrants mobilizations<\/li>\n<li>The role of the host society (ONG, pastoral\u2026) in the promotion of the role of migrants<\/li>\n<li>The role of migrants in the world of culture and economy (business community)<\/li>\n<li>\u2026<\/li>\n<\/ul>\n<p style=\"text-align: justify;\">The journal also contains\u00a0<strong>Articles Section<\/strong>\u00a0which provides a forum for any subject related to national and international migration. Works for this general section may also be submitted for evaluation.<\/p>\n<p style=\"text-align: justify;\">If you are interested in contributing to the journal, please send us a suggestion for a potential title for your submission. You may also write alongside other researchers as a\u00a0 co-authors.<\/p>\n<p style=\"text-align: justify;\">The deadline for submissions is on\u00a0<strong>June 30th, 2016<\/strong>. We appreciate your possible contribution to REMHU and wish you continued success in your research.<\/p>\n<p style=\"text-align: justify;\">","protected":false},"featured_media":0,"parent":0,"template":"","categories":[41],"class_list":["post-14311","csem_em_foco","type-csem_em_foco","status-publish","hentry","category-41"],"acf":[],"_links":{"self":[{"href":"https:\/\/www.csem.org.br\/en\/wp-json\/wp\/v2\/csem_em_foco\/14311","targetHints":{"allow":["GET"]}}],"collection":[{"href":"https:\/\/www.csem.org.br\/en\/wp-json\/wp\/v2\/csem_em_foco"}],"about":[{"href":"https:\/\/www.csem.org.br\/en\/wp-json\/wp\/v2\/types\/csem_em_foco"}],"wp:attachment":[{"href":"https:\/\/www.csem.org.br\/en\/wp-json\/wp\/v2\/media?parent=14311"}],"wp:term":[{"taxonomy":"category","embeddable":true,"href":"https:\/\/www.csem.org.br\/en\/wp-json\/wp\/v2\/categories?post=14311"}],"curies":[{"name":"wp","href":"https:\/\/api.w.org\/{rel}","templated":true}]}}

<p class="ygrps-yiv-1008543602msonormal" style="text-align: justify;">A <strong>REMHU, Interdisciplinary Journal of Human Mobility </strong>(<a href="https://www.csem.org.br/en/remhu/">www.csem.org.br/remhu</a> or <a href="http://www.scielo.br/remhu" target="_blank" rel="noopener">www.scielo.br/remhu</a>), comunica que no segundo semestre de 2016 será publicado o n. 47 da revista com um DOSSIÊ sobre o tema “<strong>O protagonismo dos/das migrantes</strong>".</p>
<p class="ygrps-yiv-1008543602msonormal" style="text-align: justify;">O objetivo do DOSSIÊ é debater os temas da <strong><em>agency</em></strong>, da <strong>resiliência</strong> do/a migrante, a relação entre sujeição e subjetivização no percurso migratório: quais os fatores que promovem a <em>agency</em> e quais a inibem? No contexto em que milhares de pessoas fogem de guerras e violações sistemáticas de direitos humanos, pode-se ainda falar em “protagonismo” dos migrantes? Existe uma ação coletiva de transformação social por parte de grupos migrantes ou há apenas estratégias individuais de sobrevivência? O ato migratório fortalece ou prejudica a autonomia da mulher? De que maneira a presença protagônica dos migrantes pode contribuir para a sociedade dos países de origem e de recepção?</p>
<p class="ygrps-yiv-1008543602msonormal" style="text-align: justify;">Alguns exemplos de temas que podem ser abordados:</p>
<ul style="text-align: justify;">
<li>Abordagens teóricas sobre os temas da <em>agency</em> e da resiliência dos migrantes.</li>
<li>Participação cívica e política dos migrantes</li>
<li>Atos de protestos e greves</li>
<li>Grupos organizados de reivindicação e promoção de direitos</li>
<li>Associativismo e Comunidades migrantes no exterior</li>
<li>Práticas de resiliência e resistência, individuais e coletivas, diante de situações de exploração e discriminação</li>
<li>A migração e a autonomia da mulher migrante</li>
<li>O papel da sociedade de acolhida (ONGs, pastorais&#8230;) na promoção do protagonismo dos migrantes</li>
<li>As TICs como instrumentos de organização de mobilizações de migrantes</li>
<li>O protagonismo dos migrantes no mundo da cultura e da economia (empresariado)</li>
<li>&#8230;</li>
</ul>
<p class="ygrps-yiv-1008543602msonormal" style="text-align: justify;">Além do dossiê, a revista REMHU inclui também uma SEÇÃO ARTIGOS referente a <strong>qualquer assunto relacionado com as migrações nacionais e internacionais</strong>: trabalhos para esta secção podem ser submetidos para avaliação.</p>
<p class="ygrps-yiv-1008543602msonormal" style="text-align: justify;">Todos os artigos devem ser enviados diretamente pelo site da revista <a href="https://www.csem.org.br/en/remhu/">www.csem.org.br/remhu</a> until the day <strong>30 de junho de 2016</strong>. As normas bibliográficas que devem ser adotadas pelos autores e outras informações encontram-se no site da REMHU (<a href="https://www.csem.org.br/en/remhu/">www.csem.org.br/remhu</a>) or on the SciELO Collection website (<a href="http://www.scielo.br/remhu" target="_blank" rel="noopener">www.scielo.br/remhu</a>). Para qualquer informação ou dúvida entrar em contato no e-mail <a href="mailto:remhu@csem.org.br">remhu@csem.org.br</a>.</p>
<p class="result-title" style="text-align: center;">*******************************************</p>
<p style="text-align: justify;">La <strong>REMHU,<em> Interdisciplinary Journal of Human Mobility</em> </strong>(<a href="https://www.csem.org.br/en/remhu/" target="_blank" rel="noopener">www.csem.org.br/remhu</a> o <a href="http://www.scielo.br/remhu" target="_blank" rel="noopener">www.scielo.br/remhu</a>), comunica que en el segundo semestre de 2016 será publicado el n. 47 de la revista con un número temático sobre <strong>“El protagonismo de los/as migrantes</strong>".</p>
<p style="text-align: justify;">El objetivo de este número temático es debatir los temas de la <strong><em>agency</em></strong>, de la <strong>resiliencia</strong> del/de la migrante, la relación entre sujeción y subjetivización en el transcurso migratorio: ¿cuáles son los factores que promueven la <em>agency</em> y cuáles la inhiben? En el contexto en que millares de personas huyen de guerras y violaciones sistemáticas de derechos humanos, ¿se puede aún hablar de “protagonismo” de los migrantes? ¿Existe una acción colectiva de transformación social por parte de grupos migrantes o hay apenas estrategias individuales de sobrevivencia? ¿El acto migratorio fortalece o perjudica la autonomía de la mujer? ¿De qué manera la presencia protagónica de los migrantes puede contribuir con la sociedad de los países de origen y de recepción?</p>
<p style="text-align: justify;">Algunos ejemplos de temas que pueden ser abordados:</p>
<ul style="text-align: justify;">
<li>Abordajes teóricas sobre los temas de la <em>agency</em> y de la resiliencia de los migrantes.</li>
<li>Participación cívica y política de los migrantes</li>
<li>Actos de protestas y huelgas</li>
<li>Grupos organizados de reivindicación y promoción de derechos</li>
<li>Asociativismo y Comunidades migrantes en el exterior</li>
<li>Prácticas de resiliencia y resistencia, individuales y colectivas, frente a situaciones de explotación y discriminación</li>
<li>La migración y la autonomía de la mujer migrante</li>
<li>El papel de la sociedad de acogida (ONGs, pastorales&#8230;) en la promoción del protagonismo de los migrantes</li>
<li>Las TICs como instrumentos de organización de movilizaciones de migrantes</li>
<li>El protagonismo de los migrantes en el mundo de la cultura y de la economía (empresariado)</li>
<li>&#8230;</li>
</ul>
<p style="text-align: justify;">Además del número temático, la revista REMHU incluye también una SECCIÓN ARTÍCULOS referente a <strong>cualquier asunto relacionado con las migraciones nacionales e internacionales</strong>: trabajos para esta sección pueden ser enviados para evaluación.</p>
<p style="text-align: justify;">All articles must be sent directly via the journal's website <a href="https://www.csem.org.br/en/remhu/" target="_blank" rel="noopener">www.csem.org.br/remhu</a> hasta el día <strong>30 de junio de 2016</strong>. Las normas bibliográficas que deben ser adoptadas por los autores y otras informaciones se encuentran en el portal de la REMHU (<a href="https://www.csem.org.br/en/remhu/" target="_blank" rel="noopener">www.csem.org.br/remhu</a>) o en el de la Colección SciELO (<a href="http://www.scielo.br/remhu" target="_blank" rel="noopener">www.scielo.br/remhu</a>). Para cualquier información o duda entrar en contacto  por el  correo electrónico <a href="mailto:remhu@csem.org.br">remhu@csem.org.br</a>.</p>
<p class="result-title" style="text-align: center;">*******************************************</p>
<p style="text-align: justify;">The Issue No. 47 of the Revista Interdisciplinar da Mobilidade Humana (REMHU) will be published with a Dossier on “<strong>The agency of migrants</strong>".</p>
<p style="text-align: justify;">The goal of the DOSSIER is to discuss the issues of agency, of the migrant’s resilience, the relationship between subjection and subjectivation in the migratory path: what factors that promote the agency and which inhibit it?  In the context in which thousands of persons fleeing wars and systematic violations of human rights, can one still speak of the “agency” of migrants?</p>
<p style="text-align: justify;">Some examples of the topics that can be addressed:</p>
<ul style="text-align: justify;">
<li>Theoretical approaches on the issues of agency and migrant’s resilience</li>
<li>Civil and political participation of the migrants</li>
<li>Acts of protests and strikes</li>
<li>Claim and promotion of rights of the organized groups</li>
<li>Associativism and Migrant communities abroad</li>
<li>Resilience and resistance practices, individual and collective, facing exploitation and discrimination situations.</li>
<li>Migration and women&#8217;s autonomy</li>
<li>The ICTs as instruments of organization of migrants mobilizations</li>
<li>The role of the host society (ONG, pastoral…) in the promotion of the role of migrants</li>
<li>The role of migrants in the world of culture and economy (business community)</li>
<li>…</li>
</ul>
<p style="text-align: justify;">The journal also contains <strong>Articles Section</strong> which provides a forum for any subject related to national and international migration. Works for this general section may also be submitted for evaluation.</p>
<p style="text-align: justify;">If you are interested in contributing to the journal, please send us a suggestion for a potential title for your submission. You may also write alongside other researchers as a  co-authors.</p>
<p style="text-align: justify;">The deadline for submissions is on <strong>June 30th, 2016</strong>. We appreciate your possible contribution to REMHU and wish you continued success in your research.</p>
<p style="text-align: justify;">
